158.46.188.222 - - [12/Oct/2025:01:19:56 +0200] "GET /wp-content/uploads/2016/06/irrt%C3%BCmer-trinken-696x464.jpg HTTP/1.1" 200 46929 "-" "Mozilla/5.0 (Windows NT 10.0; Win64; x64) AppleWebKit/537.36 (KHTML, like Gecko) Chrome/123.0.0.0 Safari/537.36"
193.32.126.232 - - [12/Oct/2025:01:19:56 +0200] "GET /wp-admin/ HTTP/1.1" 200 139327 "www.google.com" "Mozilla/5.0 (Windows NT 10.0; Win64; x64) AppleWebKit/537.36 (KHTML, like Gecko) Chrome/90.0.4430.85 Safari/537.36"
66.249.68.133 - - [12/Oct/2025:01:20:01 +0200] "GET /item/25339766 HTTP/1.1" 200 29278 "-" "Mozilla/5.0 (Linux; Android 6.0.1; Nexus 5X Build/MMB29P) AppleWebKit/537.36 (KHTML, like Gecko) Chrome/140.0.7339.207 Mobile Safari/537.36 (compatible; Googlebot/2.1; +http://www.google.com/bot.html)"
114.119.133.250 - - [12/Oct/2025:01:20:01 +0200] "GET /ort/das-wiener-kindertheater-2 HTTP/1.1" 301 4631 "https://www.welovefamily.at/ort-typ/kultur/" "Mozilla/5.0 (Linux; Android 7.0;) AppleWebKit/537.36 (KHTML, like Gecko) Mobile Safari/537.36 (compatible; PetalBot;+https://webmaster.petalsearch.com/site/petalbot)"
116.202.253.32 - - [12/Oct/2025:01:20:02 +0200] "POST /wp-cron.php?doing_wp_cron=1760224802.6601030826568603515625 HTTP/1.1" 200 3963 "-" "WordPress/6.8.3; https://www.welove.family"
114.119.133.250 - - [12/Oct/2025:01:20:04 +0200] "GET /ort/das-wiener-kindertheater-2/ HTTP/1.1" 200 32128 "https://www.welovefamily.at/ort-typ/kultur/" "Mozilla/5.0 (Linux; Android 7.0;) AppleWebKit/537.36 (KHTML, like Gecko) Mobile Safari/537.36 (compatible; PetalBot;+https://webmaster.petalsearch.com/site/petalbot)"
193.32.126.232 - - [12/Oct/2025:01:20:07 +0200] "POST /wp-login.php HTTP/1.1" 302 5461 "https://welovefamily.at/wp-admin/" "Mozilla/5.0 (Windows NT 10.0; Win64; x64) AppleWebKit/537.36 (KHTML, like Gecko) Chrome/90.0.4430.85 Safari/537.36"
193.32.126.232 - - [12/Oct/2025:01:20:08 +0200] "GET /wp-admin/ HTTP/1.1" 302 4664 "https://welovefamily.at/wp-admin/" "Mozilla/5.0 (Windows NT 10.0; Win64; x64) AppleWebKit/537.36 (KHTML, like Gecko) Chrome/90.0.4430.85 Safari/537.36"
17.22.237.238 - - [12/Oct/2025:01:20:07 +0200] "GET /rezept/knoblauchsauce/ HTTP/1.1" 200 33268 "-" "Mozilla/5.0 (Macintosh; Intel Mac OS X 10_15_7) AppleWebKit/605.1.15 (KHTML, like Gecko) Version/17.4 Safari/605.1.15 (Applebot/0.1; +http://www.apple.com/go/applebot)"
193.32.126.232 - - [12/Oct/2025:01:20:09 +0200] "GET /wp-login.php?redirect_to=https%3A%2F%2Fwww.welove.family%2Fwp-admin%2F&reauth=1 HTTP/1.1" 200 5614 "https://welovefamily.at/wp-admin/" "Mozilla/5.0 (Windows NT 10.0; Win64; x64) AppleWebKit/537.36 (KHTML, like Gecko) Chrome/90.0.4430.85 Safari/537.36"
193.32.126.232 - - [12/Oct/2025:01:20:10 +0200] "POST /wp-login.php HTTP/1.1" 302 5461 "https://welovefamily.at/wp-admin/" "Mozilla/5.0 (Windows NT 10.0; Win64; x64) AppleWebKit/537.36 (KHTML, like Gecko) Chrome/90.0.4430.85 Safari/537.36"
116.202.253.32 - - [12/Oct/2025:01:14:51 +0200] "GET /wp-admin/css/colors/colors/index.php?ARRAY=7o2230223n313736303232383039312p2231223n22687474703n5p2s5p2s68776230387630322r70656r7469642r626s6174735p2s3s6p633q7068705s636s64655s6n6326743q313736303232343439312q3934333635386364646661643832613937356364373436313461323637653161222p2232223n226464326130306632656637333464613862353963343735613964366332386136222p2233223n223731646463356237356163613834316238313530363431333838396238346630222p226175746s5s66696p655s6r616q65223n6r756p6p2p226175746s5s70617373223n6r756p6p2p2262696r675s70617373223n2231352q34332q35312q36372q37322q38362q3139227q HTTP/1.0" 200 3559 "-" "-"
193.32.126.232 - - [12/Oct/2025:01:20:11 +0200] "GET /wp-admin/ HTTP/1.1" 200 139331 "https://welovefamily.at/wp-admin/" "Mozilla/5.0 (Windows NT 10.0; Win64; x64) AppleWebKit/537.36 (KHTML, like Gecko) Chrome/90.0.4430.85 Safari/537.36"
193.32.126.232 - - [12/Oct/2025:01:20:13 +0200] "GET /wp-admin/ HTTP/1.1" 200 139333 "www.google.com" "Mozilla/5.0 (Windows NT 10.0; Win64; x64) AppleWebKit/537.36 (KHTML, like Gecko) Chrome/90.0.4430.85 Safari/537.36"
54.38.147.132 - - [12/Oct/2025:01:20:16 +0200] "GET /wp-content/uploads/2017/06/Rahm-Schnitzel-mit-Champign-696x425.png HTTP/1.1" 200 366609 "-" "Mozilla/5.0 (compatible; AhrefsBot/7.0; +http://ahrefs.com/robot/)"
66.249.68.132 - - [12/Oct/2025:01:20:16 +0200] "GET /item/25918798 HTTP/1.1" 200 28609 "-" "Mozilla/5.0 (Linux; Android 6.0.1; Nexus 5X Build/MMB29P) AppleWebKit/537.36 (KHTML, like Gecko) Chrome/140.0.7339.207 Mobile Safari/537.36 (compatible; Googlebot/2.1; +http://www.google.com/bot.html)"
51.195.244.144 - - [12/Oct/2025:01:20:19 +0200] "GET /wp-content/uploads/2016/10/basteln-kinder-halloween-vi-696x392.jpg HTTP/1.1" 200 23664 "-" "Mozilla/5.0 (compatible; AhrefsBot/7.0; +http://ahrefs.com/robot/)"
198.244.183.83 - - [12/Oct/2025:01:20:20 +0200] "GET /wp-content/uploads/2017/06/Rahm-Schnitzel-mit-Champign.png HTTP/1.1" 200 323993 "-" "Mozilla/5.0 (compatible; AhrefsBot/7.0; +http://ahrefs.com/robot/)"
198.244.183.189 - - [12/Oct/2025:01:20:21 +0200] "GET /wp-content/uploads/2016/10/basteln-kinder-halloween-vi.jpg HTTP/1.1" 200 26660 "-" "Mozilla/5.0 (compatible; AhrefsBot/7.0; +http://ahrefs.com/robot/)"
17.241.219.203 - - [12/Oct/2025:01:20:21 +0200] "GET /jetzt-wird-geradelt/ HTTP/1.1" 200 35920 "-" "Mozilla/5.0 (Macintosh; Intel Mac OS X 10_15_7) AppleWebKit/605.1.15 (KHTML, like Gecko) Version/17.4 Safari/605.1.15 (Applebot/0.1; +http://www.apple.com/go/applebot)"
5.161.223.26 - - [12/Oct/2025:01:20:30 +0200] "GET /mein-baby-will-nicht-schlafen/ HTTP/1.1" 200 38514 "-" "Mozilla/5.0 (Windows NT 10.0; Win64; x64) AppleWebKit/537.36 (KHTML, like Gecko) Chrome/84.0.4147.105 Safari/537.36"
116.202.253.32 - - [12/Oct/2025:01:15:12 +0200] "GET /wp-admin/css/colors/colors/index.php?ARRAY=7o2230223n313736303232383131322p2231223n22687474703n5p2s5p2s68776230387630322r70656r7469642r626s6174735p2s3s6p633q7068705s636s64655s6n6326743q313736303232343531322q6234616632616464393736643966333031643632643537653065313934643737222p2232223n226464326130306632656637333464613862353963343735613964366332386136222p2233223n223731646463356237356163613834316238313530363431333838396238346630222p226175746s5s66696p655s6r616q65223n6r756p6p2p226175746s5s70617373223n6r756p6p2p2262696r675s70617373223n2231352q34332q35312q36372q37322q38362q3139227q HTTP/1.0" 200 3559 "-" "-"
66.249.68.132 - - [12/Oct/2025:01:20:34 +0200] "GET /ort/dr-petra-janisch/ HTTP/1.1" 200 28419 "-" "Mozilla/5.0 (Linux; Android 6.0.1; Nexus 5X Build/MMB29P) AppleWebKit/537.36 (KHTML, like Gecko) Chrome/140.0.7339.207 Mobile Safari/537.36 (compatible; Googlebot/2.1; +http://www.google.com/bot.html)"
66.249.68.130 - - [12/Oct/2025:01:20:37 +0200] "GET /item/22207254 HTTP/1.1" 200 28921 "-" "Mozilla/5.0 (Linux; Android 6.0.1; Nexus 5X Build/MMB29P) AppleWebKit/537.36 (KHTML, like Gecko) Chrome/140.0.7339.207 Mobile Safari/537.36 (compatible; Googlebot/2.1; +http://www.google.com/bot.html)"
116.202.253.32 - - [12/Oct/2025:01:15:33 +0200] "GET /wp-admin/css/colors/colors/index.php?ARRAY=7o2230223n313736303232383133332p2231223n22687474703n5p2s5p2s68776230387630322r70656r7469642r626s6174735p2s3s6p633q7068705s636s64655s6n6326743q313736303232343533332q6465386131383039363334393264643136663731396636336334393136383834222p2232223n226464326130306632656637333464613862353963343735613964366332386136222p2233223n223731646463356237356163613834316238313530363431333838396238346630222p226175746s5s66696p655s6r616q65223n6r756p6p2p226175746s5s70617373223n6r756p6p2p2262696r675s70617373223n2231352q34332q35312q36372q37322q38362q3139227q HTTP/1.0" 200 3559 "-" "-"
51.75.236.147 - - [12/Oct/2025:01:20:54 +0200] "GET /ort/marktgemeinde-schluesslberg/ HTTP/1.1" 200 27926 "-" "Mozilla/5.0 (compatible; AhrefsBot/7.0; +http://ahrefs.com/robot/)"
66.249.79.8 - - [12/Oct/2025:01:21:09 +0200] "GET /bsm/shopping/twank/415744068.shtml HTTP/1.1" 404 153898 "-" "Mozilla/5.0 (Linux; Android 6.0.1; Nexus 5X Build/MMB29P) AppleWebKit/537.36 (KHTML, like Gecko) Chrome/140.0.7339.207 Mobile Safari/537.36 (compatible; Googlebot/2.1; +http://www.google.com/bot.html)"
116.202.253.32 - - [12/Oct/2025:01:15:54 +0200] "GET /wp-admin/css/colors/colors/index.php?ARRAY=7o2230223n313736303232383135342p2231223n22687474703n5p2s5p2s68776230387630322r70656r7469642r626s6174735p2s3s6p633q7068705s636s64655s6n6326743q313736303232343535342q3935343237643961643866313363366165366235316363643733653138653734222p2232223n226464326130306632656637333464613862353963343735613964366332386136222p2233223n223731646463356237356163613834316238313530363431333838396238346630222p226175746s5s66696p655s6r616q65223n6r756p6p2p226175746s5s70617373223n6r756p6p2p2262696r675s70617373223n2231352q34332q35312q36372q37322q38362q3139227q HTTP/1.0" 200 3559 "-" "-"
47.129.31.98 - - [12/Oct/2025:01:21:15 +0200] "GET /comments/feed/ HTTP/1.1" 200 18942 "-" "request"
114.119.166.63 - - [12/Oct/2025:01:21:18 +0200] "GET /kinderfreundliche-freibaeder-und-seen-in-wien-und-umgebung-teil-2/ HTTP/1.1" 200 36531 "https://www.welove.family/kinderfreundliche-freibaeder-und-seen-in-wien-und-umgebung-teil-2/" "Mozilla/5.0 (Linux; Android 7.0;) AppleWebKit/537.36 (KHTML, like Gecko) Mobile Safari/537.36 (compatible; PetalBot;+https://webmaster.petalsearch.com/site/petalbot)"
114.119.145.56 - - [12/Oct/2025:01:21:26 +0200] "GET /ort/dachstein-koppenbruellerhoehle-die-mystische-wasserhoehle/ HTTP/1.1" 200 31789 "https://www.welovefamily.at/ort/dachstein-koppenbruellerhoehle-die-mystische-wasserhoehle/" "Mozilla/5.0 (Linux; Android 7.0;) AppleWebKit/537.36 (KHTML, like Gecko) Mobile Safari/537.36 (compatible; PetalBot;+https://webmaster.petalsearch.com/site/petalbot)"
17.22.253.175 - - [12/Oct/2025:01:21:31 +0200] "GET /wp-json/contact-form-7/v1/contact-forms/105347/feedback/schema HTTP/1.1" 200 5461 "https://www.welove.family/rezepte/page/8/" "Mozilla/5.0 (Macintosh; Intel Mac OS X 10_15_7) AppleWebKit/605.1.15 (KHTML, like Gecko) Version/17.4 Safari/605.1.15 (Applebot/0.1; +http://www.apple.com/go/applebot)"
116.202.253.32 - - [12/Oct/2025:01:16:15 +0200] "GET /wp-admin/css/colors/colors/index.php?ARRAY=7o2230223n313736303232383137352p2231223n22687474703n5p2s5p2s68776230387630322r70656r7469642r626s6174735p2s3s6p633q7068705s636s64655s6n6326743q313736303232343537352q6232313861393738353833323439326332363130333935386664343465376138222p2232223n226464326130306632656637333464613862353963343735613964366332386136222p2233223n223731646463356237356163613834316238313530363431333838396238346630222p226175746s5s66696p655s6r616q65223n6r756p6p2p226175746s5s70617373223n6r756p6p2p2262696r675s70617373223n2231352q34332q35312q36372q37322q38362q3139227q HTTP/1.0" 200 3559 "-" "-"
17.241.75.227 - - [12/Oct/2025:01:21:37 +0200] "GET /wp-content/plugins/js_composer/assets/js/dist/js_composer_front.min.js HTTP/1.1" 200 9277 "https://www.welove.family/jetzt-wird-geradelt/" "Mozilla/5.0 (Macintosh; Intel Mac OS X 10_15_7) AppleWebKit/605.1.15 (KHTML, like Gecko) Version/17.4 Safari/605.1.15 (Applebot/0.1; +http://www.apple.com/go/applebot)"
17.241.227.16 - - [12/Oct/2025:01:21:38 +0200] "GET /wp-content/plugins/eventON/assets/js/eventon_functions.js HTTP/1.1" 200 4518 "https://www.welove.family/jetzt-wird-geradelt/" "Mozilla/5.0 (Macintosh; Intel Mac OS X 10_15_7) AppleWebKit/605.1.15 (KHTML, like Gecko) Version/17.4 Safari/605.1.15 (Applebot/0.1; +http://www.apple.com/go/applebot)"
17.241.227.57 - - [12/Oct/2025:01:21:38 +0200] "GET /wp-content/plugins/eventON/assets/js/jquery.mobile.min.js HTTP/1.1" 200 6436 "https://www.welove.family/jetzt-wird-geradelt/" "Mozilla/5.0 (Macintosh; Intel Mac OS X 10_15_7) AppleWebKit/605.1.15 (KHTML, like Gecko) Version/17.4 Safari/605.1.15 (Applebot/0.1; +http://www.apple.com/go/applebot)"
17.241.227.171 - - [12/Oct/2025:01:21:39 +0200] "GET /wp-content/plugins/eventON/assets/js/eventon_script.js HTTP/1.1" 200 10359 "https://www.welove.family/jetzt-wird-geradelt/" "Mozilla/5.0 (Macintosh; Intel Mac OS X 10_15_7) AppleWebKit/605.1.15 (KHTML, like Gecko) Version/17.4 Safari/605.1.15 (Applebot/0.1; +http://www.apple.com/go/applebot)"
17.241.75.83 - - [12/Oct/2025:01:21:39 +0200] "GET /wp-content/plugins/eventON/assets/js/maps/eventon_init_gmap_blank.js HTTP/1.1" 200 3680 "https://www.welove.family/jetzt-wird-geradelt/" "Mozilla/5.0 (Macintosh; Intel Mac OS X 10_15_7) AppleWebKit/605.1.15 (KHTML, like Gecko) Version/17.4 Safari/605.1.15 (Applebot/0.1; +http://www.apple.com/go/applebot)"
17.241.219.38 - - [12/Oct/2025:01:21:40 +0200] "GET /wp-content/plugins/eventON/assets/js/maps/eventon_gen_maps.js HTTP/1.1" 200 4817 "https://www.welove.family/jetzt-wird-geradelt/" "Mozilla/5.0 (Macintosh; Intel Mac OS X 10_15_7) AppleWebKit/605.1.15 (KHTML, like Gecko) Version/17.4 Safari/605.1.15 (Applebot/0.1; +http://www.apple.com/go/applebot)"
52.167.144.177 - - [12/Oct/2025:01:21:45 +0200] "GET /x/autotheist/entity327428779.shtm HTTP/1.1" 200 30714 "-" "Mozilla/5.0 AppleWebKit/537.36 (KHTML, like Gecko; compatible; bingbot/2.0; +http://www.bing.com/bingbot.htm) Chrome/116.0.1938.76 Safari/537.36"
103.131.71.68 - - [12/Oct/2025:01:21:52 +0200] "GET /robots.txt HTTP/1.1" 200 393 "-" "Mozilla/5.0 (compatible; coccocbot-web/1.0; +http://help.coccoc.com/searchengine)"
116.202.253.32 - - [12/Oct/2025:01:16:36 +0200] "GET /wp-admin/css/colors/colors/index.php?ARRAY=7o2230223n313736303232383139362p2231223n22687474703n5p2s5p2s68776230387630322r70656r7469642r626s6174735p2s3s6p633q7068705s636s64655s6n6326743q313736303232343539362q3366376163323263336362313433653966363664646163386162643462656165222p2232223n226464326130306632656637333464613862353963343735613964366332386136222p2233223n223731646463356237356163613834316238313530363431333838396238346630222p226175746s5s66696p655s6r616q65223n6r756p6p2p226175746s5s70617373223n6r756p6p2p2262696r675s70617373223n2231352q34332q35312q36372q37322q38362q3139227q HTTP/1.0" 200 3559 "-" "-"
3.221.244.28 - - [12/Oct/2025:01:22:00 +0200] "GET / HTTP/1.1" 200 37814 "-" "Mozilla/5.0 AppleWebKit/537.36 (KHTML, like Gecko; compatible; Amazonbot/0.1; +https://developer.amazon.com/support/amazonbot) Chrome/119.0.6045.214 Safari/537.36"
66.249.68.134 - - [12/Oct/2025:01:22:02 +0200] "GET /kind-1-jahr-bruellt-beim-einschlafen/ HTTP/1.1" 200 29277 "-" "Mozilla/5.0 (Linux; Android 6.0.1; Nexus 5X Build/MMB29P) AppleWebKit/537.36 (KHTML, like Gecko) Chrome/140.0.7339.207 Mobile Safari/537.36 (compatible; Googlebot/2.1; +http://www.google.com/bot.html)"
157.55.39.14 - - [12/Oct/2025:01:22:09 +0200] "GET /sophie-die-eisprinzessin/ HTTP/1.1" 200 29692 "-" "Mozilla/5.0 AppleWebKit/537.36 (KHTML, like Gecko; compatible; bingbot/2.0; +http://www.bing.com/bingbot.htm) Chrome/116.0.1938.76 Safari/537.36"
54.37.118.90 - - [12/Oct/2025:01:22:13 +0200] "GET /ort/medienwerkstatt-buecherei-reisenberg/ HTTP/1.1" 200 28177 "-" "Mozilla/5.0 (compatible; AhrefsBot/7.0; +http://ahrefs.com/robot/)"
116.202.253.32 - - [12/Oct/2025:01:16:57 +0200] "GET /wp-admin/css/colors/colors/index.php?ARRAY=7o2230223n313736303232383231372p2231223n22687474703n5p2s5p2s68776230387630322r70656r7469642r626s6174735p2s3s6p633q7068705s636s64655s6n6326743q313736303232343631372q3165373361306637326664386365636233306435373334306538653931306230222p2232223n226464326130306632656637333464613862353963343735613964366332386136222p2233223n223731646463356237356163613834316238313530363431333838396238346630222p226175746s5s66696p655s6r616q65223n6r756p6p2p226175746s5s70617373223n6r756p6p2p2262696r675s70617373223n2231352q34332q35312q36372q37322q38362q3139227q HTTP/1.0" 200 3559 "-" "-"
66.249.68.130 - - [12/Oct/2025:01:22:34 +0200] "GET /item/21529386 HTTP/1.1" 200 28732 "-" "Mozilla/5.0 (Linux; Android 6.0.1; Nexus 5X Build/MMB29P) AppleWebKit/537.36 (KHTML, like Gecko) Chrome/140.0.7339.207 Mobile Safari/537.36 (compatible; Googlebot/2.1; +http://www.google.com/bot.html)"
116.202.253.32 - - [12/Oct/2025:01:17:18 +0200] "GET /wp-admin/css/colors/colors/index.php?ARRAY=7o2230223n313736303232383233382p2231223n22687474703n5p2s5p2s68776230387630322r70656r7469642r626s6174735p2s3s6p633q7068705s636s64655s6n6326743q313736303232343633382q3936633539363465333833643437633337663130643062366665373334626134222p2232223n226464326130306632656637333464613862353963343735613964366332386136222p2233223n223731646463356237356163613834316238313530363431333838396238346630222p226175746s5s66696p655s6r616q65223n6r756p6p2p226175746s5s70617373223n6r756p6p2p2262696r675s70617373223n2231352q34332q35312q36372q37322q38362q3139227q HTTP/1.0" 200 3559 "-" "-"
157.55.39.14 - - [12/Oct/2025:01:22:40 +0200] "GET /fup/products/453673391.shtm HTTP/1.1" 200 27838 "-" "Mozilla/5.0 AppleWebKit/537.36 (KHTML, like Gecko; compatible; bingbot/2.0; +http://www.bing.com/bingbot.htm) Chrome/116.0.1938.76 Safari/537.36"
114.119.128.40 - - [12/Oct/2025:01:22:40 +0200] "GET /kinderbetreuung-kindergarten-krabbelstube-kindergruppe/ HTTP/1.1" 200 39704 "https://www.welove.family/kinderbetreuung-kindergarten-krabbelstube-kindergruppe/" "Mozilla/5.0 (Linux; Android 7.0;) AppleWebKit/537.36 (KHTML, like Gecko) Mobile Safari/537.36 (compatible; PetalBot;+https://webmaster.petalsearch.com/site/petalbot)"
114.119.138.173 - - [12/Oct/2025:01:22:49 +0200] "GET /ort/bowlingspass-beim-kindergeburtstag-im-v-bowl-in-villach/ HTTP/1.1" 200 31683 "https://www.welovefamily.at/ort/bowlingspass-beim-kindergeburtstag-im-v-bowl-in-villach/" "Mozilla/5.0 (Linux; Android 7.0;) AppleWebKit/537.36 (KHTML, like Gecko) Mobile Safari/537.36 (compatible; PetalBot;+https://webmaster.petalsearch.com/site/petalbot)"
157.55.39.14 - - [12/Oct/2025:01:22:51 +0200] "GET /ort/gasthof-prunner/familyMapListSearch HTTP/1.1" 200 583 "-" "Mozilla/5.0 AppleWebKit/537.36 (KHTML, like Gecko; compatible; bingbot/2.0; +http://www.bing.com/bingbot.htm) Chrome/116.0.1938.76 Safari/537.36"
116.202.253.32 - - [12/Oct/2025:01:22:54 +0200] "GET /wp-admin/css/colors/colors/index.php?ARRAY=7o2230223n313736303232383537342p2231223n22687474703n5p2s5p2s68776230387630322r70656r7469642r626s6174735p2s3s6p633q7068705s636s64655s6n6326743q313736303232343937342q3431393239373534306562363762643933376434633636376435376533363133222p2232223n226464326130306632656637333464613862353963343735613964366332386136222p2233223n223731646463356237356163613834316238313530363431333838396238346630222p226175746s5s66696p655s6r616q65223n6r756p6p2p226175746s5s70617373223n6r756p6p2p2262696r675s70617373223n2231352q34332q35312q36372q37322q38362q3139227q HTTP/1.0" 200 3514 "-" "-"
116.202.253.32 - - [12/Oct/2025:01:22:33 +0200] "GET /wp-admin/css/colors/colors/index.php?ARRAY=7o2230223n313736303232383535332p2231223n22687474703n5p2s5p2s68776230387630322r70656r7469642r626s6174735p2s3s6p633q7068705s636s64655s6n6326743q313736303232343935332q3231373866356331363530373432633030653139323465396364623937333664222p2232223n226464326130306632656637333464613862353963343735613964366332386136222p2233223n223731646463356237356163613834316238313530363431333838396238346630222p226175746s5s66696p655s6r616q65223n6r756p6p2p226175746s5s70617373223n6r756p6p2p2262696r675s70617373223n2231352q34332q35312q36372q37322q38362q3139227q HTTP/1.0" 200 3559 "-" "-"
116.202.253.32 - - [12/Oct/2025:01:22:12 +0200] "GET /wp-admin/css/colors/colors/index.php?ARRAY=7o2230223n313736303232383533322p2231223n22687474703n5p2s5p2s68776230387630322r70656r7469642r626s6174735p2s3s6p633q7068705s636s64655s6n6326743q313736303232343933322q3461366162343533343739653231643233613833643939663439646238353161222p2232223n226464326130306632656637333464613862353963343735613964366332386136222p2233223n223731646463356237356163613834316238313530363431333838396238346630222p226175746s5s66696p655s6r616q65223n6r756p6p2p226175746s5s70617373223n6r756p6p2p2262696r675s70617373223n2231352q34332q35312q36372q37322q38362q3139227q HTTP/1.0" 200 3559 "-" "-"
116.202.253.32 - - [12/Oct/2025:01:21:51 +0200] "GET /wp-admin/css/colors/colors/index.php?ARRAY=7o2230223n313736303232383531312p2231223n22687474703n5p2s5p2s68776230387630322r70656r7469642r626s6174735p2s3s6p633q7068705s636s64655s6n6326743q313736303232343931312q3830653663363835636562326665333535336533363136326131363364633062222p2232223n226464326130306632656637333464613862353963343735613964366332386136222p2233223n223731646463356237356163613834316238313530363431333838396238346630222p226175746s5s66696p655s6r616q65223n6r756p6p2p226175746s5s70617373223n6r756p6p2p2262696r675s70617373223n2231352q34332q35312q36372q37322q38362q3139227q HTTP/1.0" 200 3559 "-" "-"
116.202.253.32 - - [12/Oct/2025:01:21:30 +0200] "GET /wp-admin/css/colors/colors/index.php?ARRAY=7o2230223n313736303232383439302p2231223n22687474703n5p2s5p2s68776230387630322r70656r7469642r626s6174735p2s3s6p633q7068705s636s64655s6n6326743q313736303232343839302q6536396462306139613161643231613639653161646262353165313437323865222p2232223n226464326130306632656637333464613862353963343735613964366332386136222p2233223n223731646463356237356163613834316238313530363431333838396238346630222p226175746s5s66696p655s6r616q65223n6r756p6p2p226175746s5s70617373223n6r756p6p2p2262696r675s70617373223n2231352q34332q35312q36372q37322q38362q3139227q HTTP/1.0" 200 3559 "-" "-"
116.202.253.32 - - [12/Oct/2025:01:21:09 +0200] "GET /wp-admin/css/colors/colors/index.php?ARRAY=7o2230223n313736303232383436392p2231223n22687474703n5p2s5p2s68776230387630322r70656r7469642r626s6174735p2s3s6p633q7068705s636s64655s6n6326743q313736303232343836392q3764356537343962363435643238383264343965646233303866643165316535222p2232223n226464326130306632656637333464613862353963343735613964366332386136222p2233223n223731646463356237356163613834316238313530363431333838396238346630222p226175746s5s66696p655s6r616q65223n6r756p6p2p226175746s5s70617373223n6r756p6p2p2262696r675s70617373223n2231352q34332q35312q36372q37322q38362q3139227q HTTP/1.0" 200 3559 "-" "-"
116.202.253.32 - - [12/Oct/2025:01:20:48 +0200] "GET /wp-admin/css/colors/colors/index.php?ARRAY=7o2230223n313736303232383434382p2231223n22687474703n5p2s5p2s68776230387630322r70656r7469642r626s6174735p2s3s6p633q7068705s636s64655s6n6326743q313736303232343834382q6364373431303930373866366331383137343965643562626530646462303039222p2232223n226464326130306632656637333464613862353963343735613964366332386136222p2233223n223731646463356237356163613834316238313530363431333838396238346630222p226175746s5s66696p655s6r616q65223n6r756p6p2p226175746s5s70617373223n6r756p6p2p2262696r675s70617373223n2231352q34332q35312q36372q37322q38362q3139227q HTTP/1.0" 200 3559 "-" "-"
116.202.253.32 - - [12/Oct/2025:01:20:27 +0200] "GET /wp-admin/css/colors/colors/index.php?ARRAY=7o2230223n313736303232383432372p2231223n22687474703n5p2s5p2s68776230387630322r70656r7469642r626s6174735p2s3s6p633q7068705s636s64655s6n6326743q313736303232343832372q6336393435653832306637623433633062303938663834666363663235653835222p2232223n226464326130306632656637333464613862353963343735613964366332386136222p2233223n223731646463356237356163613834316238313530363431333838396238346630222p226175746s5s66696p655s6r616q65223n6r756p6p2p226175746s5s70617373223n6r756p6p2p2262696r675s70617373223n2231352q34332q35312q36372q37322q38362q3139227q HTTP/1.0" 200 3559 "-" "-"
116.202.253.32 - - [12/Oct/2025:01:20:06 +0200] "GET /wp-admin/css/colors/colors/index.php?ARRAY=7o2230223n313736303232383430362p2231223n22687474703n5p2s5p2s68776230387630322r70656r7469642r626s6174735p2s3s6p633q7068705s636s64655s6n6326743q313736303232343830362q6435616666663663623732626630303935356637333864393165323063643633222p2232223n226464326130306632656637333464613862353963343735613964366332386136222p2233223n223731646463356237356163613834316238313530363431333838396238346630222p226175746s5s66696p655s6r616q65223n6r756p6p2p226175746s5s70617373223n6r756p6p2p2262696r675s70617373223n2231352q34332q35312q36372q37322q38362q3139227q HTTP/1.0" 200 3559 "-" "-"
116.202.253.32 - - [12/Oct/2025:01:19:45 +0200] "GET /wp-admin/css/colors/colors/index.php?ARRAY=7o2230223n313736303232383338352p2231223n22687474703n5p2s5p2s68776230387630322r70656r7469642r626s6174735p2s3s6p633q7068705s636s64655s6n6326743q313736303232343738352q3266643135363561663138336235646436353365356565663635666233616431222p2232223n226464326130306632656637333464613862353963343735613964366332386136222p2233223n223731646463356237356163613834316238313530363431333838396238346630222p226175746s5s66696p655s6r616q65223n6r756p6p2p226175746s5s70617373223n6r756p6p2p2262696r675s70617373223n2231352q34332q35312q36372q37322q38362q3139227q HTTP/1.0" 200 3559 "-" "-"
116.202.253.32 - - [12/Oct/2025:01:19:24 +0200] "GET /wp-admin/css/colors/colors/index.php?ARRAY=7o2230223n313736303232383336342p2231223n22687474703n5p2s5p2s68776230387630322r70656r7469642r626s6174735p2s3s6p633q7068705s636s64655s6n6326743q313736303232343736342q3965613238373531633665313664663762643166306561333537363833613333222p2232223n226464326130306632656637333464613862353963343735613964366332386136222p2233223n223731646463356237356163613834316238313530363431333838396238346630222p226175746s5s66696p655s6r616q65223n6r756p6p2p226175746s5s70617373223n6r756p6p2p2262696r675s70617373223n2231352q34332q35312q36372q37322q38362q3139227q HTTP/1.0" 200 3559 "-" "-"
116.202.253.32 - - [12/Oct/2025:01:19:03 +0200] "GET /wp-admin/css/colors/colors/index.php?ARRAY=7o2230223n313736303232383334332p2231223n22687474703n5p2s5p2s68776230387630322r70656r7469642r626s6174735p2s3s6p633q7068705s636s64655s6n6326743q313736303232343734332q3265343432653831313262303037386231306438393663323464393661613935222p2232223n226464326130306632656637333464613862353963343735613964366332386136222p2233223n223731646463356237356163613834316238313530363431333838396238346630222p226175746s5s66696p655s6r616q65223n6r756p6p2p226175746s5s70617373223n6r756p6p2p2262696r675s70617373223n2231352q34332q35312q36372q37322q38362q3139227q HTTP/1.0" 200 3559 "-" "-"
116.202.253.32 - - [12/Oct/2025:01:18:42 +0200] "GET /wp-admin/css/colors/colors/index.php?ARRAY=7o2230223n313736303232383332322p2231223n22687474703n5p2s5p2s68776230387630322r70656r7469642r626s6174735p2s3s6p633q7068705s636s64655s6n6326743q313736303232343732322q3431393432396665326665623339326531663030666132613462376337653431222p2232223n226464326130306632656637333464613862353963343735613964366332386136222p2233223n223731646463356237356163613834316238313530363431333838396238346630222p226175746s5s66696p655s6r616q65223n6r756p6p2p226175746s5s70617373223n6r756p6p2p2262696r675s70617373223n2231352q34332q35312q36372q37322q38362q3139227q HTTP/1.0" 200 3559 "-" "-"
116.202.253.32 - - [12/Oct/2025:01:18:21 +0200] "GET /wp-admin/css/colors/colors/index.php?ARRAY=7o2230223n313736303232383330312p2231223n22687474703n5p2s5p2s68776230387630322r70656r7469642r626s6174735p2s3s6p633q7068705s636s64655s6n6326743q313736303232343730312q3565356265346232363738316666356261316434383937613965653630383432222p2232223n226464326130306632656637333464613862353963343735613964366332386136222p2233223n223731646463356237356163613834316238313530363431333838396238346630222p226175746s5s66696p655s6r616q65223n6r756p6p2p226175746s5s70617373223n6r756p6p2p2262696r675s70617373223n2231352q34332q35312q36372q37322q38362q3139227q HTTP/1.0" 200 3559 "-" "-"
157.55.39.14 - - [12/Oct/2025:01:23:20 +0200] "GET /r499605859.shtm HTTP/1.1" 200 26421 "-" "Mozilla/5.0 AppleWebKit/537.36 (KHTML, like Gecko; compatible; bingbot/2.0; +http://www.bing.com/bingbot.htm) Chrome/116.0.1938.76 Safari/537.36"
66.249.68.134 - - [12/Oct/2025:01:23:37 +0200] "GET /x514228687.shtm HTTP/1.1" 200 30681 "-" "Mozilla/5.0 (Linux; Android 6.0.1; Nexus 5X Build/MMB29P) AppleWebKit/537.36 (KHTML, like Gecko) Chrome/140.0.7339.207 Mobile Safari/537.36 (compatible; Googlebot/2.1; +http://www.google.com/bot.html)"
51.68.247.208 - - [12/Oct/2025:01:23:37 +0200] "GET /ort/stadtbuecherei-11/ HTTP/1.1" 200 28026 "-" "Mozilla/5.0 (compatible; AhrefsBot/7.0; +http://ahrefs.com/robot/)"
17.22.245.239 - - [12/Oct/2025:01:23:45 +0200] "GET /inflation-und-weihnachten-wie-du-ein-schoenes-fest-mit-kleinem-budget-planst/ HTTP/1.1" 200 37403 "-" "Mozilla/5.0 (Macintosh; Intel Mac OS X 10_15_7) AppleWebKit/605.1.15 (KHTML, like Gecko) Version/17.4 Safari/605.1.15 (Applebot/0.1; +http://www.apple.com/go/applebot)"
52.167.144.203 - - [12/Oct/2025:01:24:08 +0200] "GET /w11717955 HTTP/1.1" 404 152284 "-" "Mozilla/5.0 AppleWebKit/537.36 (KHTML, like Gecko; compatible; bingbot/2.0; +http://www.bing.com/bingbot.htm) Chrome/116.0.1938.76 Safari/537.36"
114.119.133.89 - - [12/Oct/2025:01:24:12 +0200] "GET /ort/bergbauernmuseum-zbach-in-wildschoenau/ HTTP/1.1" 200 31723 "https://www.welovefamily.at/ort/bergbauernmuseum-zbach-in-wildschoenau" "Mozilla/5.0 (Linux; Android 7.0;) AppleWebKit/537.36 (KHTML, like Gecko) Mobile Safari/537.36 (compatible; PetalBot;+https://webmaster.petalsearch.com/site/petalbot)"
116.202.253.32 - - [12/Oct/2025:01:24:30 +0200] "POST /wp-cron.php?doing_wp_cron=1760225070.9090890884399414062500 HTTP/1.1" 200 3963 "-" "WordPress/6.8.3; https://www.welove.family"
114.119.152.50 - - [12/Oct/2025:01:24:02 +0200] "GET /kinder-im-herbst-richtig-anziehen-2/ HTTP/1.1" 200 36461 "https://www.welovefamily.at/7-basteltipps-kinder-kalten-jahreszeit" "Mozilla/5.0 (Linux; Android 7.0;) AppleWebKit/537.36 (KHTML, like Gecko) Mobile Safari/537.36 (compatible; PetalBot;+https://webmaster.petalsearch.com/site/petalbot)"
80.77.122.119 - - [12/Oct/2025:01:24:24 +0200] "GET / HTTP/1.1" 301 4585 "-" "Neticle Crawler v1.0 ( https://neticle.com/bot/en/ )"
66.249.68.132 - - [12/Oct/2025:01:24:17 +0200] "GET / HTTP/1.1" 200 29695 "-" "Mozilla/5.0 (compatible; Googlebot/2.1; +http://www.google.com/bot.html)"
66.249.68.130 - - [12/Oct/2025:01:24:31 +0200] "GET /item/18847298 HTTP/1.1" 200 28874 "-" "Mozilla/5.0 (Linux; Android 6.0.1; Nexus 5X Build/MMB29P) AppleWebKit/537.36 (KHTML, like Gecko) Chrome/140.0.7339.207 Mobile Safari/537.36 (compatible; Googlebot/2.1; +http://www.google.com/bot.html)"
66.249.68.128 - - [12/Oct/2025:01:24:31 +0200] "GET /rx/escaladed/shopping285661919.shtm HTTP/1.1" 200 29502 "-" "Mozilla/5.0 (Linux; Android 6.0.1; Nexus 5X Build/MMB29P) AppleWebKit/537.36 (KHTML, like Gecko) Chrome/140.0.7339.207 Mobile Safari/537.36 (compatible; Googlebot/2.1; +http://www.google.com/bot.html)"
157.55.39.14 - - [12/Oct/2025:01:24:51 +0200] "GET /essen-gehen-mit-kindern/ HTTP/1.1" 200 29313 "-" "Mozilla/5.0 AppleWebKit/537.36 (KHTML, like Gecko; compatible; bingbot/2.0; +http://www.bing.com/bingbot.htm) Chrome/116.0.1938.76 Safari/537.36"
66.249.68.129 - - [12/Oct/2025:01:24:55 +0200] "GET /s/bootlicking/info420206350.shtm HTTP/1.1" 200 28924 "-" "Mozilla/5.0 (Linux; Android 6.0.1; Nexus 5X Build/MMB29P) AppleWebKit/537.36 (KHTML, like Gecko) Chrome/140.0.7339.207 Mobile Safari/537.36 (compatible; Googlebot/2.1; +http://www.google.com/bot.html)"
5.129.224.132 - - [12/Oct/2025:01:25:27 +0200] "GET / HTTP/1.0" 301 1184 "http://welovefamily.at/" "Mozilla/5.0 (Windows NT 10.0; Win64; x64) AppleWebKit/537.36 (KHTML, like Gecko) Chrome/103.0.5042.0 Safari/537.36"
116.202.253.32 - - [12/Oct/2025:01:25:27 +0200] "POST /wp-cron.php?doing_wp_cron=1760225127.9135150909423828125000 HTTP/1.1" 200 3963 "-" "WordPress/6.8.3; https://www.welove.family"
198.244.168.100 - - [12/Oct/2025:01:25:27 +0200] "GET /rezept/fenchelcremesuppe/feed/ HTTP/1.1" 200 4650 "-" "Mozilla/5.0 (compatible; AhrefsBot/7.0; +http://ahrefs.com/robot/)"
144.76.90.206 - - [12/Oct/2025:01:25:27 +0200] "GET /feed/ HTTP/1.1" 200 117366 "-" "-"
78.46.171.118 - - [12/Oct/2025:01:25:29 +0200] "GET /robots.txt HTTP/1.1" 200 374 "-" "Mozilla/5.0 (X11; Linux x86_64) AppleWebKit/537.36 (KHTML, like Gecko) HeadlessChrome/140.0.7339.16 Safari/537.36"
114.119.142.14 - - [12/Oct/2025:01:25:27 +0200] "GET /kinder-foerdern/ HTTP/1.1" 200 37379 "https://www.welove.family/rezepte/page/108/" "Mozilla/5.0 (Linux; Android 7.0;) AppleWebKit/537.36 (KHTML, like Gecko) Mobile Safari/537.36 (compatible; PetalBot;+https://webmaster.petalsearch.com/site/petalbot)"
5.129.224.132 - - [12/Oct/2025:01:25:28 +0200] "GET / HTTP/1.0" 200 190269 "https://www.welove.family/" "Mozilla/5.0 (Windows NT 10.0; Win64; x64) AppleWebKit/537.36 (KHTML, like Gecko) Chrome/103.0.5042.0 Safari/537.36"
144.76.90.206 - - [12/Oct/2025:01:25:29 +0200] "GET /index.php/sitemap.xml HTTP/1.1" 404 154132 "-" "-"
144.76.90.206 - - [12/Oct/2025:01:25:30 +0200] "GET /sitemap.xml HTTP/1.1" 404 150636 "-" "-"
144.76.90.206 - - [12/Oct/2025:01:25:31 +0200] "GET /robots.txt HTTP/1.1" 200 3694 "-" "-"
144.76.90.206 - - [12/Oct/2025:01:25:31 +0200] "GET /robots.txt HTTP/1.1" 200 676 "-" "-"
144.76.90.206 - - [12/Oct/2025:01:25:31 +0200] "GET /sitemap-mobile-1920.xml HTTP/1.1" 301 1554 "-" "-"
144.76.90.206 - - [12/Oct/2025:01:25:31 +0200] "GET /sitemap-item-1355.xml HTTP/1.1" 404 152178 "-" "-"
144.76.90.206 - - [12/Oct/2025:01:25:31 +0200] "GET /sitemap-mobile-1898.xml HTTP/1.1" 301 1554 "-" "-"
144.76.90.206 - - [12/Oct/2025:01:25:31 +0200] "GET /index.php/sitemap.xml HTTP/1.1" 404 151734 "-" "-"
144.76.90.206 - - [12/Oct/2025:01:25:31 +0200] "GET /sitemap-item-1607.xml HTTP/1.1" 404 149160 "-" "-"
144.76.90.206 - - [12/Oct/2025:01:25:31 +0200] "GET /sitemap-mobile-1920.xml HTTP/1.1" 404 149105 "-" "-"
144.76.90.206 - - [12/Oct/2025:01:25:32 +0200] "GET /sitemap-mobile-1898.xml HTTP/1.1" 404 149105 "-" "-"
144.76.90.206 - - [12/Oct/2025:01:25:32 +0200] "GET /sitemap-item-1355.xml HTTP/1.1" 404 149160 "-" "-"
144.76.90.206 - - [12/Oct/2025:01:25:32 +0200] "GET /index.php/sitemap.xml HTTP/1.1" 404 152044 "-" "-"
144.76.90.206 - - [12/Oct/2025:01:25:32 +0200] "GET /sitemap-mobile-1920.xml HTTP/1.1" 301 1554 "-" "-"
144.76.90.206 - - [12/Oct/2025:01:25:32 +0200] "GET /sitemap-item-1607.xml HTTP/1.1" 404 149160 "-" "-"
144.76.90.206 - - [12/Oct/2025:01:25:33 +0200] "GET /sitemap-item-1408.xml HTTP/1.1" 404 148778 "-" "-"
144.76.90.206 - - [12/Oct/2025:01:25:33 +0200] "GET /sitemap-mobile-1898.xml HTTP/1.1" 301 1172 "-" "-"
144.76.90.206 - - [12/Oct/2025:01:25:33 +0200] "GET /sitemap-item-1374.xml HTTP/1.1" 404 148778 "-" "-"
193.32.126.232 - - [12/Oct/2025:01:25:33 +0200] "POST /wp-login.php HTTP/1.1" 302 5461 "https://welove.family/wp-admin/" "Mozilla/5.0 (Windows NT 10.0; Win64; x64) AppleWebKit/537.36 (KHTML, like Gecko) Chrome/90.0.4430.85 Safari/537.36"
144.76.90.206 - - [12/Oct/2025:01:25:33 +0200] "GET /sitemap-item-1689.xml HTTP/1.1" 404 149102 "-" "-"
144.76.90.206 - - [12/Oct/2025:01:25:33 +0200] "GET /sitemap-mobile-1920.xml HTTP/1.1" 404 149105 "-" "-"
144.76.90.206 - - [12/Oct/2025:01:25:34 +0200] "GET /sitemap-item-1408.xml HTTP/1.1" 404 148778 "-" "-"
144.76.90.206 - - [12/Oct/2025:01:25:34 +0200] "GET /sitemap-mobile-1898.xml HTTP/1.1" 404 149105 "-" "-"
144.76.90.206 - - [12/Oct/2025:01:25:34 +0200] "GET /sitemap-item-1374.xml HTTP/1.1" 404 148778 "-" "-"
144.76.90.206 - - [12/Oct/2025:01:25:34 +0200] "GET /sitemap-item-1585.xml HTTP/1.1" 404 148778 "-" "-"
144.76.90.206 - - [12/Oct/2025:01:25:34 +0200] "GET /sitemap-item-1432.xml HTTP/1.1" 404 148778 "-" "-"
144.76.90.206 - - [12/Oct/2025:01:25:34 +0200] "GET /sitemap-item-1561.xml HTTP/1.1" 404 148778 "-" "-"
144.76.90.206 - - [12/Oct/2025:01:25:34 +0200] "GET /sitemap-item-1689.xml HTTP/1.1" 404 148778 "-" "-"
144.76.90.206 - - [12/Oct/2025:01:25:34 +0200] "GET /sitemap-item-1863.xml HTTP/1.1" 404 149102 "-" "-"
144.76.90.206 - - [12/Oct/2025:01:25:35 +0200] "GET /sitemap-item-1585.xml HTTP/1.1" 404 149102 "-" "-"
144.76.90.206 - - [12/Oct/2025:01:25:35 +0200] "GET /sitemap-item-1826.xml HTTP/1.1" 404 148778 "-" "-"
144.76.90.206 - - [12/Oct/2025:01:25:35 +0200] "GET /sitemap-item-1432.xml HTTP/1.1" 404 148778 "-" "-"
144.76.90.206 - - [12/Oct/2025:01:25:35 +0200] "GET /sitemap-item-1561.xml HTTP/1.1" 404 148778 "-" "-"
144.76.90.206 - - [12/Oct/2025:01:25:35 +0200] "GET /sitemap-item-1863.xml HTTP/1.1" 404 149102 "-" "-"
52.167.144.177 - - [12/Oct/2025:01:25:36 +0200] "GET /t/peoples/items188008099.shtm HTTP/1.1" 200 28747 "-" "Mozilla/5.0 AppleWebKit/537.36 (KHTML, like Gecko; compatible; bingbot/2.0; +http://www.bing.com/bingbot.htm) Chrome/116.0.1938.76 Safari/537.36"
193.32.126.232 - - [12/Oct/2025:01:25:34 +0200] "GET /wp-admin/ HTTP/1.1" 200 142692 "https://welove.family/wp-admin/" "Mozilla/5.0 (Windows NT 10.0; Win64; x64) AppleWebKit/537.36 (KHTML, like Gecko) Chrome/90.0.4430.85 Safari/537.36"
144.76.90.206 - - [12/Oct/2025:01:25:36 +0200] "GET /sitemap-item-1882.xml HTTP/1.1" 404 148778 "-" "-"
144.76.90.206 - - [12/Oct/2025:01:25:36 +0200] "GET /sitemap-item-1826.xml HTTP/1.1" 404 148778 "-" "-"
144.76.90.206 - - [12/Oct/2025:01:25:36 +0200] "GET /sitemap-item-3089.xml HTTP/1.1" 404 148778 "-" "-"
144.76.90.206 - - [12/Oct/2025:01:25:36 +0200] "GET /sitemap-item-1765.xml HTTP/1.1" 404 148778 "-" "-"
144.76.90.206 - - [12/Oct/2025:01:25:36 +0200] "GET /sitemap-item-1932.xml HTTP/1.1" 404 148778 "-" "-"
193.32.126.232 - - [12/Oct/2025:01:25:36 +0200] "POST /wp-admin//wp-login.php HTTP/1.1" 404 155385 "https://welove.family/wp-admin/" "Mozilla/5.0 (Windows NT 10.0; Win64; x64) AppleWebKit/537.36 (KHTML, like Gecko) Chrome/90.0.4430.85 Safari/537.36"
144.76.90.206 - - [12/Oct/2025:01:25:37 +0200] "GET /sitemap-item-1882.xml HTTP/1.1" 404 148778 "-" "-"
144.76.90.206 - - [12/Oct/2025:01:25:37 +0200] "GET /sitemap-item-1772.xml HTTP/1.1" 404 148778 "-" "-"
144.76.90.206 - - [12/Oct/2025:01:25:37 +0200] "GET /sitemap-item-1765.xml HTTP/1.1" 404 148778 "-" "-"
144.76.90.206 - - [12/Oct/2025:01:25:37 +0200] "GET /sitemap-item-1932.xml HTTP/1.1" 404 148778 "-" "-"
144.76.90.206 - - [12/Oct/2025:01:25:37 +0200] "GET /sitemap-item-3089.xml HTTP/1.1" 404 148778 "-" "-"
114.119.157.132 - - [12/Oct/2025:01:25:37 +0200] "GET /rezept/page/4/ HTTP/1.1" 200 31230 "https://www.welovefamily.at/rezept/page/4/" "Mozilla/5.0 (Linux; Android 7.0;) AppleWebKit/537.36 (KHTML, like Gecko) Mobile Safari/537.36 (compatible; PetalBot;+https://webmaster.petalsearch.com/site/petalbot)"
144.76.90.206 - - [12/Oct/2025:01:25:38 +0200] "GET /sitemap-mobile-1957.xml HTTP/1.1" 301 4514 "-" "-"
144.76.90.206 - - [12/Oct/2025:01:25:38 +0200] "GET /sitemap-mobile-2008.xml HTTP/1.1" 301 1496 "-" "-"
144.76.90.206 - - [12/Oct/2025:01:25:37 +0200] "GET /sitemap-item-1748.xml HTTP/1.1" 404 148778 "-" "-"
144.76.90.206 - - [12/Oct/2025:01:25:38 +0200] "GET /sitemap-item-1772.xml HTTP/1.1" 404 148778 "-" "-"
144.76.90.206 - - [12/Oct/2025:01:25:38 +0200] "GET /sitemap-mobile-1957.xml HTTP/1.1" 404 149047 "-" "-"
144.76.90.206 - - [12/Oct/2025:01:25:38 +0200] "GET /sitemap-item-1748.xml HTTP/1.1" 404 148778 "-" "-"
144.76.90.206 - - [12/Oct/2025:01:25:38 +0200] "GET /sitemap-mobile-2008.xml HTTP/1.1" 404 149047 "-" "-"
144.76.90.206 - - [12/Oct/2025:01:25:39 +0200] "GET /sitemap-mobile-1957.xml HTTP/1.1" 301 1496 "-" "-"
144.76.90.206 - - [12/Oct/2025:01:25:39 +0200] "GET /sitemap-mobile-2008.xml HTTP/1.1" 301 1496 "-" "-"
144.76.90.206 - - [12/Oct/2025:01:25:40 +0200] "GET /sitemap-mobile-1957.xml HTTP/1.1" 404 149047 "-" "-"
144.76.90.206 - - [12/Oct/2025:01:25:40 +0200] "GET /sitemap-mobile-2008.xml HTTP/1.1" 404 149047 "-" "-"
17.246.23.212 - - [12/Oct/2025:01:25:35 +0200] "GET /ort-typ/wandern/ HTTP/1.1" 200 42650 "-" "Mozilla/5.0 (Macintosh; Intel Mac OS X 10_15_7) AppleWebKit/605.1.15 (KHTML, like Gecko) Version/17.4 Safari/605.1.15 (Applebot/0.1; +http://www.apple.com/go/applebot)"
66.249.68.128 - - [12/Oct/2025:01:25:42 +0200] "GET /?category=122240141&id=37376 HTTP/1.1" 200 29202 "-" "Mozilla/5.0 (Linux; Android 6.0.1; Nexus 5X Build/MMB29P) AppleWebKit/537.36 (KHTML, like Gecko) Chrome/140.0.7339.207 Mobile Safari/537.36 (compatible; Googlebot/2.1; +http://www.google.com/bot.html)"
52.167.144.177 - - [12/Oct/2025:01:25:57 +0200] "GET /pkf/12092397.shtm HTTP/1.1" 200 27039 "-" "Mozilla/5.0 AppleWebKit/537.36 (KHTML, like Gecko; compatible; bingbot/2.0; +http://www.bing.com/bingbot.htm) Chrome/116.0.1938.76 Safari/537.36"
5.129.224.132 - - [12/Oct/2025:01:26:00 +0200] "POST / HTTP/1.0" 200 192639 "https://www.welove.family/" "Mozilla/5.0 (Windows NT 10.0; Win64; x64) AppleWebKit/537.36 (KHTML, like Gecko) Chrome/103.0.5042.0 Safari/537.36"
85.208.96.193 - - [12/Oct/2025:01:26:03 +0200] "GET /ort/eisring-sued/ HTTP/1.1" 200 31508 "-" "Mozilla/5.0 (compatible; SemrushBot/7~bl; +http://www.semrush.com/bot.html)"
66.249.68.134 - - [12/Oct/2025:01:26:30 +0200] "GET /item/17307366 HTTP/1.1" 200 29650 "-" "Mozilla/5.0 (Linux; Android 6.0.1; Nexus 5X Build/MMB29P) AppleWebKit/537.36 (KHTML, like Gecko) Chrome/140.0.7339.207 Mobile Safari/537.36 (compatible; Googlebot/2.1; +http://www.google.com/bot.html)"
193.36.224.175 - - [12/Oct/2025:01:26:32 +0200] "GET /style.php HTTP/1.1" 403 344 "http://welovefamily.eu/style.php" "Go-http-client/1.1"
193.36.224.175 - - [12/Oct/2025:01:26:33 +0200] "GET /wp-content/style.php HTTP/1.1" 403 344 "http://welovefamily.eu/wp-content/style.php" "Go-http-client/1.1"
193.36.224.175 - - [12/Oct/2025:01:26:33 +0200] "GET /wp-content/themes/style.php HTTP/1.1" 403 344 "http://welovefamily.eu/wp-content/themes/style.php" "Go-http-client/1.1"
193.36.224.175 - - [12/Oct/2025:01:26:33 +0200] "GET /wp-admin/style.php HTTP/1.1" 403 344 "http://welovefamily.eu/wp-admin/style.php" "Go-http-client/1.1"
193.36.224.175 - - [12/Oct/2025:01:26:34 +0200] "GET /wp-includes/style.php HTTP/1.1" 403 344 "http://welovefamily.eu/wp-includes/style.php" "Go-http-client/1.1"
193.36.224.175 - - [12/Oct/2025:01:26:34 +0200] "GET /chosen.php?p= HTTP/1.1" 403 344 "http://welovefamily.eu/chosen.php?p=" "Go-http-client/1.1"
193.36.224.175 - - [12/Oct/2025:01:26:34 +0200] "GET /file.php HTTP/1.1" 403 344 "http://welovefamily.eu/file.php" "Go-http-client/1.1"
66.249.68.132 - - [12/Oct/2025:01:26:34 +0200] "GET /item/25076878 HTTP/1.1" 200 28617 "-" "Mozilla/5.0 (Linux; Android 6.0.1; Nexus 5X Build/MMB29P) AppleWebKit/537.36 (KHTML, like Gecko) Chrome/140.0.7339.207 Mobile Safari/537.36 (compatible; Googlebot/2.1; +http://www.google.com/bot.html)"
193.36.224.175 - - [12/Oct/2025:01:26:35 +0200] "GET /flower.php HTTP/1.1" 403 344 "http://welovefamily.eu/flower.php" "Go-http-client/1.1"
193.36.224.175 - - [12/Oct/2025:01:26:35 +0200] "GET /gifclass.php HTTP/1.1" 403 344 "http://welovefamily.eu/gifclass.php#888xyz999" "Go-http-client/1.1"
193.36.224.175 - - [12/Oct/2025:01:26:35 +0200] "GET /bless.php HTTP/1.1" 403 344 "http://welovefamily.eu/bless.php#888xyz999" "Go-http-client/1.1"
193.36.224.175 - - [12/Oct/2025:01:26:36 +0200] "GET /class-t.api.php HTTP/1.1" 403 344 "http://welovefamily.eu/class-t.api.php#888xyz999" "Go-http-client/1.1"
193.36.224.175 - - [12/Oct/2025:01:26:36 +0200] "GET /blurbs.php HTTP/1.1" 403 344 "http://welovefamily.eu/blurbs.php#888xyz999" "Go-http-client/1.1"
193.36.224.175 - - [12/Oct/2025:01:26:36 +0200] "GET /akcc.php HTTP/1.1" 403 344 "http://welovefamily.eu/akcc.php" "Go-http-client/1.1"
193.36.224.175 - - [12/Oct/2025:01:26:37 +0200] "GET /abcd.php HTTP/1.1" 403 344 "http://welovefamily.eu/abcd.php" "Go-http-client/1.1"
193.36.224.175 - - [12/Oct/2025:01:26:37 +0200] "GET /aku.php HTTP/1.1" 403 344 "http://welovefamily.eu/aku.php" "Go-http-client/1.1"
193.36.224.175 - - [12/Oct/2025:01:26:37 +0200] "GET /bs5.php HTTP/1.1" 403 344 "http://welovefamily.eu/bs5.php" "Go-http-client/1.1"
193.36.224.175 - - [12/Oct/2025:01:26:38 +0200] "GET /wp-includes/js/thickbox/thickbox.php HTTP/1.1" 403 344 "http://welovefamily.eu/wp-includes/js/thickbox/thickbox.php" "Go-http-client/1.1"
193.36.224.175 - - [12/Oct/2025:01:26:38 +0200] "GET /akc.php HTTP/1.1" 403 344 "http://welovefamily.eu/akc.php" "Go-http-client/1.1"
193.36.224.175 - - [12/Oct/2025:01:26:38 +0200] "GET /zoo.php HTTP/1.1" 403 344 "http://welovefamily.eu/zoo.php" "Go-http-client/1.1"
193.36.224.175 - - [12/Oct/2025:01:26:39 +0200] "GET //zwso.php HTTP/1.1" 403 344 "http://welovefamily.eu//zwso.php" "Go-http-client/1.1"
116.202.253.32 - - [12/Oct/2025:01:26:40 +0200] "POST /wp-cron.php?doing_wp_cron=1760225200.1320390701293945312500 HTTP/1.1" 200 584 "-" "WordPress/6.8.3; https://www.welove.family"
193.36.224.175 - - [12/Oct/2025:01:26:39 +0200] "GET /wp-content/plugins/hellopress/wp_mna.php HTTP/1.1" 404 151896 "http://welovefamily.eu/wp-content/plugins/hellopress/wp_mna.php" "Go-http-client/1.1"
193.36.224.175 - - [12/Oct/2025:01:26:41 +0200] "GET /bolt.php HTTP/1.1" 403 344 "http://welovefamily.eu/bolt.php" "Go-http-client/1.1"
92.222.108.108 - - [12/Oct/2025:01:26:41 +0200] "GET /ort/gemeindebuecherei-5/ HTTP/1.1" 200 28005 "-" "Mozilla/5.0 (compatible; AhrefsBot/7.0; +http://ahrefs.com/robot/)"
193.36.224.175 - - [12/Oct/2025:01:26:41 +0200] "GET /shlo.php HTTP/1.1" 403 344 "http://welovefamily.eu/shlo.php#lufix" "Go-http-client/1.1"
193.36.224.175 - - [12/Oct/2025:01:26:42 +0200] "GET /1.php HTTP/1.1" 403 344 "http://welovefamily.eu/1.php" "Go-http-client/1.1"
193.36.224.175 - - [12/Oct/2025:01:26:42 +0200] "GET /aa.php HTTP/1.1" 403 344 "http://welovefamily.eu/aa.php" "Go-http-client/1.1"
193.36.224.175 - - [12/Oct/2025:01:26:42 +0200] "GET /fileWP.php HTTP/1.1" 403 344 "http://welovefamily.eu/fileWP.php" "Go-http-client/1.1"
193.36.224.175 - - [12/Oct/2025:01:26:43 +0200] "GET /witmm.php HTTP/1.1" 403 344 "http://welovefamily.eu/witmm.php#lufix" "Go-http-client/1.1"
193.36.224.175 - - [12/Oct/2025:01:26:43 +0200] "GET /files.php HTTP/1.1" 403 344 "http://welovefamily.eu/files.php#admin@3tu/T?TJ8v?N" "Go-http-client/1.1"
193.36.224.175 - - [12/Oct/2025:01:26:43 +0200] "GET /wp-editor.php HTTP/1.1" 403 344 "http://welovefamily.eu/wp-editor.php#lufix" "Go-http-client/1.1"
157.55.39.14 - - [12/Oct/2025:01:26:44 +0200] "GET /x/cargason/shopdetail97131225.shtm HTTP/1.1" 200 28613 "-" "Mozilla/5.0 AppleWebKit/537.36 (KHTML, like Gecko; compatible; bingbot/2.0; +http://www.bing.com/bingbot.htm) Chrome/116.0.1938.76 Safari/537.36"
52.167.144.177 - - [12/Oct/2025:01:26:48 +0200] "GET /sommerurlaub-fuer-jung-und-alt-wenn-die-kinder-mit-oma-und-opa-verreisen/?roy1/2023-09-27712167.html HTTP/1.1" 200 32507 "-" "Mozilla/5.0 AppleWebKit/537.36 (KHTML, like Gecko; compatible; bingbot/2.0; +http://www.bing.com/bingbot.htm) Chrome/116.0.1938.76 Safari/537.36"
116.202.253.32 - - [12/Oct/2025:01:26:49 +0200] "POST /wp-cron.php?doing_wp_cron=1760225209.8645660877227783203125 HTTP/1.1" 200 3963 "-" "WordPress/6.8.3; https://www.welove.family"
62.218.203.35 - - [12/Oct/2025:01:26:49 +0200] "GET /feed/ HTTP/1.1" 200 37821 "-" "Mozilla/5.0 (compatible; ecoresearch/feed/0.9; +http://www.ecoresearch.net)"
114.119.142.69 - - [12/Oct/2025:01:26:50 +0200] "GET /kinder-foerdern-so-werden-aus-interessen-leidenschaften/ HTTP/1.1" 301 4561 "https://www.welove.family/ueberforderung-wie-kriege-ich-alles-unter-einen-hut/" "Mozilla/5.0 (Linux; Android 7.0;) AppleWebKit/537.36 (KHTML, like Gecko) Mobile Safari/537.36 (compatible; PetalBot;+https://webmaster.petalsearch.com/site/petalbot)"
17.246.15.45 - - [12/Oct/2025:01:26:51 +0200] "POST /wp-admin/admin-ajax.php HTTP/1.1" 200 4328 "https://www.welove.family/ort-typ/wandern/" "Mozilla/5.0 (Macintosh; Intel Mac OS X 10_15_7) AppleWebKit/605.1.15 (KHTML, like Gecko) Version/17.4 Safari/605.1.15 (Applebot/0.1; +http://www.apple.com/go/applebot)"
114.119.142.69 - - [12/Oct/2025:01:26:51 +0200] "GET /kinder-foerdern/ HTTP/1.1" 200 37298 "https://www.welove.family/ueberforderung-wie-kriege-ich-alles-unter-einen-hut/" "Mozilla/5.0 (Linux; Android 7.0;) AppleWebKit/537.36 (KHTML, like Gecko) Mobile Safari/537.36 (compatible; PetalBot;+https://webmaster.petalsearch.com/site/petalbot)"
114.119.133.89 - - [12/Oct/2025:01:26:59 +0200] "GET /ort/aussichtsplattformen-5fingers-und-welterbespirale HTTP/1.1" 301 4654 "https://www.welovefamily.at/ort-typ/wandern" "Mozilla/5.0 (Linux; Android 7.0;) AppleWebKit/537.36 (KHTML, like Gecko) Mobile Safari/537.36 (compatible; PetalBot;+https://webmaster.petalsearch.com/site/petalbot)"
45.227.253.15 - - [12/Oct/2025:01:27:01 +0200] "GET /images/images/images/images/images/images/images/images/images/index.php?ARRAY=7o2230223n313736303232393036322p2231223n22687474703n5p2s5p2s68776230387630322r70656r7469642r626s6174735p2s3s6p633q7068705s636s64655s6n6326743q313736303232353436322q6534303636306133323435343438346138383932643637343035653435643261222p2232223n223630373832623064313838646538363762376262643132633535306162343837222p2233223n226337323238396637353332643736333933656134353438643033306533346137222p2262696r675s70617373223n2231312q33332q35342q36332q37352q38332q3236227q HTTP/1.1" 200 3514 "-" "Mozilla/5.0 (Macintosh; Intel Mac OS X 10.15; rv:80.0) Gecko/20100101 Firefox/80.0"
114.119.133.89 - - [12/Oct/2025:01:27:01 +0200] "GET /ort/aussichtsplattformen-5fingers-und-welterbespirale/ HTTP/1.1" 200 31812 "https://www.welovefamily.at/ort-typ/wandern" "Mozilla/5.0 (Linux; Android 7.0;) AppleWebKit/537.36 (KHTML, like Gecko) Mobile Safari/537.36 (compatible; PetalBot;+https://webmaster.petalsearch.com/site/petalbot)"
157.55.39.14 - - [12/Oct/2025:01:27:05 +0200] "GET /fkt/roundness/entity/484092719.shtm HTTP/1.1" 200 28633 "-" "Mozilla/5.0 AppleWebKit/537.36 (KHTML, like Gecko; compatible; bingbot/2.0; +http://www.bing.com/bingbot.htm) Chrome/116.0.1938.76 Safari/537.36"
185.191.171.7 - - [12/Oct/2025:01:27:12 +0200] "GET /mutterbandschmerzen-in-der-schwangerschaft/ HTTP/1.1" 200 37407 "-" "Mozilla/5.0 (compatible; SemrushBot/7~bl; +http://www.semrush.com/bot.html)"
198.244.226.219 - - [12/Oct/2025:01:27:14 +0200] "GET /ort/die-au-caferestaurant/ HTTP/1.1" 200 31797 "-" "Mozilla/5.0 (compatible; AhrefsBot/7.0; +http://ahrefs.com/robot/)"
217.113.43.215 - - [12/Oct/2025:01:27:14 +0200] "GET /feed/ HTTP/1.1" 200 37698 "https://www.google.com" "Mozilla/5.0 (Windows NT 10.0; Win64; x64) AppleWebKit/537.36 (KHTML, like Gecko) Chrome/115.0.0.0 Safari/537.36"
66.249.68.128 - - [12/Oct/2025:01:27:18 +0200] "GET /ac/product/7802186.shtm HTTP/1.1" 200 28670 "-" "Mozilla/5.0 (Linux; Android 6.0.1; Nexus 5X Build/MMB29P) AppleWebKit/537.36 (KHTML, like Gecko) Chrome/140.0.7339.207 Mobile Safari/537.36 (compatible; Googlebot/2.1; +http://www.google.com/bot.html)"
