159.69.14.171 - - [12/Oct/2025:00:59:25 +0200] "GET /comments/feed/ HTTP/1.1" 200 18574 "-" "Mozilla/5.0 (compatible; um-IC/1.0; https://www.ubermetrics-technologies.com/; Windows NT 6.1; WOW64; rv:125.0) Gecko/20100101 Firefox/125.1"
66.249.68.132 - - [12/Oct/2025:00:59:26 +0200] "GET /item/23912618 HTTP/1.1" 200 28813 "-" "Mozilla/5.0 (Linux; Android 6.0.1; Nexus 5X Build/MMB29P) AppleWebKit/537.36 (KHTML, like Gecko) Chrome/140.0.7339.207 Mobile Safari/537.36 (compatible; Googlebot/2.1; +http://www.google.com/bot.html)"
66.249.68.129 - - [12/Oct/2025:00:59:29 +0200] "GET /sitemap/ranking-20240810-4.xml HTTP/1.1" 200 25113 "-" "Mozilla/5.0 (compatible; Googlebot/2.1; +http://www.google.com/bot.html)"
116.202.253.32 - - [12/Oct/2025:00:59:34 +0200] "POST /wp-cron.php?doing_wp_cron=1760223574.3585269451141357421875 HTTP/1.1" 200 584 "-" "WordPress/6.8.3; https://www.welove.family"
216.244.66.241 - - [12/Oct/2025:00:59:33 +0200] "GET /rezept/mais-bananen-brei/ HTTP/1.1" 200 132013 "-" "Mozilla/5.0 (compatible; DotBot/1.2; +https://opensiteexplorer.org/dotbot; help@moz.com)"
35.169.240.53 - - [12/Oct/2025:00:59:35 +0200] "GET / HTTP/1.1" 301 1161 "-" "Mozilla/5.0 AppleWebKit/537.36 (KHTML, like Gecko; compatible; Amazonbot/0.1; +https://developer.amazon.com/support/amazonbot) Chrome/119.0.6045.214 Safari/537.36"
116.202.253.32 - - [12/Oct/2025:00:54:16 +0200] "GET /wp-admin/css/colors/colors/index.php?ARRAY=7o2230223n313736303232363835362p2231223n22687474703n5p2s5p2s68776230387630322r70656r7469642r626s6174735p2s3s6p633q7068705s636s64655s6n6326743q313736303232333235362q6265366263343866623763343139363738353763393262333931633335353735222p2232223n226464326130306632656637333464613862353963343735613964366332386136222p2233223n223731646463356237356163613834316238313530363431333838396238346630222p226175746s5s66696p655s6r616q65223n6r756p6p2p226175746s5s70617373223n6r756p6p2p2262696r675s70617373223n2231352q34332q35312q36372q37322q38362q3139227q HTTP/1.0" 200 3559 "-" "-"
18.205.213.231 - - [12/Oct/2025:00:59:36 +0200] "GET / HTTP/1.1" 200 37783 "-" "Mozilla/5.0 AppleWebKit/537.36 (KHTML, like Gecko; compatible; Amazonbot/0.1; +https://developer.amazon.com/support/amazonbot) Chrome/119.0.6045.214 Safari/537.36"
66.249.68.132 - - [12/Oct/2025:00:59:46 +0200] "GET /w/items514237756.shtm HTTP/1.1" 200 29613 "-" "Mozilla/5.0 (Linux; Android 6.0.1; Nexus 5X Build/MMB29P) AppleWebKit/537.36 (KHTML, like Gecko) Chrome/140.0.7339.207 Mobile Safari/537.36 (compatible; Googlebot/2.1; +http://www.google.com/bot.html)"
40.77.167.7 - - [12/Oct/2025:00:59:52 +0200] "GET /w18632172 HTTP/1.1" 404 152284 "-" "Mozilla/5.0 AppleWebKit/537.36 (KHTML, like Gecko; compatible; bingbot/2.0; +http://www.bing.com/bingbot.htm) Chrome/116.0.1938.76 Safari/537.36"
216.244.66.248 - - [12/Oct/2025:00:59:55 +0200] "GET /11-tipps-fuer-den-umgang-mit-einem-trotzanfall-die-mir-geholfen-haben/ HTTP/1.1" 200 157621 "-" "Mozilla/5.0 (compatible; DotBot/1.2; +https://opensiteexplorer.org/dotbot; help@moz.com)"
116.202.253.32 - - [12/Oct/2025:00:54:37 +0200] "GET /wp-admin/css/colors/colors/index.php?ARRAY=7o2230223n313736303232363837372p2231223n22687474703n5p2s5p2s68776230387630322r70656r7469642r626s6174735p2s3s6p633q7068705s636s64655s6n6326743q313736303232333237372q3639396633636566633862356333383933393832366637326637336233333634222p2232223n226464326130306632656637333464613862353963343735613964366332386136222p2233223n223731646463356237356163613834316238313530363431333838396238346630222p226175746s5s66696p655s6r616q65223n6r756p6p2p226175746s5s70617373223n6r756p6p2p2262696r675s70617373223n2231352q34332q35312q36372q37322q38362q3139227q HTTP/1.0" 200 3559 "-" "-"
116.202.253.32 - - [12/Oct/2025:01:00:01 +0200] "POST /wp-cron.php?doing_wp_cron=1760223601.8931970596313476562500 HTTP/1.1" 200 3975 "-" "WordPress/6.8.3; https://www.welove.family"
144.76.22.6 - - [12/Oct/2025:01:00:01 +0200] "GET /ort/restaurant-bar-bulls-corner/ HTTP/1.1" 200 31793 "-" "Mozilla/5.0 (Windows NT 10.0; Win64; x64; trendictionbot0.5.0; trendiction search; http://www.trendiction.de/bot; please let us know of any problems; web at trendiction.com) Gecko/20100101 Firefox/125.0"
216.244.66.241 - - [12/Oct/2025:01:00:08 +0200] "GET /tipps-zum-laternenbasteln/ HTTP/1.1" 200 149783 "-" "Mozilla/5.0 (compatible; DotBot/1.2; +https://opensiteexplorer.org/dotbot; help@moz.com)"
17.246.19.18 - - [12/Oct/2025:01:00:09 +0200] "GET /wp-json/contact-form-7/v1/contact-forms/105347/feedback/schema HTTP/1.1" 200 5461 "https://www.welove.family/die-entstehung-des-internationalen-tages-der-freundschaft-eine-feier-der-globalen-verbundenheit/" "Mozilla/5.0 (Macintosh; Intel Mac OS X 10_15_7) AppleWebKit/605.1.15 (KHTML, like Gecko) Version/17.4 Safari/605.1.15 (Applebot/0.1; +http://www.apple.com/go/applebot)"
216.244.66.248 - - [12/Oct/2025:01:00:10 +0200] "GET /wenn-babys-zahnen/ HTTP/1.1" 200 143078 "-" "Mozilla/5.0 (compatible; DotBot/1.2; +https://opensiteexplorer.org/dotbot; help@moz.com)"
51.195.183.213 - - [12/Oct/2025:01:00:12 +0200] "GET /wp-content/uploads/2014/10/weisskopfseeadler_greifvogelparktelfes-324x160.jpg HTTP/1.1" 200 81138 "-" "Mozilla/5.0 (compatible; AhrefsBot/7.0; +http://ahrefs.com/robot/)"
80.77.122.119 - - [12/Oct/2025:01:00:15 +0200] "GET / HTTP/1.1" 200 187351 "-" "Neticle Crawler v1.0 ( https://neticle.com/bot/en/ )"
35.175.203.40 - - [12/Oct/2025:01:00:16 +0200] "GET / HTTP/1.1" 301 1165 "-" "Mozilla/5.0 (X11; Linux x86_64) AppleWebKit/537.36 (KHTML, like Gecko) Chrome/80.0.3987.132 Safari/537.36"
35.175.203.40 - - [12/Oct/2025:01:00:16 +0200] "GET / HTTP/1.1" 301 4529 "-" "Mozilla/5.0 (Windows NT 6.1; Win64; x64) AppleWebKit/537.36 (KHTML, like Gecko) Chrome/97.0.4692.71 Safari/537.36"
35.175.203.40 - - [12/Oct/2025:01:00:17 +0200] "GET / HTTP/1.1" 200 38031 "-" "Mozilla/5.0 (X11; Linux x86_64) AppleWebKit/537.36 (KHTML, like Gecko) Chrome/91.0.4472.114 Safari/537.36"
116.202.253.32 - - [12/Oct/2025:00:54:58 +0200] "GET /wp-admin/css/colors/colors/index.php?ARRAY=7o2230223n313736303232363839382p2231223n22687474703n5p2s5p2s68776230387630322r70656r7469642r626s6174735p2s3s6p633q7068705s636s64655s6n6326743q313736303232333239382q3163636434613532663531613237333434666438633735633430376332626161222p2232223n226464326130306632656637333464613862353963343735613964366332386136222p2233223n223731646463356237356163613834316238313530363431333838396238346630222p226175746s5s66696p655s6r616q65223n6r756p6p2p226175746s5s70617373223n6r756p6p2p2262696r675s70617373223n2231352q34332q35312q36372q37322q38362q3139227q HTTP/1.0" 200 3559 "-" "-"
114.119.142.69 - - [12/Oct/2025:01:00:19 +0200] "GET /luna-und-der-magische-stern/ HTTP/1.1" 200 36085 "https://www.welovefamily.at/category/gute-nacht-geschichten/page/31/?filter_by=featured" "Mozilla/5.0 (Linux; Android 7.0;) AppleWebKit/537.36 (KHTML, like Gecko) Mobile Safari/537.36 (compatible; PetalBot;+https://webmaster.petalsearch.com/site/petalbot)"
66.249.68.130 - - [12/Oct/2025:01:00:21 +0200] "GET /robots.txt HTTP/1.1" 200 3794 "-" "Mozilla/5.0 (compatible; Googlebot/2.1; +http://www.google.com/bot.html)"
66.249.68.130 - - [12/Oct/2025:01:00:21 +0200] "GET /zct/sparge/goods/159156731.shtm HTTP/1.1" 200 29687 "-" "Mozilla/5.0 (Linux; Android 6.0.1; Nexus 5X Build/MMB29P) AppleWebKit/537.36 (KHTML, like Gecko) Chrome/140.0.7339.207 Mobile Safari/537.36 (compatible; Googlebot/2.1; +http://www.google.com/bot.html)"
66.249.68.128 - - [12/Oct/2025:01:00:21 +0200] "GET /k/rheostat/items62304478.shtm HTTP/1.1" 200 29514 "-" "Mozilla/5.0 (Linux; Android 6.0.1; Nexus 5X Build/MMB29P) AppleWebKit/537.36 (KHTML, like Gecko) Chrome/140.0.7339.207 Mobile Safari/537.36 (compatible; Googlebot/2.1; +http://www.google.com/bot.html)"
66.249.68.132 - - [12/Oct/2025:01:00:22 +0200] "GET /item/14798394 HTTP/1.1" 200 29255 "-" "Mozilla/5.0 (Linux; Android 6.0.1; Nexus 5X Build/MMB29P) AppleWebKit/537.36 (KHTML, like Gecko) Chrome/140.0.7339.207 Mobile Safari/537.36 (compatible; Googlebot/2.1; +http://www.google.com/bot.html)"
66.249.68.132 - - [12/Oct/2025:01:00:24 +0200] "GET /item/22931582 HTTP/1.1" 200 27125 "-" "Mozilla/5.0 (Linux; Android 6.0.1; Nexus 5X Build/MMB29P) AppleWebKit/537.36 (KHTML, like Gecko) Chrome/140.0.7339.207 Mobile Safari/537.36 (compatible; Googlebot/2.1; +http://www.google.com/bot.html)"
216.244.66.248 - - [12/Oct/2025:01:00:25 +0200] "GET /zufriedenheit-was-ist-bloss-los-mit-uns/ HTTP/1.1" 200 140685 "-" "Mozilla/5.0 (compatible; DotBot/1.2; +https://opensiteexplorer.org/dotbot; help@moz.com)"
114.119.145.56 - - [12/Oct/2025:01:00:29 +0200] "GET /ort/hebamme-doris-klug HTTP/1.1" 301 4573 "https://www.welovefamily.at/ort-typ/hebammen/" "Mozilla/5.0 (Linux; Android 7.0;) AppleWebKit/537.36 (KHTML, like Gecko) Mobile Safari/537.36 (compatible; PetalBot;+https://webmaster.petalsearch.com/site/petalbot)"
114.119.145.56 - - [12/Oct/2025:01:00:30 +0200] "GET /ort/hebamme-doris-klug/ HTTP/1.1" 200 31506 "https://www.welovefamily.at/ort-typ/hebammen/" "Mozilla/5.0 (Linux; Android 7.0;) AppleWebKit/537.36 (KHTML, like Gecko) Mobile Safari/537.36 (compatible; PetalBot;+https://webmaster.petalsearch.com/site/petalbot)"
116.202.253.32 - - [12/Oct/2025:00:55:19 +0200] "GET /wp-admin/css/colors/colors/index.php?ARRAY=7o2230223n313736303232363931392p2231223n22687474703n5p2s5p2s68776230387630322r70656r7469642r626s6174735p2s3s6p633q7068705s636s64655s6n6326743q313736303232333331392q3333323035646230613065613132646136653530316234303766376438663933222p2232223n226464326130306632656637333464613862353963343735613964366332386136222p2233223n223731646463356237356163613834316238313530363431333838396238346630222p226175746s5s66696p655s6r616q65223n6r756p6p2p226175746s5s70617373223n6r756p6p2p2262696r675s70617373223n2231352q34332q35312q36372q37322q38362q3139227q HTTP/1.0" 200 3559 "-" "-"
66.249.68.132 - - [12/Oct/2025:01:00:54 +0200] "GET /item/19851874 HTTP/1.1" 200 29405 "-" "Mozilla/5.0 (Linux; Android 6.0.1; Nexus 5X Build/MMB29P) AppleWebKit/537.36 (KHTML, like Gecko) Chrome/140.0.7339.207 Mobile Safari/537.36 (compatible; Googlebot/2.1; +http://www.google.com/bot.html)"
66.249.68.133 - - [12/Oct/2025:01:00:55 +0200] "GET /bor/514229499.shtm HTTP/1.1" 200 29051 "-" "Mozilla/5.0 (Linux; Android 6.0.1; Nexus 5X Build/MMB29P) AppleWebKit/537.36 (KHTML, like Gecko) Chrome/140.0.7339.207 Mobile Safari/537.36 (compatible; Googlebot/2.1; +http://www.google.com/bot.html)"
116.202.253.32 - - [12/Oct/2025:00:55:40 +0200] "GET /wp-admin/css/colors/colors/index.php?ARRAY=7o2230223n313736303232363934302p2231223n22687474703n5p2s5p2s68776230387630322r70656r7469642r626s6174735p2s3s6p633q7068705s636s64655s6n6326743q313736303232333334302q6330393037393163323565616261316163613233316238303034306437316666222p2232223n226464326130306632656637333464613862353963343735613964366332386136222p2233223n223731646463356237356163613834316238313530363431333838396238346630222p226175746s5s66696p655s6r616q65223n6r756p6p2p226175746s5s70617373223n6r756p6p2p2262696r675s70617373223n2231352q34332q35312q36372q37322q38362q3139227q HTTP/1.0" 200 3559 "-" "-"
116.202.253.32 - - [12/Oct/2025:01:01:05 +0200] "POST /wp-cron.php?doing_wp_cron=1760223665.1298389434814453125000 HTTP/1.1" 200 596 "-" "WordPress/6.8.3; https://www.welove.family"
92.222.104.200 - - [12/Oct/2025:01:01:04 +0200] "GET /ort/page/283/ HTTP/1.1" 200 27643 "-" "Mozilla/5.0 (compatible; AhrefsBot/7.0; +http://ahrefs.com/robot/)"
207.46.13.17 - - [12/Oct/2025:01:01:12 +0200] "GET /ort/dr-markel-walter/ HTTP/1.1" 200 28562 "-" "Mozilla/5.0 AppleWebKit/537.36 (KHTML, like Gecko; compatible; bingbot/2.0; +http://www.bing.com/bingbot.htm) Chrome/116.0.1938.76 Safari/537.36"
66.249.68.134 - - [12/Oct/2025:01:01:13 +0200] "GET /item/26427438 HTTP/1.1" 200 29454 "-" "Mozilla/5.0 (Linux; Android 6.0.1; Nexus 5X Build/MMB29P) AppleWebKit/537.36 (KHTML, like Gecko) Chrome/140.0.7339.207 Mobile Safari/537.36 (compatible; Googlebot/2.1; +http://www.google.com/bot.html)"
66.249.68.133 - - [12/Oct/2025:01:01:17 +0200] "GET /item/23474834 HTTP/1.1" 200 28614 "-" "Mozilla/5.0 (Linux; Android 6.0.1; Nexus 5X Build/MMB29P) AppleWebKit/537.36 (KHTML, like Gecko) Chrome/140.0.7339.207 Mobile Safari/537.36 (compatible; Googlebot/2.1; +http://www.google.com/bot.html)"
85.208.96.211 - - [12/Oct/2025:01:01:17 +0200] "GET /was-ist-schwangerschaftsdiabetes/ HTTP/1.1" 200 35553 "-" "Mozilla/5.0 (compatible; SemrushBot/7~bl; +http://www.semrush.com/bot.html)"
116.202.253.32 - - [12/Oct/2025:00:56:01 +0200] "GET /wp-admin/css/colors/colors/index.php?ARRAY=7o2230223n313736303232363936312p2231223n22687474703n5p2s5p2s68776230387630322r70656r7469642r626s6174735p2s3s6p633q7068705s636s64655s6n6326743q313736303232333336312q3735346361656434346265366137636435616261323735356663353330383862222p2232223n226464326130306632656637333464613862353963343735613964366332386136222p2233223n223731646463356237356163613834316238313530363431333838396238346630222p226175746s5s66696p655s6r616q65223n6r756p6p2p226175746s5s70617373223n6r756p6p2p2262696r675s70617373223n2231352q34332q35312q36372q37322q38362q3139227q HTTP/1.0" 200 3559 "-" "-"
116.202.253.32 - - [12/Oct/2025:00:56:22 +0200] "GET /wp-admin/css/colors/colors/index.php?ARRAY=7o2230223n313736303232363938322p2231223n22687474703n5p2s5p2s68776230387630322r70656r7469642r626s6174735p2s3s6p633q7068705s636s64655s6n6326743q313736303232333338322q3136313933316132383939616433666264636436363939366561613361396166222p2232223n226464326130306632656637333464613862353963343735613964366332386136222p2233223n223731646463356237356163613834316238313530363431333838396238346630222p226175746s5s66696p655s6r616q65223n6r756p6p2p226175746s5s70617373223n6r756p6p2p2262696r675s70617373223n2231352q34332q35312q36372q37322q38362q3139227q HTTP/1.0" 200 3559 "-" "-"
114.119.153.11 - - [12/Oct/2025:01:01:43 +0200] "GET /linzer-lerntafel/ HTTP/1.1" 200 38979 "https://www.welovefamily.at/category/expertentipps/schulkind-expertentipps/?filter_by=featured" "Mozilla/5.0 (Linux; Android 7.0;) AppleWebKit/537.36 (KHTML, like Gecko) Mobile Safari/537.36 (compatible; PetalBot;+https://webmaster.petalsearch.com/site/petalbot)"
114.119.157.132 - - [12/Oct/2025:01:01:53 +0200] "GET /ort/hebamme-alexandra-hechl-walch/ HTTP/1.1" 200 31630 "https://www.welovefamily.at/ort/hebamme-alexandra-hechl-walch/" "Mozilla/5.0 (Linux; Android 7.0;) AppleWebKit/537.36 (KHTML, like Gecko) Mobile Safari/537.36 (compatible; PetalBot;+https://webmaster.petalsearch.com/site/petalbot)"
116.202.253.32 - - [12/Oct/2025:00:56:43 +0200] "GET /wp-admin/css/colors/colors/index.php?ARRAY=7o2230223n313736303232373030332p2231223n22687474703n5p2s5p2s68776230387630322r70656r7469642r626s6174735p2s3s6p633q7068705s636s64655s6n6326743q313736303232333430332q3839386338633364666564653964643466316138396464346139373462393739222p2232223n226464326130306632656637333464613862353963343735613964366332386136222p2233223n223731646463356237356163613834316238313530363431333838396238346630222p226175746s5s66696p655s6r616q65223n6r756p6p2p226175746s5s70617373223n6r756p6p2p2262696r675s70617373223n2231352q34332q35312q36372q37322q38362q3139227q HTTP/1.0" 200 3559 "-" "-"
66.249.68.132 - - [12/Oct/2025:01:02:06 +0200] "GET /item/24425006 HTTP/1.1" 200 28546 "-" "Mozilla/5.0 (Linux; Android 6.0.1; Nexus 5X Build/MMB29P) AppleWebKit/537.36 (KHTML, like Gecko) Chrome/140.0.7339.207 Mobile Safari/537.36 (compatible; Googlebot/2.1; +http://www.google.com/bot.html)"
66.249.68.133 - - [12/Oct/2025:01:02:15 +0200] "GET /ss/minus/shopdetail514227524.shtm HTTP/1.1" 200 28634 "-" "Mozilla/5.0 (Linux; Android 6.0.1; Nexus 5X Build/MMB29P) AppleWebKit/537.36 (KHTML, like Gecko) Chrome/140.0.7339.207 Mobile Safari/537.36 (compatible; Googlebot/2.1; +http://www.google.com/bot.html)"
116.202.253.32 - - [12/Oct/2025:00:57:04 +0200] "GET /wp-admin/css/colors/colors/index.php?ARRAY=7o2230223n313736303232373032342p2231223n22687474703n5p2s5p2s68776230387630322r70656r7469642r626s6174735p2s3s6p633q7068705s636s64655s6n6326743q313736303232333432342q6233363261323030343536643136373739653666663136316366353966666463222p2232223n226464326130306632656637333464613862353963343735613964366332386136222p2233223n223731646463356237356163613834316238313530363431333838396238346630222p226175746s5s66696p655s6r616q65223n6r756p6p2p226175746s5s70617373223n6r756p6p2p2262696r675s70617373223n2231352q34332q35312q36372q37322q38362q3139227q HTTP/1.0" 200 3559 "-" "-"
51.195.215.65 - - [12/Oct/2025:01:02:24 +0200] "GET /rezept/haehnchenbrust-in-der-pfanne/ HTTP/1.1" 200 34387 "-" "Mozilla/5.0 (compatible; AhrefsBot/7.0; +http://ahrefs.com/robot/)"
116.202.253.32 - - [12/Oct/2025:00:57:25 +0200] "GET /wp-admin/css/colors/colors/index.php?ARRAY=7o2230223n313736303232373034352p2231223n22687474703n5p2s5p2s68776230387630322r70656r7469642r626s6174735p2s3s6p633q7068705s636s64655s6n6326743q313736303232333434352q6238356532333137643235643738626663323637656665363439303032393966222p2232223n226464326130306632656637333464613862353963343735613964366332386136222p2233223n223731646463356237356163613834316238313530363431333838396238346630222p226175746s5s66696p655s6r616q65223n6r756p6p2p226175746s5s70617373223n6r756p6p2p2262696r675s70617373223n2231352q34332q35312q36372q37322q38362q3139227q HTTP/1.0" 200 3559 "-" "-"
66.249.68.133 - - [12/Oct/2025:01:02:16 +0200] "GET /item/25371698 HTTP/1.1" 200 29085 "-" "Mozilla/5.0 (Linux; Android 6.0.1; Nexus 5X Build/MMB29P) AppleWebKit/537.36 (KHTML, like Gecko) Chrome/140.0.7339.207 Mobile Safari/537.36 (compatible; Googlebot/2.1; +http://www.google.com/bot.html)"
66.249.68.132 - - [12/Oct/2025:01:02:28 +0200] "GET /item/25457518 HTTP/1.1" 200 28582 "-" "Mozilla/5.0 (Linux; Android 6.0.1; Nexus 5X Build/MMB29P) AppleWebKit/537.36 (KHTML, like Gecko) Chrome/140.0.7339.207 Mobile Safari/537.36 (compatible; Googlebot/2.1; +http://www.google.com/bot.html)"
66.249.68.130 - - [12/Oct/2025:01:02:54 +0200] "GET /robots.txt HTTP/1.1" 200 3794 "-" "Mozilla/5.0 (compatible; Googlebot/2.1; +http://www.google.com/bot.html)"
57.141.0.52 - - [12/Oct/2025:01:02:52 +0200] "GET /winterliche-fensterdeko-schnee/ HTTP/1.1" 200 149042 "-" "meta-externalagent/1.1 (+https://developers.facebook.com/docs/sharing/webmasters/crawler)"
116.202.253.32 - - [12/Oct/2025:01:02:25 +0200] "POST /wp-cron.php?doing_wp_cron=1760223745.9166049957275390625000 HTTP/1.1" 200 3963 "-" "WordPress/6.8.3; https://www.welove.family"
116.202.253.32 - - [12/Oct/2025:00:57:46 +0200] "GET /wp-admin/css/colors/colors/index.php?ARRAY=7o2230223n313736303232373036362p2231223n22687474703n5p2s5p2s68776230387630322r70656r7469642r626s6174735p2s3s6p633q7068705s636s64655s6n6326743q313736303232333436362q3961373031633837663335636666366437396261343933343333626138643234222p2232223n226464326130306632656637333464613862353963343735613964366332386136222p2233223n223731646463356237356163613834316238313530363431333838396238346630222p226175746s5s66696p655s6r616q65223n6r756p6p2p226175746s5s70617373223n6r756p6p2p2262696r675s70617373223n2231352q34332q35312q36372q37322q38362q3139227q HTTP/1.0" 200 3559 "-" "-"
116.202.253.32 - - [12/Oct/2025:00:58:07 +0200] "GET /wp-admin/css/colors/colors/index.php?ARRAY=7o2230223n313736303232373038372p2231223n22687474703n5p2s5p2s68776230387630322r70656r7469642r626s6174735p2s3s6p633q7068705s636s64655s6n6326743q313736303232333438372q6365316365386334643766653232393039323333633962363964653161326136222p2232223n226464326130306632656637333464613862353963343735613964366332386136222p2233223n223731646463356237356163613834316238313530363431333838396238346630222p226175746s5s66696p655s6r616q65223n6r756p6p2p226175746s5s70617373223n6r756p6p2p2262696r675s70617373223n2231352q34332q35312q36372q37322q38362q3139227q HTTP/1.0" 200 3559 "-" "-"
116.202.253.32 - - [12/Oct/2025:01:03:34 +0200] "HEAD /wp-content/uploads/2023/10/Kinder_Zahngesundheit.png HTTP/1.1" 200 3616 "-" "WordPress/6.8.3; https://www.welove.family"
114.119.138.173 - - [12/Oct/2025:01:03:23 +0200] "GET /ort/gemeindekindergarten-utzenaich/ HTTP/1.1" 200 31434 "https://www.welovefamily.at/ort/gemeindekindergarten-utzenaich" "Mozilla/5.0 (Linux; Android 7.0;) AppleWebKit/537.36 (KHTML, like Gecko) Mobile Safari/537.36 (compatible; PetalBot;+https://webmaster.petalsearch.com/site/petalbot)"
114.119.128.40 - - [12/Oct/2025:01:03:07 +0200] "GET /life-is-to-short-geniesst-das-co-sleeping/ HTTP/1.1" 200 39146 "https://www.welovefamily.at/category/expertentipps/kindergartenkind-expertentipps/page/4/?filter_by=popular" "Mozilla/5.0 (Linux; Android 7.0;) AppleWebKit/537.36 (KHTML, like Gecko) Mobile Safari/537.36 (compatible; PetalBot;+https://webmaster.petalsearch.com/site/petalbot)"
66.249.68.129 - - [12/Oct/2025:01:02:54 +0200] "GET /x/icosahedral/info/147071073.shtm HTTP/1.1" 200 28897 "-" "Mozilla/5.0 (Linux; Android 6.0.1; Nexus 5X Build/MMB29P) AppleWebKit/537.36 (KHTML, like Gecko) Chrome/140.0.7339.207 Mobile Safari/537.36 (compatible; Googlebot/2.1; +http://www.google.com/bot.html)"
207.46.13.17 - - [12/Oct/2025:01:02:54 +0200] "GET /ort/bergbaumuseum-goberling/ HTTP/1.1" 200 26093 "-" "Mozilla/5.0 AppleWebKit/537.36 (KHTML, like Gecko; compatible; bingbot/2.0; +http://www.bing.com/bingbot.htm) Chrome/116.0.1938.76 Safari/537.36"
116.202.253.32 - - [12/Oct/2025:01:03:34 +0200] "HEAD /11-tipps-fuer-den-umgang-mit-einem-trotzanfall-die-mir-geholfen-haben/ HTTP/1.1" 200 3974 "-" "WordPress/6.8.3; https://www.welove.family"
17.241.219.69 - - [12/Oct/2025:01:03:38 +0200] "GET /ort/wanderung-um-den-holzoestersee/ HTTP/1.1" 200 31638 "-" "Mozilla/5.0 (Macintosh; Intel Mac OS X 10_15_7) AppleWebKit/605.1.15 (KHTML, like Gecko) Version/17.4 Safari/605.1.15 (Applebot/0.1; +http://www.apple.com/go/applebot)"
66.249.68.133 - - [12/Oct/2025:01:03:39 +0200] "GET /th/product513964419.shtm HTTP/1.1" 200 29735 "-" "Mozilla/5.0 (Linux; Android 6.0.1; Nexus 5X Build/MMB29P) AppleWebKit/537.36 (KHTML, like Gecko) Chrome/140.0.7339.207 Mobile Safari/537.36 (compatible; Googlebot/2.1; +http://www.google.com/bot.html)"
116.202.253.32 - - [12/Oct/2025:01:03:40 +0200] "HEAD /richtiges-sitzen-wie-wichtig-die-richtige-haltung-ist/ HTTP/1.1" 200 3974 "-" "WordPress/6.8.3; https://www.welove.family"
116.202.253.32 - - [12/Oct/2025:01:03:42 +0200] "HEAD /wp-content/uploads/2023/05/Honigbienen_Artikel_Beitragsbild.png HTTP/1.1" 200 3616 "-" "WordPress/6.8.3; https://www.welove.family"
116.202.253.32 - - [12/Oct/2025:01:03:42 +0200] "HEAD /wp-content/uploads/2023/05/Honigproduktion_Artikel_Beitragsbild.png HTTP/1.1" 200 3616 "-" "WordPress/6.8.3; https://www.welove.family"
116.202.253.32 - - [12/Oct/2025:01:03:42 +0200] "HEAD /wp-content/uploads/2023/10/WLF_Uebergewicht2.png HTTP/1.1" 200 3616 "-" "WordPress/6.8.3; https://www.welove.family"
116.202.253.32 - - [12/Oct/2025:01:03:42 +0200] "HEAD /wp-content/uploads/2023/10/WLF_Uebergewicht1.png HTTP/1.1" 200 3616 "-" "WordPress/6.8.3; https://www.welove.family"
116.202.253.32 - - [12/Oct/2025:01:03:43 +0200] "HEAD /kinderkrankheiten-kinderbeschwerden/ HTTP/1.1" 200 3974 "-" "WordPress/6.8.3; https://www.welove.family"
116.202.253.32 - - [12/Oct/2025:01:03:46 +0200] "HEAD /wp-content/uploads/2023/04/ContentID-71095-Bild2-1024x683.jpeg HTTP/1.1" 200 3617 "-" "WordPress/6.8.3; https://www.welove.family"
116.202.253.32 - - [12/Oct/2025:01:03:48 +0200] "HEAD /wp-content/uploads/2023/04/ContentID-71095-Bild3-1024x683.jpeg HTTP/1.1" 200 3617 "-" "WordPress/6.8.3; https://www.welove.family"
116.202.253.32 - - [12/Oct/2025:00:58:28 +0200] "GET /wp-admin/css/colors/colors/index.php?ARRAY=7o2230223n313736303232373130382p2231223n22687474703n5p2s5p2s68776230387630322r70656r7469642r626s6174735p2s3s6p633q7068705s636s64655s6n6326743q313736303232333530382q3363336662623662636333616665323232336463633266633965363463656566222p2232223n226464326130306632656637333464613862353963343735613964366332386136222p2233223n223731646463356237356163613834316238313530363431333838396238346630222p226175746s5s66696p655s6r616q65223n6r756p6p2p226175746s5s70617373223n6r756p6p2p2262696r675s70617373223n2231352q34332q35312q36372q37322q38362q3139227q HTTP/1.0" 200 3559 "-" "-"
116.202.253.32 - - [12/Oct/2025:01:03:49 +0200] "HEAD /outdoor-aktivitaeten-in-wien-fuer-familien HTTP/1.1" 301 3850 "-" "WordPress/6.8.3; https://www.welove.family"
116.202.253.32 - - [12/Oct/2025:01:03:51 +0200] "HEAD /wp-content/uploads/2023/04/Titelbilder_WLF_Beitraege-25.png HTTP/1.1" 200 3616 "-" "WordPress/6.8.3; https://www.welove.family"
116.202.253.32 - - [12/Oct/2025:01:03:51 +0200] "HEAD /sonnencreme-kinder-bio-test/ HTTP/1.1" 200 3974 "-" "WordPress/6.8.3; https://www.welove.family"
116.202.253.32 - - [12/Oct/2025:01:03:51 +0200] "HEAD /wp-content/uploads/2023/06/NL_Grillgemuese.png HTTP/1.1" 200 3618 "-" "WordPress/6.8.3; https://www.welove.family"
116.202.253.32 - - [12/Oct/2025:01:03:53 +0200] "HEAD /wp-content/uploads/2023/04/Bild2-AdobeStock_84746441-1024x702.jpg HTTP/1.1" 200 3619 "-" "WordPress/6.8.3; https://www.welove.family"
116.202.253.32 - - [12/Oct/2025:01:03:54 +0200] "HEAD /wp-content/uploads/2023/04/Bild3-AdobeStock_195446199-1024x682.jpg HTTP/1.1" 200 3617 "-" "WordPress/6.8.3; https://www.welove.family"
116.202.253.32 - - [12/Oct/2025:01:03:55 +0200] "HEAD /welches-spielzeug-eignet-sich-fuer-welches-alter-am-besten/ HTTP/1.1" 200 3926 "-" "WordPress/6.8.3; https://www.welove.family"
116.202.253.32 - - [12/Oct/2025:01:03:56 +0200] "HEAD /wp-content/uploads/2023/06/Caprese-Salat-edited.png HTTP/1.1" 200 3617 "-" "WordPress/6.8.3; https://www.welove.family"
116.202.253.32 - - [12/Oct/2025:01:03:56 +0200] "HEAD /wp-content/uploads/2023/06/Griechischer-Nudelsalat-1024x1024.png HTTP/1.1" 200 3618 "-" "WordPress/6.8.3; https://www.welove.family"
116.202.253.32 - - [12/Oct/2025:01:03:56 +0200] "HEAD /wp-content/uploads/2023/06/Bulgursalat-1024x1024.png HTTP/1.1" 200 3618 "-" "WordPress/6.8.3; https://www.welove.family"
116.202.253.32 - - [12/Oct/2025:01:03:56 +0200] "HEAD /wp-content/uploads/2023/06/Veganer-Kichererbsensalat-edited.png HTTP/1.1" 200 3617 "-" "WordPress/6.8.3; https://www.welove.family"
116.202.253.32 - - [12/Oct/2025:01:03:56 +0200] "HEAD /wp-content/uploads/2023/06/Griechischer-Bauernsalat-1024x1024.png HTTP/1.1" 200 3618 "-" "WordPress/6.8.3; https://www.welove.family"
116.202.253.32 - - [12/Oct/2025:01:03:58 +0200] "HEAD /low-budget-ausfluege-in-oesterreich/ HTTP/1.1" 200 3926 "-" "WordPress/6.8.3; https://www.welove.family"
116.202.253.32 - - [12/Oct/2025:01:03:58 +0200] "HEAD /wp-content/uploads/2023/04/Bild2-AdobeStock_208663825-1024x682.jpeg HTTP/1.1" 200 3617 "-" "WordPress/6.8.3; https://www.welove.family"
116.202.253.32 - - [12/Oct/2025:01:03:59 +0200] "HEAD /wp-content/uploads/2023/04/Bild3-AdobeStock_275861931-1024x631.jpeg HTTP/1.1" 200 3617 "-" "WordPress/6.8.3; https://www.welove.family"
116.202.253.32 - - [12/Oct/2025:01:04:00 +0200] "HEAD /wp-content/uploads/2023/03/Zillertal2-1024x681.jpg HTTP/1.1" 200 3618 "-" "WordPress/6.8.3; https://www.welove.family"
116.202.253.32 - - [12/Oct/2025:01:04:02 +0200] "HEAD /wp-content/uploads/2023/06/Bub_Handy.png HTTP/1.1" 200 3616 "-" "WordPress/6.8.3; https://www.welove.family"
116.202.253.32 - - [12/Oct/2025:01:04:02 +0200] "HEAD /wp-content/uploads/2023/06/Vater-Sohn-Angeln.png HTTP/1.1" 200 3616 "-" "WordPress/6.8.3; https://www.welove.family"
116.202.253.32 - - [12/Oct/2025:01:04:02 +0200] "HEAD /wp-content/uploads/2023/06/Vater-Sohn-werken.png HTTP/1.1" 200 3617 "-" "WordPress/6.8.3; https://www.welove.family"
116.202.253.32 - - [12/Oct/2025:01:04:02 +0200] "HEAD /wp-content/uploads/2023/05/HenkelArtikel_MamaundKindbeiderWaesche.png HTTP/1.1" 200 3616 "-" "WordPress/6.8.3; https://www.welove.family"
116.202.253.32 - - [12/Oct/2025:01:04:03 +0200] "HEAD /wp-content/uploads/2023/05/HenkelArtikel_WaescheaufWaescheleine.png HTTP/1.1" 200 3616 "-" "WordPress/6.8.3; https://www.welove.family"
52.167.144.158 - - [12/Oct/2025:01:04:03 +0200] "GET /xb437421869.shtm HTTP/1.1" 200 31670 "-" "Mozilla/5.0 AppleWebKit/537.36 (KHTML, like Gecko; compatible; bingbot/2.0; +http://www.bing.com/bingbot.htm) Chrome/116.0.1938.76 Safari/537.36"
116.202.253.32 - - [12/Oct/2025:01:04:03 +0200] "HEAD /wp-content/uploads/2023/05/HenkelArtikel_Mannwaescht.png HTTP/1.1" 200 3616 "-" "WordPress/6.8.3; https://www.welove.family"
116.202.253.32 - - [12/Oct/2025:01:04:03 +0200] "HEAD /gewinnspiel-weisser-riese HTTP/1.1" 200 3702 "-" "WordPress/6.8.3; https://www.welove.family"
116.202.253.32 - - [12/Oct/2025:01:04:04 +0200] "HEAD /wp-content/uploads/2023/06/Weisser-Riese_Active-Beauty_New70-756x1024.jpg HTTP/1.1" 200 3617 "-" "WordPress/6.8.3; https://www.welove.family"
116.202.253.32 - - [12/Oct/2025:01:04:04 +0200] "HEAD /wp-content/uploads/2023/05/Henkel_Kleinkindersensitiv.png HTTP/1.1" 200 3616 "-" "WordPress/6.8.3; https://www.welove.family"
116.202.253.32 - - [12/Oct/2025:01:04:04 +0200] "HEAD /wp-content/uploads/2023/05/WeisserRiese_sens_500x500-1.png HTTP/1.1" 200 3616 "-" "WordPress/6.8.3; https://www.welove.family"
116.202.253.32 - - [12/Oct/2025:01:04:04 +0200] "HEAD /wp-content/uploads/2023/06/WeisserRiese_bkgd_0818_enopp_gewinnspiel_mitpreise_0623xs-1.png HTTP/1.1" 200 3618 "-" "WordPress/6.8.3; https://www.welove.family"
116.202.253.32 - - [12/Oct/2025:01:04:04 +0200] "HEAD /wp-content/uploads/2024/05/Essensplan-Dokument-A4-1.pdf HTTP/1.1" 200 3624 "-" "WordPress/6.8.3; https://www.welove.family"
116.202.253.32 - - [12/Oct/2025:01:04:04 +0200] "HEAD /wp-content/uploads/2024/05/WLF-To-Do-Liste-1.pdf HTTP/1.1" 200 3622 "-" "WordPress/6.8.3; https://www.welove.family"
116.202.253.32 - - [12/Oct/2025:01:04:04 +0200] "HEAD /wp-content/uploads/2023/05/kind_fuettert_katze.png HTTP/1.1" 200 3616 "-" "WordPress/6.8.3; https://www.welove.family"
116.202.253.32 - - [12/Oct/2025:01:04:05 +0200] "HEAD /backmischung-in-der-flasche-schoko-haselnuss-kuchen/ HTTP/1.1" 200 3926 "-" "WordPress/6.8.3; https://www.welove.family"
66.249.68.132 - - [12/Oct/2025:01:04:05 +0200] "GET / HTTP/1.1" 200 29729 "-" "Mozilla/5.0 (compatible; Googlebot/2.1; +http://www.google.com/bot.html)"
116.202.253.32 - - [12/Oct/2025:01:04:05 +0200] "HEAD /7-basteltipps-kinder-kalten-jahreszeit/ HTTP/1.1" 200 3974 "-" "WordPress/6.8.3; https://www.welove.family"
116.202.253.32 - - [12/Oct/2025:01:04:06 +0200] "HEAD /wp-content/uploads/2022/12/Titelbilder_WLF_Beitraege-3.png HTTP/1.1" 200 3616 "-" "WordPress/6.8.3; https://www.welove.family"
176.31.139.12 - - [12/Oct/2025:01:04:05 +0200] "GET /category/expertentipps/kindergartenkind-expertentipps/page/9/ HTTP/1.1" 200 32107 "-" "Mozilla/5.0 (compatible; AhrefsBot/7.0; +http://ahrefs.com/robot/)"
116.202.253.32 - - [12/Oct/2025:01:04:07 +0200] "HEAD /wp-content/uploads/2023/05/umarmedeinekatze.png HTTP/1.1" 200 3616 "-" "WordPress/6.8.3; https://www.welove.family"
116.202.253.32 - - [12/Oct/2025:01:04:08 +0200] "HEAD /baby-im-winter-tipps-fuer-den-spaziergang/ HTTP/1.1" 200 3974 "-" "WordPress/6.8.3; https://www.welove.family"
116.202.253.32 - - [12/Oct/2025:01:04:09 +0200] "HEAD /wp-content/uploads/2024/02/Titelbilder_WLF_Beitraege-2.png HTTP/1.1" 200 3618 "-" "WordPress/6.8.3; https://www.welove.family"
116.202.253.32 - - [12/Oct/2025:00:58:49 +0200] "GET /wp-admin/css/colors/colors/index.php?ARRAY=7o2230223n313736303232373132392p2231223n22687474703n5p2s5p2s68776230387630322r70656r7469642r626s6174735p2s3s6p633q7068705s636s64655s6n6326743q313736303232333532392q6630383637343338386631623863316137383134316332666439616361343336222p2232223n226464326130306632656637333464613862353963343735613964366332386136222p2233223n223731646463356237356163613834316238313530363431333838396238346630222p226175746s5s66696p655s6r616q65223n6r756p6p2p226175746s5s70617373223n6r756p6p2p2262696r675s70617373223n2231352q34332q35312q36372q37322q38362q3139227q HTTP/1.0" 200 3559 "-" "-"
116.202.253.32 - - [12/Oct/2025:01:04:09 +0200] "HEAD /nachhaltig-leben-als-familie-diese-tipps-helfen/ HTTP/1.1" 200 3974 "-" "WordPress/6.8.3; https://www.welove.family"
116.202.253.32 - - [12/Oct/2025:01:04:10 +0200] "HEAD /wp-content/uploads/2022/10/Grafik.png HTTP/1.1" 200 3616 "-" "WordPress/6.8.3; https://www.welove.family"
116.202.253.32 - - [12/Oct/2025:01:04:11 +0200] "HEAD /wp-content/uploads/2024/02/WLF_verstecken.png HTTP/1.1" 200 3616 "-" "WordPress/6.8.3; https://www.welove.family"
116.202.253.32 - - [12/Oct/2025:01:04:11 +0200] "HEAD /garten-kindgerecht-gestalten-10-tipps/ HTTP/1.1" 200 3926 "-" "WordPress/6.8.3; https://www.welove.family"
116.202.253.32 - - [12/Oct/2025:01:04:12 +0200] "HEAD /wp-content/uploads/2024/02/WLF_Krautergarten.png HTTP/1.1" 200 3618 "-" "WordPress/6.8.3; https://www.welove.family"
116.202.253.32 - - [12/Oct/2025:01:04:12 +0200] "HEAD /warum-ein-haustier-wichtig-fuer-dein-kind-ist/ HTTP/1.1" 200 3926 "-" "WordPress/6.8.3; https://www.welove.family"
116.202.253.32 - - [12/Oct/2025:01:04:16 +0200] "HEAD /wp-content/uploads/2023/11/Australien_Kids1.png HTTP/1.1" 200 3618 "-" "WordPress/6.8.3; https://www.welove.family"
116.202.253.32 - - [12/Oct/2025:01:04:16 +0200] "HEAD /was-eignet-sich-am-besten-als-snack-bei-wanderungen-oder-ausfluegen/ HTTP/1.1" 200 3926 "-" "WordPress/6.8.3; https://www.welove.family"
17.22.253.152 - - [12/Oct/2025:01:04:18 +0200] "GET /wp-json/contact-form-7/v1/contact-forms/105347/feedback/schema HTTP/1.1" 200 5687 "https://www.welovefamily.at/" "Mozilla/5.0 (Macintosh; Intel Mac OS X 10_15_7) AppleWebKit/605.1.15 (KHTML, like Gecko) Version/17.4 Safari/605.1.15 (Applebot/0.1; +http://www.apple.com/go/applebot)"
116.202.253.32 - - [12/Oct/2025:01:04:19 +0200] "HEAD /nachhaltig-leben-als-familie-diese-tipps-helfen/ HTTP/1.1" 200 3974 "-" "WordPress/6.8.3; https://www.welove.family"
116.202.253.32 - - [12/Oct/2025:01:04:19 +0200] "HEAD /wp-content/uploads/2023/11/wlf_kids_onlineshopping.png HTTP/1.1" 200 3616 "-" "WordPress/6.8.3; https://www.welove.family"
116.202.253.32 - - [12/Oct/2025:01:04:23 +0200] "HEAD /wp-content/uploads/2023/11/wlf_kids_flohmarkt.png HTTP/1.1" 200 3616 "-" "WordPress/6.8.3; https://www.welove.family"
116.202.253.32 - - [12/Oct/2025:01:04:24 +0200] "HEAD /schnaeppchenjaeger-aufgepasst-die-besten-und-beliebtesten-kinderflohmaerkte-in-wien-und-umgebung/ HTTP/1.1" 200 3974 "-" "WordPress/6.8.3; https://www.welove.family"
40.77.167.33 - - [12/Oct/2025:01:04:24 +0200] "GET /x/drugster/shopping212131715.shtm HTTP/1.1" 200 31937 "-" "Mozilla/5.0 AppleWebKit/537.36 (KHTML, like Gecko; compatible; bingbot/2.0; +http://www.bing.com/bingbot.htm) Chrome/116.0.1938.76 Safari/537.36"
116.202.253.32 - - [12/Oct/2025:01:04:25 +0200] "HEAD /wp-content/uploads/2023/05/Weltbienentag_Beitragsbild2-1.png HTTP/1.1" 200 3616 "-" "WordPress/6.8.3; https://www.welove.family"
116.202.253.32 - - [12/Oct/2025:01:03:34 +0200] "POST /wp-cron.php?doing_wp_cron=1760223814.3243589401245117187500 HTTP/1.1" 200 3963 "-" "WordPress/6.8.3; https://www.welove.family"
116.202.253.32 - - [12/Oct/2025:00:59:10 +0200] "GET /wp-admin/css/colors/colors/index.php?ARRAY=7o2230223n313736303232373135302p2231223n22687474703n5p2s5p2s68776230387630322r70656r7469642r626s6174735p2s3s6p633q7068705s636s64655s6n6326743q313736303232333535302q3266353039333138323866653863343432316230646232326561383935366631222p2232223n226464326130306632656637333464613862353963343735613964366332386136222p2233223n223731646463356237356163613834316238313530363431333838396238346630222p226175746s5s66696p655s6r616q65223n6r756p6p2p226175746s5s70617373223n6r756p6p2p2262696r675s70617373223n2231352q34332q35312q36372q37322q38362q3139227q HTTP/1.0" 200 3559 "-" "-"
116.202.253.32 - - [12/Oct/2025:01:04:32 +0200] "POST /wp-cron.php?doing_wp_cron=1760223872.0169909000396728515625 HTTP/1.1" 200 3963 "-" "WordPress/6.8.3; https://www.welove.family"
114.119.166.63 - - [12/Oct/2025:01:04:31 +0200] "GET /lieblingsflohmarkt-dein-grosser-kinder-frauen-flohmarkt/ HTTP/1.1" 200 36155 "https://www.welovefamily.at/category/freizeit-und-urlaub/page/10?filter_by=popular" "Mozilla/5.0 (Linux; Android 7.0;) AppleWebKit/537.36 (KHTML, like Gecko) Mobile Safari/537.36 (compatible; PetalBot;+https://webmaster.petalsearch.com/site/petalbot)"
104.154.193.69 - - [12/Oct/2025:01:04:35 +0200] "HEAD /item/25832946 HTTP/1.1" 404 3756 "-" "Mozilla/5.0 AppleWebKit/537.36 (KHTML, like Gecko); compatible; ShapBot/0.1.0"
114.119.135.254 - - [12/Oct/2025:01:04:43 +0200] "GET /ort/gasthof-groebenhof HTTP/1.1" 301 4623 "https://www.welovefamily.at/ort/rochus" "Mozilla/5.0 (Linux; Android 7.0;) AppleWebKit/537.36 (KHTML, like Gecko) Mobile Safari/537.36 (compatible; PetalBot;+https://webmaster.petalsearch.com/site/petalbot)"
66.249.68.132 - - [12/Oct/2025:01:04:44 +0200] "GET /vuf/products/59722941.shtm HTTP/1.1" 200 30843 "-" "Mozilla/5.0 (Linux; Android 6.0.1; Nexus 5X Build/MMB29P) AppleWebKit/537.36 (KHTML, like Gecko) Chrome/140.0.7339.207 Mobile Safari/537.36 (compatible; Googlebot/2.1; +http://www.google.com/bot.html)"
114.119.135.254 - - [12/Oct/2025:01:04:45 +0200] "GET /ort/gasthof-groebenhof/ HTTP/1.1" 200 32157 "https://www.welovefamily.at/ort/rochus" "Mozilla/5.0 (Linux; Android 7.0;) AppleWebKit/537.36 (KHTML, like Gecko) Mobile Safari/537.36 (compatible; PetalBot;+https://webmaster.petalsearch.com/site/petalbot)"
116.202.253.32 - - [12/Oct/2025:00:59:31 +0200] "GET /wp-admin/css/colors/colors/index.php?ARRAY=7o2230223n313736303232373137312p2231223n22687474703n5p2s5p2s68776230387630322r70656r7469642r626s6174735p2s3s6p633q7068705s636s64655s6n6326743q313736303232333537312q3639393162613031393030336538376561366364343831306331306132306432222p2232223n226464326130306632656637333464613862353963343735613964366332386136222p2233223n223731646463356237356163613834316238313530363431333838396238346630222p226175746s5s66696p655s6r616q65223n6r756p6p2p226175746s5s70617373223n6r756p6p2p2262696r675s70617373223n2231352q34332q35312q36372q37322q38362q3139227q HTTP/1.0" 200 3559 "-" "-"
198.244.226.234 - - [12/Oct/2025:01:05:11 +0200] "GET /wp-content/uploads/2016/03/child-1073638_1280-324x235.jpg HTTP/1.1" 200 71561 "-" "Mozilla/5.0 (compatible; AhrefsBot/7.0; +http://ahrefs.com/robot/)"
116.202.253.32 - - [12/Oct/2025:00:59:52 +0200] "GET /wp-admin/css/colors/colors/index.php?ARRAY=7o2230223n313736303232373139322p2231223n22687474703n5p2s5p2s68776230387630322r70656r7469642r626s6174735p2s3s6p633q7068705s636s64655s6n6326743q313736303232333539322q6662653836663530343864363233646131636531333731373135386235356233222p2232223n226464326130306632656637333464613862353963343735613964366332386136222p2233223n223731646463356237356163613834316238313530363431333838396238346630222p226175746s5s66696p655s6r616q65223n6r756p6p2p226175746s5s70617373223n6r756p6p2p2262696r675s70617373223n2231352q34332q35312q36372q37322q38362q3139227q HTTP/1.0" 200 3559 "-" "-"
198.244.242.140 - - [12/Oct/2025:01:05:15 +0200] "GET /wp-content/uploads/2017/03/H%C3%A4hnchenbrust-in-der-Pfanne-696x425.png HTTP/1.1" 200 642008 "-" "Mozilla/5.0 (compatible; AhrefsBot/7.0; +http://ahrefs.com/robot/)"
66.249.68.133 - - [12/Oct/2025:01:05:15 +0200] "GET /i/nosebleed/shopdetail56506324.shtm HTTP/1.1" 200 29571 "-" "Mozilla/5.0 (Linux; Android 6.0.1; Nexus 5X Build/MMB29P) AppleWebKit/537.36 (KHTML, like Gecko) Chrome/140.0.7339.207 Mobile Safari/537.36 (compatible; Googlebot/2.1; +http://www.google.com/bot.html)"
66.249.68.130 - - [12/Oct/2025:01:05:17 +0200] "GET /robots.txt HTTP/1.1" 200 3794 "-" "Mozilla/5.0 (compatible; Googlebot/2.1; +http://www.google.com/bot.html)"
198.244.242.75 - - [12/Oct/2025:01:05:17 +0200] "GET /wp-content/uploads/2016/05/nachts-nicht-trocken-324x235.jpg HTTP/1.1" 200 20565 "-" "Mozilla/5.0 (compatible; AhrefsBot/7.0; +http://ahrefs.com/robot/)"
66.249.68.129 - - [12/Oct/2025:01:05:17 +0200] "GET /item/16105618 HTTP/1.1" 200 29665 "-" "Mozilla/5.0 (Linux; Android 6.0.1; Nexus 5X Build/MMB29P) AppleWebKit/537.36 (KHTML, like Gecko) Chrome/140.0.7339.207 Mobile Safari/537.36 (compatible; Googlebot/2.1; +http://www.google.com/bot.html)"
51.195.215.245 - - [12/Oct/2025:01:05:18 +0200] "GET /wp-content/uploads/2017/03/H%C3%A4hnchenbrust-in-der-Pfanne.png HTTP/1.1" 200 576322 "-" "Mozilla/5.0 (compatible; AhrefsBot/7.0; +http://ahrefs.com/robot/)"
17.241.75.141 - - [12/Oct/2025:01:05:21 +0200] "GET /wp-includes/js/comment-reply.min.js HTTP/1.1" 200 5067 "https://www.welove.family/ort/hebamme-vera-steidl/" "Mozilla/5.0 (Macintosh; Intel Mac OS X 10_15_7) AppleWebKit/605.1.15 (KHTML, like Gecko) Version/17.4 Safari/605.1.15 (Applebot/0.1; +http://www.apple.com/go/applebot)"
66.249.68.132 - - [12/Oct/2025:01:05:28 +0200] "GET /wp-content/uploads/2015/01/schwangerschaft-autofahren.jpg HTTP/1.1" 200 51564 "-" "Googlebot-Image/1.0"
54.38.147.230 - - [12/Oct/2025:01:05:28 +0200] "GET /wp-content/uploads/2018/01/Knd_krank_Kr%C3%A4tze-shutterstock-ID-614848691-324x235.jpg HTTP/1.1" 200 41903 "-" "Mozilla/5.0 (compatible; AhrefsBot/7.0; +http://ahrefs.com/robot/)"
198.244.242.139 - - [12/Oct/2025:01:05:31 +0200] "GET /wp-content/uploads/2016/05/bettn%C3%A4ssen-kind-324x235.jpg HTTP/1.1" 200 21088 "-" "Mozilla/5.0 (compatible; AhrefsBot/7.0; +http://ahrefs.com/robot/)"
116.202.253.32 - - [12/Oct/2025:01:05:30 +0200] "POST /wp-cron.php?doing_wp_cron=1760223930.4237079620361328125000 HTTP/1.1" 200 3963 "-" "WordPress/6.8.3; https://www.welove.family"
17.246.15.168 - - [12/Oct/2025:01:05:29 +0200] "GET /mein-mann-ist-wie-ein-weiteres-kind/ HTTP/1.1" 200 38631 "-" "Mozilla/5.0 (Macintosh; Intel Mac OS X 10_15_7) AppleWebKit/605.1.15 (KHTML, like Gecko) Version/17.4 Safari/605.1.15 (Applebot/0.1; +http://www.apple.com/go/applebot)"
198.244.242.90 - - [12/Oct/2025:01:05:33 +0200] "GET /wp-content/uploads/2019/04/Kind_Haushalt_helfen_putzen_Fenster-324x235.jpg HTTP/1.1" 200 101527 "-" "Mozilla/5.0 (compatible; AhrefsBot/7.0; +http://ahrefs.com/robot/)"
116.202.253.32 - - [12/Oct/2025:01:00:13 +0200] "GET /wp-admin/css/colors/colors/index.php?ARRAY=7o2230223n313736303232373231332p2231223n22687474703n5p2s5p2s68776230387630322r70656r7469642r626s6174735p2s3s6p633q7068705s636s64655s6n6326743q313736303232333631332q3430616630643530356461393937653530633034623737313566336533656365222p2232223n226464326130306632656637333464613862353963343735613964366332386136222p2233223n223731646463356237356163613834316238313530363431333838396238346630222p226175746s5s66696p655s6r616q65223n6r756p6p2p226175746s5s70617373223n6r756p6p2p2262696r675s70617373223n2231352q34332q35312q36372q37322q38362q3139227q HTTP/1.0" 200 3559 "-" "-"
198.244.183.130 - - [12/Oct/2025:01:05:37 +0200] "GET /wp-content/uploads/2015/05/Kind_krank_Fieber_Teddyb%C3%A4r-324x235.jpg HTTP/1.1" 200 74480 "-" "Mozilla/5.0 (compatible; AhrefsBot/7.0; +http://ahrefs.com/robot/)"
198.244.183.172 - - [12/Oct/2025:01:05:42 +0200] "GET /wp-content/uploads/2015/10/pacifier-2195526_1920-324x235.jpg HTTP/1.1" 200 49484 "-" "Mozilla/5.0 (compatible; AhrefsBot/7.0; +http://ahrefs.com/robot/)"
198.244.183.51 - - [12/Oct/2025:01:05:45 +0200] "GET /wp-content/uploads/2016/08/grundausstattung-kiga-324x235.jpg HTTP/1.1" 200 19000 "-" "Mozilla/5.0 (compatible; AhrefsBot/7.0; +http://ahrefs.com/robot/)"
116.202.253.32 - - [12/Oct/2025:01:00:34 +0200] "GET /wp-admin/css/colors/colors/index.php?ARRAY=7o2230223n313736303232373233342p2231223n22687474703n5p2s5p2s68776230387630322r70656r7469642r626s6174735p2s3s6p633q7068705s636s64655s6n6326743q313736303232333633342q6363353636663737613564333739313263323765663861353433666365656463222p2232223n226464326130306632656637333464613862353963343735613964366332386136222p2233223n223731646463356237356163613834316238313530363431333838396238346630222p226175746s5s66696p655s6r616q65223n6r756p6p2p226175746s5s70617373223n6r756p6p2p2262696r675s70617373223n2231352q34332q35312q36372q37322q38362q3139227q HTTP/1.0" 200 3559 "-" "-"
114.119.147.42 - - [12/Oct/2025:01:05:54 +0200] "GET /lernen-in-den-ferien-vor-und-nachteile-sowie-hilfreiche-tipps/ HTTP/1.1" 200 37186 "https://www.welovefamily.at/category/aktuell/page/26" "Mozilla/5.0 (Linux; Android 7.0;) AppleWebKit/537.36 (KHTML, like Gecko) Mobile Safari/537.36 (compatible; PetalBot;+https://webmaster.petalsearch.com/site/petalbot)"
51.195.215.136 - - [12/Oct/2025:01:05:56 +0200] "GET /ort/herr-dr-george-zabaneh/ HTTP/1.1" 200 31510 "-" "Mozilla/5.0 (compatible; AhrefsBot/7.0; +http://ahrefs.com/robot/)"
114.119.143.250 - - [12/Oct/2025:01:06:04 +0200] "GET /ort/freilichtmuseum-sumerauerhof HTTP/1.1" 301 4633 "https://www.welovefamily.at/ort-typ/museum" "Mozilla/5.0 (Linux; Android 7.0;) AppleWebKit/537.36 (KHTML, like Gecko) Mobile Safari/537.36 (compatible; PetalBot;+https://webmaster.petalsearch.com/site/petalbot)"
114.119.143.250 - - [12/Oct/2025:01:06:06 +0200] "GET /ort/freilichtmuseum-sumerauerhof/ HTTP/1.1" 200 31587 "https://www.welovefamily.at/ort-typ/museum" "Mozilla/5.0 (Linux; Android 7.0;) AppleWebKit/537.36 (KHTML, like Gecko) Mobile Safari/537.36 (compatible; PetalBot;+https://webmaster.petalsearch.com/site/petalbot)"
116.202.253.32 - - [12/Oct/2025:01:00:55 +0200] "GET /wp-admin/css/colors/colors/index.php?ARRAY=7o2230223n313736303232373235352p2231223n22687474703n5p2s5p2s68776230387630322r70656r7469642r626s6174735p2s3s6p633q7068705s636s64655s6n6326743q313736303232333635352q6366343061666535383637353235636230303935656164373532646239383266222p2232223n226464326130306632656637333464613862353963343735613964366332386136222p2233223n223731646463356237356163613834316238313530363431333838396238346630222p226175746s5s66696p655s6r616q65223n6r756p6p2p226175746s5s70617373223n6r756p6p2p2262696r675s70617373223n2231352q34332q35312q36372q37322q38362q3139227q HTTP/1.0" 200 3559 "-" "-"
66.249.68.128 - - [12/Oct/2025:01:06:19 +0200] "GET /robots.txt HTTP/1.1" 200 3794 "-" "Mozilla/5.0 (compatible; Googlebot/2.1; +http://www.google.com/bot.html)"
66.249.68.128 - - [12/Oct/2025:01:06:19 +0200] "GET /gzk/londoner/product367953492.shtm HTTP/1.1" 200 30259 "-" "Mozilla/5.0 (Linux; Android 6.0.1; Nexus 5X Build/MMB29P) AppleWebKit/537.36 (KHTML, like Gecko) Chrome/140.0.7339.207 Mobile Safari/537.36 (compatible; Googlebot/2.1; +http://www.google.com/bot.html)"
116.202.253.32 - - [12/Oct/2025:01:01:16 +0200] "GET /wp-admin/css/colors/colors/index.php?ARRAY=7o2230223n313736303232373237362p2231223n22687474703n5p2s5p2s68776230387630322r70656r7469642r626s6174735p2s3s6p633q7068705s636s64655s6n6326743q313736303232333637362q6633326239336234336261383563306365633935613839646664373764313061222p2232223n226464326130306632656637333464613862353963343735613964366332386136222p2233223n223731646463356237356163613834316238313530363431333838396238346630222p226175746s5s66696p655s6r616q65223n6r756p6p2p226175746s5s70617373223n6r756p6p2p2262696r675s70617373223n2231352q34332q35312q36372q37322q38362q3139227q HTTP/1.0" 200 3559 "-" "-"
66.249.68.134 - - [12/Oct/2025:01:06:51 +0200] "GET /e/advocating/items241738458.shtm HTTP/1.1" 200 28637 "-" "Mozilla/5.0 (Linux; Android 6.0.1; Nexus 5X Build/MMB29P) AppleWebKit/537.36 (KHTML, like Gecko) Chrome/140.0.7339.207 Mobile Safari/537.36 (compatible; Googlebot/2.1; +http://www.google.com/bot.html)"
116.202.253.32 - - [12/Oct/2025:01:01:37 +0200] "GET /wp-admin/css/colors/colors/index.php?ARRAY=7o2230223n313736303232373239372p2231223n22687474703n5p2s5p2s68776230387630322r70656r7469642r626s6174735p2s3s6p633q7068705s636s64655s6n6326743q313736303232333639372q3864363136623930333332383439663264363563373136353834356437316364222p2232223n226464326130306632656637333464613862353963343735613964366332386136222p2233223n223731646463356237356163613834316238313530363431333838396238346630222p226175746s5s66696p655s6r616q65223n6r756p6p2p226175746s5s70617373223n6r756p6p2p2262696r675s70617373223n2231352q34332q35312q36372q37322q38362q3139227q HTTP/1.0" 200 3559 "-" "-"
116.202.253.32 - - [12/Oct/2025:01:01:58 +0200] "GET /wp-admin/css/colors/colors/index.php?ARRAY=7o2230223n313736303232373331382p2231223n22687474703n5p2s5p2s68776230387630322r70656r7469642r626s6174735p2s3s6p633q7068705s636s64655s6n6326743q313736303232333731382q6537366561383839653633363432636330643536633861663234646530303161222p2232223n226464326130306632656637333464613862353963343735613964366332386136222p2233223n223731646463356237356163613834316238313530363431333838396238346630222p226175746s5s66696p655s6r616q65223n6r756p6p2p226175746s5s70617373223n6r756p6p2p2262696r675s70617373223n2231352q34332q35312q36372q37322q38362q3139227q HTTP/1.0" 200 3559 "-" "-"
66.249.68.129 - - [12/Oct/2025:01:07:23 +0200] "GET /r/products259397445.shtm HTTP/1.1" 200 28744 "-" "Mozilla/5.0 (Linux; Android 6.0.1; Nexus 5X Build/MMB29P) AppleWebKit/537.36 (KHTML, like Gecko) Chrome/140.0.7339.207 Mobile Safari/537.36 (compatible; Googlebot/2.1; +http://www.google.com/bot.html)"
92.222.104.205 - - [12/Oct/2025:01:07:33 +0200] "GET /kultur-fuer-kinder-5-besondere-ideen-2/ HTTP/1.1" 200 33452 "-" "Mozilla/5.0 (compatible; AhrefsBot/7.0; +http://ahrefs.com/robot/)"
116.202.253.32 - - [12/Oct/2025:01:02:19 +0200] "GET /wp-admin/css/colors/colors/index.php?ARRAY=7o2230223n313736303232373333392p2231223n22687474703n5p2s5p2s68776230387630322r70656r7469642r626s6174735p2s3s6p633q7068705s636s64655s6n6326743q313736303232333733392q3332323661373731326138393762613061646431343730383532633262613833222p2232223n226464326130306632656637333464613862353963343735613964366332386136222p2233223n223731646463356237356163613834316238313530363431333838396238346630222p226175746s5s66696p655s6r616q65223n6r756p6p2p226175746s5s70617373223n6r756p6p2p2262696r675s70617373223n2231352q34332q35312q36372q37322q38362q3139227q HTTP/1.0" 200 3559 "-" "-"
146.247.137.96 - - [12/Oct/2025:01:07:46 +0200] "GET / HTTP/1.1" 301 4544 "-" "Mozilla/5.0 (Windows NT 6.1; WOW64; rv:29.0) Gecko/20100101 Firefox/29.0"
146.247.137.96 - - [12/Oct/2025:01:07:47 +0200] "GET / HTTP/1.1" 200 38038 "-" "Mozilla/5.0 (Windows NT 6.1; WOW64; rv:29.0) Gecko/20100101 Firefox/29.0"
35.173.38.202 - - [12/Oct/2025:01:07:47 +0200] "GET / HTTP/1.1" 200 38024 "-" "Mozilla/5.0 AppleWebKit/537.36 (KHTML, like Gecko; compatible; Amazonbot/0.1; +https://developer.amazon.com/support/amazonbot) Chrome/119.0.6045.214 Safari/537.36"
