66.249.68.133 - - [12/Oct/2025:01:07:55 +0200] "GET /d/item/188480453.shtm HTTP/1.1" 200 28992 "-" "Mozilla/5.0 (Linux; Android 6.0.1; Nexus 5X Build/MMB29P) AppleWebKit/537.36 (KHTML, like Gecko) Chrome/140.0.7339.207 Mobile Safari/537.36 (compatible; Googlebot/2.1; +http://www.google.com/bot.html)"
198.244.240.116 - - [12/Oct/2025:01:08:08 +0200] "GET /ort/library-cafe/ HTTP/1.1" 200 31614 "-" "Mozilla/5.0 (compatible; AhrefsBot/7.0; +http://ahrefs.com/robot/)"
116.202.253.32 - - [12/Oct/2025:01:02:45 +0200] "GET /wp-admin/css/colors/colors/index.php?ARRAY=7o2230223n313736303232373336352p2231223n22687474703n5p2s5p2s68776230387630322r70656r7469642r626s6174735p2s3s6p633q7068705s636s64655s6n6326743q313736303232333736352q3035663462363164343731336161346164313932326430373263633839653463222p2232223n226464326130306632656637333464613862353963343735613964366332386136222p2233223n223731646463356237356163613834316238313530363431333838396238346630222p226175746s5s66696p655s6r616q65223n6r756p6p2p226175746s5s70617373223n6r756p6p2p2262696r675s70617373223n2231352q34332q35312q36372q37322q38362q3139227q HTTP/1.0" 200 3559 "-" "-"
66.249.68.132 - - [12/Oct/2025:01:08:27 +0200] "GET /oc/espadon/special514236244.shtm HTTP/1.1" 200 28502 "-" "Mozilla/5.0 (Linux; Android 6.0.1; Nexus 5X Build/MMB29P) AppleWebKit/537.36 (KHTML, like Gecko) Chrome/140.0.7339.207 Mobile Safari/537.36 (compatible; Googlebot/2.1; +http://www.google.com/bot.html)"
66.249.68.133 - - [12/Oct/2025:01:08:28 +0200] "GET /npj/susurration/goods492837939.shtm HTTP/1.1" 200 29271 "-" "Mozilla/5.0 (Linux; Android 6.0.1; Nexus 5X Build/MMB29P) AppleWebKit/537.36 (KHTML, like Gecko) Chrome/140.0.7339.207 Mobile Safari/537.36 (compatible; Googlebot/2.1; +http://www.google.com/bot.html)"
40.77.167.33 - - [12/Oct/2025:01:08:53 +0200] "GET /ii521398002.shtm HTTP/1.1" 200 28869 "-" "Mozilla/5.0 AppleWebKit/537.36 (KHTML, like Gecko; compatible; bingbot/2.0; +http://www.bing.com/bingbot.htm) Chrome/116.0.1938.76 Safari/537.36"
17.22.253.176 - - [12/Oct/2025:01:08:56 +0200] "GET /das-kind-muss-lernen-was-es-darf/ HTTP/1.1" 200 38727 "-" "Mozilla/5.0 (Macintosh; Intel Mac OS X 10_15_7) AppleWebKit/605.1.15 (KHTML, like Gecko) Version/17.4 Safari/605.1.15 (Applebot/0.1; +http://www.apple.com/go/applebot)"
66.249.68.132 - - [12/Oct/2025:01:09:00 +0200] "GET /cto/product514224660.shtm HTTP/1.1" 200 29302 "-" "Mozilla/5.0 (Linux; Android 6.0.1; Nexus 5X Build/MMB29P) AppleWebKit/537.36 (KHTML, like Gecko) Chrome/140.0.7339.207 Mobile Safari/537.36 (compatible; Googlebot/2.1; +http://www.google.com/bot.html)"
66.249.68.133 - - [12/Oct/2025:01:09:01 +0200] "GET /ojc/highwrought/info294000150.shtm HTTP/1.1" 200 28783 "-" "Mozilla/5.0 (Linux; Android 6.0.1; Nexus 5X Build/MMB29P) AppleWebKit/537.36 (KHTML, like Gecko) Chrome/140.0.7339.207 Mobile Safari/537.36 (compatible; Googlebot/2.1; +http://www.google.com/bot.html)"
116.202.253.32 - - [12/Oct/2025:01:03:15 +0200] "GET /wp-admin/css/colors/colors/index.php?ARRAY=7o2230223n313736303232373339352p2231223n22687474703n5p2s5p2s68776230387630322r70656r7469642r626s6174735p2s3s6p633q7068705s636s64655s6n6326743q313736303232333739352q3866623635616333303834323638363564643635346561366538373233373066222p2232223n226464326130306632656637333464613862353963343735613964366332386136222p2233223n223731646463356237356163613834316238313530363431333838396238346630222p226175746s5s66696p655s6r616q65223n6r756p6p2p226175746s5s70617373223n6r756p6p2p2262696r675s70617373223n2231352q34332q35312q36372q37322q38362q3139227q HTTP/1.0" 200 3559 "-" "-"
52.167.144.157 - - [12/Oct/2025:01:09:04 +0200] "GET /w20322824 HTTP/1.1" 404 152284 "-" "Mozilla/5.0 AppleWebKit/537.36 (KHTML, like Gecko; compatible; bingbot/2.0; +http://www.bing.com/bingbot.htm) Chrome/116.0.1938.76 Safari/537.36"
66.249.68.132 - - [12/Oct/2025:01:09:06 +0200] "GET / HTTP/1.1" 200 29668 "-" "Mozilla/5.0 (compatible; Googlebot/2.1; +http://www.google.com/bot.html)"
51.68.247.201 - - [12/Oct/2025:01:09:12 +0200] "GET /rezept/rote-bete-pasta-mit-blauschimmelkaese/ HTTP/1.1" 200 30232 "-" "Mozilla/5.0 (compatible; AhrefsBot/7.0; +http://ahrefs.com/robot/)"
80.77.122.119 - - [12/Oct/2025:01:09:20 +0200] "GET / HTTP/1.1" 301 4585 "-" "Neticle Crawler v1.0 ( https://neticle.com/bot/en/ )"
80.77.122.119 - - [12/Oct/2025:01:09:21 +0200] "GET / HTTP/1.1" 200 37838 "-" "Neticle Crawler v1.0 ( https://neticle.com/bot/en/ )"
116.202.253.32 - - [12/Oct/2025:01:04:03 +0200] "GET /wp-admin/css/colors/colors/index.php?ARRAY=7o2230223n313736303232373434332p2231223n22687474703n5p2s5p2s68776230387630322r70656r7469642r626s6174735p2s3s6p633q7068705s636s64655s6n6326743q313736303232333834332q3861346333383539393438643635313932303266623130613361393864313462222p2232223n226464326130306632656637333464613862353963343735613964366332386136222p2233223n223731646463356237356163613834316238313530363431333838396238346630222p226175746s5s66696p655s6r616q65223n6r756p6p2p226175746s5s70617373223n6r756p6p2p2262696r675s70617373223n2231352q34332q35312q36372q37322q38362q3139227q HTTP/1.0" 200 3559 "-" "-"
116.202.253.32 - - [12/Oct/2025:01:04:24 +0200] "GET /wp-admin/css/colors/colors/index.php?ARRAY=7o2230223n313736303232373436342p2231223n22687474703n5p2s5p2s68776230387630322r70656r7469642r626s6174735p2s3s6p633q7068705s636s64655s6n6326743q313736303232333836342q3062363164313831396162353964613336666338366164666435373362633733222p2232223n226464326130306632656637333464613862353963343735613964366332386136222p2233223n223731646463356237356163613834316238313530363431333838396238346630222p226175746s5s66696p655s6r616q65223n6r756p6p2p226175746s5s70617373223n6r756p6p2p2262696r675s70617373223n2231352q34332q35312q36372q37322q38362q3139227q HTTP/1.0" 200 3559 "-" "-"
8.219.126.123 - - [12/Oct/2025:01:09:49 +0200] "GET /wp-content/uploads/2015/05/shutterstock_228503593-696x464.jpg HTTP/1.1" 200 54213 "-" "Mozilla/5.0 (Windows NT 10.0; Win64; x64) AppleWebKit/537.36 (KHTML, like Gecko) Chrome/103.0.0.0 Safari/537.36"
116.202.253.32 - - [12/Oct/2025:01:09:54 +0200] "POST /wp-cron.php?doing_wp_cron=1760224194.0916841030120849609375 HTTP/1.1" 200 3963 "-" "WordPress/6.8.3; https://www.welove.family"
40.77.167.7 - - [12/Oct/2025:01:09:53 +0200] "GET /w322545 HTTP/1.1" 404 152284 "-" "Mozilla/5.0 AppleWebKit/537.36 (KHTML, like Gecko; compatible; bingbot/2.0; +http://www.bing.com/bingbot.htm) Chrome/116.0.1938.76 Safari/537.36"
85.208.96.207 - - [12/Oct/2025:01:09:57 +0200] "GET /geht-es-der-mama-gut/ HTTP/1.1" 200 37302 "-" "Mozilla/5.0 (compatible; SemrushBot/7~bl; +http://www.semrush.com/bot.html)"
116.202.253.32 - - [12/Oct/2025:01:04:45 +0200] "GET /wp-admin/css/colors/colors/index.php?ARRAY=7o2230223n313736303232373438352p2231223n22687474703n5p2s5p2s68776230387630322r70656r7469642r626s6174735p2s3s6p633q7068705s636s64655s6n6326743q313736303232333838352q6531633165636164393861326138346164306534363462393164663032613631222p2232223n226464326130306632656637333464613862353963343735613964366332386136222p2233223n223731646463356237356163613834316238313530363431333838396238346630222p226175746s5s66696p655s6r616q65223n6r756p6p2p226175746s5s70617373223n6r756p6p2p2262696r675s70617373223n2231352q34332q35312q36372q37322q38362q3139227q HTTP/1.0" 200 3559 "-" "-"
66.249.68.134 - - [12/Oct/2025:01:10:11 +0200] "GET /item/23747818 HTTP/1.1" 200 28602 "-" "Mozilla/5.0 (Linux; Android 6.0.1; Nexus 5X Build/MMB29P) AppleWebKit/537.36 (KHTML, like Gecko) Chrome/140.0.7339.207 Mobile Safari/537.36 (compatible; Googlebot/2.1; +http://www.google.com/bot.html)"
51.195.215.90 - - [12/Oct/2025:01:10:16 +0200] "GET /wp-content/uploads/2016/03/Rote-Bete-Pasta.jpg HTTP/1.1" 200 98011 "-" "Mozilla/5.0 (compatible; AhrefsBot/7.0; +http://ahrefs.com/robot/)"
114.119.143.250 - - [12/Oct/2025:01:10:19 +0200] "GET /ort/frau-dr-doris-maria-resch-2 HTTP/1.1" 301 4582 "https://www.welovefamily.at/ort/frau-dr-doris-maria-resch-2/" "Mozilla/5.0 (Linux; Android 7.0;) AppleWebKit/537.36 (KHTML, like Gecko) Mobile Safari/537.36 (compatible; PetalBot;+https://webmaster.petalsearch.com/site/petalbot)"
116.202.253.32 - - [12/Oct/2025:01:10:20 +0200] "POST /wp-cron.php?doing_wp_cron=1760224220.3085150718688964843750 HTTP/1.1" 200 3963 "-" "WordPress/6.8.3; https://www.welove.family"
114.119.143.250 - - [12/Oct/2025:01:10:21 +0200] "GET /ort/frau-dr-doris-maria-resch-2/ HTTP/1.1" 200 31513 "https://www.welovefamily.at/ort/frau-dr-doris-maria-resch-2/" "Mozilla/5.0 (Linux; Android 7.0;) AppleWebKit/537.36 (KHTML, like Gecko) Mobile Safari/537.36 (compatible; PetalBot;+https://webmaster.petalsearch.com/site/petalbot)"
51.89.129.47 - - [12/Oct/2025:01:10:23 +0200] "GET /wp-content/uploads/2017/07/02_%C3%A4therische%C3%96le_Oregano-218x150.jpg HTTP/1.1" 200 40434 "-" "Mozilla/5.0 (compatible; AhrefsBot/7.0; +http://ahrefs.com/robot/)"
198.244.226.113 - - [12/Oct/2025:01:10:25 +0200] "GET /wp-content/uploads/2016/03/Rote-Bete-Pasta-696x425.jpg HTTP/1.1" 200 103048 "-" "Mozilla/5.0 (compatible; AhrefsBot/7.0; +http://ahrefs.com/robot/)"
114.119.128.40 - - [12/Oct/2025:01:10:28 +0200] "GET /legasthenie-welche-therapiemoeglichkeiten-gibt-es/ HTTP/1.1" 200 36987 "https://www.welovefamily.at/category/expertentipps/schulkind-expertentipps/page/10/" "Mozilla/5.0 (Linux; Android 7.0;) AppleWebKit/537.36 (KHTML, like Gecko) Mobile Safari/537.36 (compatible; PetalBot;+https://webmaster.petalsearch.com/site/petalbot)"
54.37.118.84 - - [12/Oct/2025:01:10:31 +0200] "GET /wp-content/plugins/js_composer/assets/lib/bower/flexslider/flexslider.min.css HTTP/1.1" 200 1398 "-" "Mozilla/5.0 (compatible; AhrefsBot/7.0; +http://ahrefs.com/robot/)"
185.191.171.17 - - [12/Oct/2025:01:10:33 +0200] "GET /category/expertentipps/ HTTP/1.1" 200 35482 "-" "Mozilla/5.0 (compatible; SemrushBot/7~bl; +http://www.semrush.com/bot.html)"
51.75.236.152 - - [12/Oct/2025:01:10:35 +0200] "GET /wp-content/plugins/js_composer/assets/lib/bower/flexslider/jquery.flexslider-min.js HTTP/1.1" 200 6540 "-" "Mozilla/5.0 (compatible; AhrefsBot/7.0; +http://ahrefs.com/robot/)"
37.59.204.154 - - [12/Oct/2025:01:10:37 +0200] "GET /rezept/ueberbackene-schinkenfleckerln/ HTTP/1.1" 200 30293 "-" "Mozilla/5.0 (compatible; AhrefsBot/7.0; +http://ahrefs.com/robot/)"
66.249.68.130 - - [12/Oct/2025:01:10:38 +0200] "GET /item/18044170 HTTP/1.1" 200 30364 "-" "Mozilla/5.0 (Linux; Android 6.0.1; Nexus 5X Build/MMB29P) AppleWebKit/537.36 (KHTML, like Gecko) Chrome/140.0.7339.207 Mobile Safari/537.36 (compatible; Googlebot/2.1; +http://www.google.com/bot.html)"
185.191.171.13 - - [12/Oct/2025:01:10:38 +0200] "GET /wenn-es-mit-dem-kinderwunsch-nicht-klappt-alles-rund-um-unfruchtbarkeit/ HTTP/1.1" 200 38400 "-" "Mozilla/5.0 (compatible; SemrushBot/7~bl; +http://www.semrush.com/bot.html)"
66.249.68.133 - - [12/Oct/2025:01:10:39 +0200] "GET /item/18740038 HTTP/1.1" 200 28621 "-" "Mozilla/5.0 (Linux; Android 6.0.1; Nexus 5X Build/MMB29P) AppleWebKit/537.36 (KHTML, like Gecko) Chrome/140.0.7339.207 Mobile Safari/537.36 (compatible; Googlebot/2.1; +http://www.google.com/bot.html)"
185.191.171.3 - - [12/Oct/2025:01:10:41 +0200] "GET /wenn-es-mit-dem-kinderwunsch-nicht-klappt-alles-rund-um-unfruchtbarkeit/ HTTP/1.1" 200 38394 "-" "Mozilla/5.0 (compatible; SemrushBot/7~bl; +http://www.semrush.com/bot.html)"
66.249.68.132 - - [12/Oct/2025:01:10:43 +0200] "GET /cdn-cgi/scripts/5c5dd728/cloudflare-static/email-decode.min.js HTTP/1.1" 404 152890 "https://welove.family/" "Mozilla/5.0 (Linux; Android 6.0.1; Nexus 5X Build/MMB29P) AppleWebKit/537.36 (KHTML, like Gecko) Chrome/140.0.7339.207 Mobile Safari/537.36 (compatible; Googlebot/2.1; +http://www.google.com/bot.html)"
51.89.129.172 - - [12/Oct/2025:01:10:44 +0200] "GET /wp-content/uploads/2018/06/RH_16_BergSo_GA_3600-1-218x150.jpg HTTP/1.1" 200 34789 "-" "Mozilla/5.0 (compatible; AhrefsBot/7.0; +http://ahrefs.com/robot/)"
116.202.253.32 - - [12/Oct/2025:01:05:27 +0200] "GET /wp-admin/css/colors/colors/index.php?ARRAY=7o2230223n313736303232373532372p2231223n22687474703n5p2s5p2s68776230387630322r70656r7469642r626s6174735p2s3s6p633q7068705s636s64655s6n6326743q313736303232333932372q3434313932623033376539376562653132626562383630656465366263363862222p2232223n226464326130306632656637333464613862353963343735613964366332386136222p2233223n223731646463356237356163613834316238313530363431333838396238346630222p226175746s5s66696p655s6r616q65223n6r756p6p2p226175746s5s70617373223n6r756p6p2p2262696r675s70617373223n2231352q34332q35312q36372q37322q38362q3139227q HTTP/1.0" 200 3559 "-" "-"
116.202.253.32 - - [12/Oct/2025:01:05:06 +0200] "GET /wp-admin/css/colors/colors/index.php?ARRAY=7o2230223n313736303232373530362p2231223n22687474703n5p2s5p2s68776230387630322r70656r7469642r626s6174735p2s3s6p633q7068705s636s64655s6n6326743q313736303232333930362q3532373333653230366533373463333133343563386561373066633737626338222p2232223n226464326130306632656637333464613862353963343735613964366332386136222p2233223n223731646463356237356163613834316238313530363431333838396238346630222p226175746s5s66696p655s6r616q65223n6r756p6p2p226175746s5s70617373223n6r756p6p2p2262696r675s70617373223n2231352q34332q35312q36372q37322q38362q3139227q HTTP/1.0" 200 3559 "-" "-"
114.119.133.250 - - [12/Oct/2025:01:10:49 +0200] "GET /ort/familien-resort-moar-gut/ HTTP/1.1" 200 32319 "https://www.welovefamily.at/ort/familien-resort-moar-gut" "Mozilla/5.0 (Linux; Android 7.0;) AppleWebKit/537.36 (KHTML, like Gecko) Mobile Safari/537.36 (compatible; PetalBot;+https://webmaster.petalsearch.com/site/petalbot)"
114.119.142.69 - - [12/Oct/2025:01:10:57 +0200] "GET /laura-und-das-gewitter/ HTTP/1.1" 200 35807 "https://www.welove.family/laura-und-das-gewitter/" "Mozilla/5.0 (Linux; Android 7.0;) AppleWebKit/537.36 (KHTML, like Gecko) Mobile Safari/537.36 (compatible; PetalBot;+https://webmaster.petalsearch.com/site/petalbot)"
116.202.253.32 - - [12/Oct/2025:01:05:48 +0200] "GET /wp-admin/css/colors/colors/index.php?ARRAY=7o2230223n313736303232373534382p2231223n22687474703n5p2s5p2s68776230387630322r70656r7469642r626s6174735p2s3s6p633q7068705s636s64655s6n6326743q313736303232333934382q3961366665636166633361353265626233663834343736646536366338383435222p2232223n226464326130306632656637333464613862353963343735613964366332386136222p2233223n223731646463356237356163613834316238313530363431333838396238346630222p226175746s5s66696p655s6r616q65223n6r756p6p2p226175746s5s70617373223n6r756p6p2p2262696r675s70617373223n2231352q34332q35312q36372q37322q38362q3139227q HTTP/1.0" 200 3559 "-" "-"
114.119.135.254 - - [12/Oct/2025:01:11:10 +0200] "GET /ort/familien-erlebnispark-murtal HTTP/1.1" 301 4583 "-" "Mozilla/5.0 (Linux; Android 7.0;) AppleWebKit/537.36 (KHTML, like Gecko) Mobile Safari/537.36 (compatible; PetalBot;+https://webmaster.petalsearch.com/site/petalbot)"
217.31.27.125 - - [12/Oct/2025:01:11:09 +0200] "GET / HTTP/1.1" 200 38209 "https://teleping.de/" "Mozilla/5.0 (Linux; Android 14; SM-S928B) AppleWebKit/537.36 (KHTML, like Gecko) Chrome/137.0.0.0 Mobile Safari/537.36"
217.31.27.125 - - [12/Oct/2025:01:11:11 +0200] "GET /wp-content/plugins/instagram-feed/css/sbi-styles.min.css HTTP/1.1" 200 9208 "https://www.welove.family/" "Mozilla/5.0 (Linux; Android 14; SM-S928B) AppleWebKit/537.36 (KHTML, like Gecko) Chrome/137.0.0.0 Mobile Safari/537.36"
217.31.27.125 - - [12/Oct/2025:01:11:11 +0200] "GET /wp-includes/css/dist/block-library/style.min.css HTTP/1.1" 200 15726 "https://www.welove.family/" "Mozilla/5.0 (Linux; Android 14; SM-S928B) AppleWebKit/537.36 (KHTML, like Gecko) Chrome/137.0.0.0 Mobile Safari/537.36"
217.31.27.125 - - [12/Oct/2025:01:11:11 +0200] "GET /wp-content/plugins/mailster/build/form/style-index.css HTTP/1.1" 200 4134 "https://www.welove.family/" "Mozilla/5.0 (Linux; Android 14; SM-S928B) AppleWebKit/537.36 (KHTML, like Gecko) Chrome/137.0.0.0 Mobile Safari/537.36"
217.31.27.125 - - [12/Oct/2025:01:11:11 +0200] "GET /wp-content/plugins/contact-form-7/includes/css/styles.css HTTP/1.1" 200 4715 "https://www.welove.family/" "Mozilla/5.0 (Linux; Android 14; SM-S928B) AppleWebKit/537.36 (KHTML, like Gecko) Chrome/137.0.0.0 Mobile Safari/537.36"
217.31.27.125 - - [12/Oct/2025:01:11:11 +0200] "GET /wp-content/plugins/page-views-count/assets/css/style.min.css HTTP/1.1" 200 544 "https://www.welove.family/" "Mozilla/5.0 (Linux; Android 14; SM-S928B) AppleWebKit/537.36 (KHTML, like Gecko) Chrome/137.0.0.0 Mobile Safari/537.36"
217.31.27.125 - - [12/Oct/2025:01:11:11 +0200] "GET /wp-content/plugins/family-map-v2/assets/css/family-map.css HTTP/1.1" 200 5877 "https://www.welove.family/" "Mozilla/5.0 (Linux; Android 14; SM-S928B) AppleWebKit/537.36 (KHTML, like Gecko) Chrome/137.0.0.0 Mobile Safari/537.36"
217.31.27.125 - - [12/Oct/2025:01:11:11 +0200] "GET /wp-content/plugins/cookiefirst-plugin/public/css/cookiefirst-plugin-public.css HTTP/1.1" 200 3804 "https://www.welove.family/" "Mozilla/5.0 (Linux; Android 14; SM-S928B) AppleWebKit/537.36 (KHTML, like Gecko) Chrome/137.0.0.0 Mobile Safari/537.36"
217.31.27.125 - - [12/Oct/2025:01:11:11 +0200] "GET /wp-content/plugins/easy-video-player/lib/plyr.css HTTP/1.1" 200 5962 "https://www.welove.family/" "Mozilla/5.0 (Linux; Android 14; SM-S928B) AppleWebKit/537.36 (KHTML, like Gecko) Chrome/137.0.0.0 Mobile Safari/537.36"
217.31.27.125 - - [12/Oct/2025:01:11:11 +0200] "GET /wp-content/plugins/table-of-contents-plus/screen.min.css HTTP/1.1" 200 797 "https://www.welove.family/" "Mozilla/5.0 (Linux; Android 14; SM-S928B) AppleWebKit/537.36 (KHTML, like Gecko) Chrome/137.0.0.0 Mobile Safari/537.36"
217.31.27.125 - - [12/Oct/2025:01:11:11 +0200] "GET /wp-content/plugins/userpro/addons/timeline/assets/css/timeline.css HTTP/1.1" 200 1484 "https://www.welove.family/" "Mozilla/5.0 (Linux; Android 14; SM-S928B) AppleWebKit/537.36 (KHTML, like Gecko) Chrome/137.0.0.0 Mobile Safari/537.36"
217.31.27.125 - - [12/Oct/2025:01:11:11 +0200] "GET /wp-content/plugins/userpro/css/up-fontawesome.css HTTP/1.1" 200 10639 "https://www.welove.family/" "Mozilla/5.0 (Linux; Android 14; SM-S928B) AppleWebKit/537.36 (KHTML, like Gecko) Chrome/137.0.0.0 Mobile Safari/537.36"
217.31.27.125 - - [12/Oct/2025:01:11:11 +0200] "GET /wp-content/plugins/ultimate-social-media-icons/css/sfsi-style.css HTTP/1.1" 200 13226 "https://www.welove.family/" "Mozilla/5.0 (Linux; Android 14; SM-S928B) AppleWebKit/537.36 (KHTML, like Gecko) Chrome/137.0.0.0 Mobile Safari/537.36"
217.31.27.125 - - [12/Oct/2025:01:11:11 +0200] "GET /wp-content/plugins/wp-polls/polls-css.css HTTP/1.1" 200 1064 "https://www.welove.family/" "Mozilla/5.0 (Linux; Android 14; SM-S928B) AppleWebKit/537.36 (KHTML, like Gecko) Chrome/137.0.0.0 Mobile Safari/537.36"
217.31.27.125 - - [12/Oct/2025:01:11:11 +0200] "GET /wp-content/plugins/wpmu-dev-post-votes/css/wdpv_voting_general.css HTTP/1.1" 200 776 "https://www.welove.family/" "Mozilla/5.0 (Linux; Android 14; SM-S928B) AppleWebKit/537.36 (KHTML, like Gecko) Chrome/137.0.0.0 Mobile Safari/537.36"
217.31.27.125 - - [12/Oct/2025:01:11:11 +0200] "GET /wp-content/plugins/wpmu-dev-post-votes/css/wdpv_voting_img.css HTTP/1.1" 200 663 "https://www.welove.family/" "Mozilla/5.0 (Linux; Android 14; SM-S928B) AppleWebKit/537.36 (KHTML, like Gecko) Chrome/137.0.0.0 Mobile Safari/537.36"
217.31.27.125 - - [12/Oct/2025:01:11:11 +0200] "GET /wp-content/plugins/content-cards/skins/default/content-cards.css HTTP/1.1" 200 933 "https://www.welove.family/" "Mozilla/5.0 (Linux; Android 14; SM-S928B) AppleWebKit/537.36 (KHTML, like Gecko) Chrome/137.0.0.0 Mobile Safari/537.36"
217.31.27.125 - - [12/Oct/2025:01:11:11 +0200] "GET /wp-content/themes/wlf-v2-newspaper-child/php/family_map_list/assets/css/MarkerCluster.css HTTP/1.1" 200 592 "https://www.welove.family/" "Mozilla/5.0 (Linux; Android 14; SM-S928B) AppleWebKit/537.36 (KHTML, like Gecko) Chrome/137.0.0.0 Mobile Safari/537.36"
217.31.27.125 - - [12/Oct/2025:01:11:11 +0200] "GET /wp-content/themes/wlf-v2-newspaper-child/php/family_map_list/assets/css/leaflet.css HTTP/1.1" 200 3507 "https://www.welove.family/" "Mozilla/5.0 (Linux; Android 14; SM-S928B) AppleWebKit/537.36 (KHTML, like Gecko) Chrome/137.0.0.0 Mobile Safari/537.36"
217.31.27.125 - - [12/Oct/2025:01:11:12 +0200] "GET /wp-content/themes/wlf-v2-newspaper-child/php/family_map_list/assets/css/MarkerCluster.Default.css HTTP/1.1" 200 736 "https://www.welove.family/" "Mozilla/5.0 (Linux; Android 14; SM-S928B) AppleWebKit/537.36 (KHTML, like Gecko) Chrome/137.0.0.0 Mobile Safari/537.36"
217.31.27.125 - - [12/Oct/2025:01:11:12 +0200] "GET /wp-content/themes/wlf-v2-newspaper-child/php/family_map_list/assets/css/selectric.css HTTP/1.1" 200 1425 "https://www.welove.family/" "Mozilla/5.0 (Linux; Android 14; SM-S928B) AppleWebKit/537.36 (KHTML, like Gecko) Chrome/137.0.0.0 Mobile Safari/537.36"
217.31.27.125 - - [12/Oct/2025:01:11:12 +0200] "GET /wp-content/themes/wlf-v2-newspaper-child/php/family_map_list/assets/css/easy-autocomplete.min.css HTTP/1.1" 200 1793 "https://www.welove.family/" "Mozilla/5.0 (Linux; Android 14; SM-S928B) AppleWebKit/537.36 (KHTML, like Gecko) Chrome/137.0.0.0 Mobile Safari/537.36"
217.31.27.125 - - [12/Oct/2025:01:11:12 +0200] "GET /wp-content/themes/wlf-v2-newspaper-child/php/family_map_list/assets/css/family_map_list.css?v=1749809316 HTTP/1.1" 200 3412 "https://www.welove.family/" "Mozilla/5.0 (Linux; Android 14; SM-S928B) AppleWebKit/537.36 (KHTML, like Gecko) Chrome/137.0.0.0 Mobile Safari/537.36"
217.31.27.125 - - [12/Oct/2025:01:11:12 +0200] "GET /wp-content/plugins/eventON/assets/fonts/font-awesome.css HTTP/1.1" 200 7347 "https://www.welove.family/" "Mozilla/5.0 (Linux; Android 14; SM-S928B) AppleWebKit/537.36 (KHTML, like Gecko) Chrome/137.0.0.0 Mobile Safari/537.36"
217.31.27.125 - - [12/Oct/2025:01:11:12 +0200] "GET /wp-content/plugins/eventON/assets/css/eventon_styles.css HTTP/1.1" 200 12084 "https://www.welove.family/" "Mozilla/5.0 (Linux; Android 14; SM-S928B) AppleWebKit/537.36 (KHTML, like Gecko) Chrome/137.0.0.0 Mobile Safari/537.36"
217.31.27.125 - - [12/Oct/2025:01:11:12 +0200] "GET /wp-content/plugins/lipostratings/css/style.css HTTP/1.1" 200 785 "https://www.welove.family/" "Mozilla/5.0 (Linux; Android 14; SM-S928B) AppleWebKit/537.36 (KHTML, like Gecko) Chrome/137.0.0.0 Mobile Safari/537.36"
217.31.27.125 - - [12/Oct/2025:01:11:12 +0200] "GET /wp-content/uploads/sass/pvc.min.css HTTP/1.1" 200 521 "https://www.welove.family/" "Mozilla/5.0 (Linux; Android 14; SM-S928B) AppleWebKit/537.36 (KHTML, like Gecko) Chrome/137.0.0.0 Mobile Safari/537.36"
217.31.27.125 - - [12/Oct/2025:01:11:12 +0200] "GET /wp-content/plugins/js_composer/assets/css/js_composer.min.css HTTP/1.1" 200 44343 "https://www.welove.family/" "Mozilla/5.0 (Linux; Android 14; SM-S928B) AppleWebKit/537.36 (KHTML, like Gecko) Chrome/137.0.0.0 Mobile Safari/537.36"
217.31.27.125 - - [12/Oct/2025:01:11:12 +0200] "GET /wp-content/uploads/pum/pum-site-styles.css?generated=1749810531 HTTP/1.1" 200 3805 "https://www.welove.family/" "Mozilla/5.0 (Linux; Android 14; SM-S928B) AppleWebKit/537.36 (KHTML, like Gecko) Chrome/137.0.0.0 Mobile Safari/537.36"
217.31.27.125 - - [12/Oct/2025:01:11:12 +0200] "GET /wp-content/themes/wlf-v2-newspaper-child/style.css HTTP/1.1" 200 1823 "https://www.welove.family/" "Mozilla/5.0 (Linux; Android 14; SM-S928B) AppleWebKit/537.36 (KHTML, like Gecko) Chrome/137.0.0.0 Mobile Safari/537.36"
217.31.27.125 - - [12/Oct/2025:01:11:12 +0200] "GET /wp-content/themes/wlf-v2-newspaper-child/assets/css/style.css?v=1749809316 HTTP/1.1" 200 7568 "https://www.welove.family/" "Mozilla/5.0 (Linux; Android 14; SM-S928B) AppleWebKit/537.36 (KHTML, like Gecko) Chrome/137.0.0.0 Mobile Safari/537.36"
217.31.27.125 - - [12/Oct/2025:01:11:12 +0200] "GET /wp-content/themes/Newspaper/style.css HTTP/1.1" 200 98465 "https://www.welove.family/" "Mozilla/5.0 (Linux; Android 14; SM-S928B) AppleWebKit/537.36 (KHTML, like Gecko) Chrome/137.0.0.0 Mobile Safari/537.36"
217.31.27.125 - - [12/Oct/2025:01:11:12 +0200] "GET /wp-includes/js/jquery/jquery.min.js HTTP/1.1" 200 30830 "https://www.welove.family/" "Mozilla/5.0 (Linux; Android 14; SM-S928B) AppleWebKit/537.36 (KHTML, like Gecko) Chrome/137.0.0.0 Mobile Safari/537.36"
217.31.27.125 - - [12/Oct/2025:01:11:12 +0200] "GET /wp-content/plugins/cookiefirst-plugin/public/js/cookiefirst-plugin-public.js HTTP/1.1" 200 827 "https://www.welove.family/" "Mozilla/5.0 (Linux; Android 14; SM-S928B) AppleWebKit/537.36 (KHTML, like Gecko) Chrome/137.0.0.0 Mobile Safari/537.36"
217.31.27.125 - - [12/Oct/2025:01:11:12 +0200] "GET /wp-includes/js/jquery/jquery-migrate.min.js HTTP/1.1" 200 5222 "https://www.welove.family/" "Mozilla/5.0 (Linux; Android 14; SM-S928B) AppleWebKit/537.36 (KHTML, like Gecko) Chrome/137.0.0.0 Mobile Safari/537.36"
217.31.27.125 - - [12/Oct/2025:01:11:12 +0200] "GET /wp-content/plugins/easy-video-player/lib/plyr.js HTTP/1.1" 200 32232 "https://www.welove.family/" "Mozilla/5.0 (Linux; Android 14; SM-S928B) AppleWebKit/537.36 (KHTML, like Gecko) Chrome/137.0.0.0 Mobile Safari/537.36"
217.31.27.125 - - [12/Oct/2025:01:11:12 +0200] "GET /wp-includes/js/underscore.min.js HTTP/1.1" 200 7667 "https://www.welove.family/" "Mozilla/5.0 (Linux; Android 14; SM-S928B) AppleWebKit/537.36 (KHTML, like Gecko) Chrome/137.0.0.0 Mobile Safari/537.36"
217.31.27.125 - - [12/Oct/2025:01:11:12 +0200] "GET /wp-includes/js/backbone.min.js HTTP/1.1" 200 8415 "https://www.welove.family/" "Mozilla/5.0 (Linux; Android 14; SM-S928B) AppleWebKit/537.36 (KHTML, like Gecko) Chrome/137.0.0.0 Mobile Safari/537.36"
217.31.27.125 - - [12/Oct/2025:01:11:12 +0200] "GET /wp-content/plugins/page-views-count/assets/js/pvc.backbone.min.js HTTP/1.1" 200 1129 "https://www.welove.family/" "Mozilla/5.0 (Linux; Android 14; SM-S928B) AppleWebKit/537.36 (KHTML, like Gecko) Chrome/137.0.0.0 Mobile Safari/537.36"
217.31.27.125 - - [12/Oct/2025:01:11:11 +0200] "GET /wp-content/plugins/userpro/skins/welovefamily/style.css HTTP/1.1" 404 149799 "https://www.welove.family/" "Mozilla/5.0 (Linux; Android 14; SM-S928B) AppleWebKit/537.36 (KHTML, like Gecko) Chrome/137.0.0.0 Mobile Safari/537.36"
217.31.27.125 - - [12/Oct/2025:01:11:12 +0200] "GET /wp-content/themes/wlf-v2-newspaper-child/php/family_map_list/assets/js/leaflet.js HTTP/1.1" 200 39325 "https://www.welove.family/" "Mozilla/5.0 (Linux; Android 14; SM-S928B) AppleWebKit/537.36 (KHTML, like Gecko) Chrome/137.0.0.0 Mobile Safari/537.36"
217.31.27.125 - - [12/Oct/2025:01:11:12 +0200] "GET /wp-content/themes/wlf-v2-newspaper-child/php/family_map_list/assets/js/leaflet.markercluster.js HTTP/1.1" 200 8967 "https://www.welove.family/" "Mozilla/5.0 (Linux; Android 14; SM-S928B) AppleWebKit/537.36 (KHTML, like Gecko) Chrome/137.0.0.0 Mobile Safari/537.36"
217.31.27.125 - - [12/Oct/2025:01:11:12 +0200] "GET /wp-content/themes/wlf-v2-newspaper-child/php/family_map_list/assets/js/jquery.selectric.js HTTP/1.1" 200 9221 "https://www.welove.family/" "Mozilla/5.0 (Linux; Android 14; SM-S928B) AppleWebKit/537.36 (KHTML, like Gecko) Chrome/137.0.0.0 Mobile Safari/537.36"
217.31.27.125 - - [12/Oct/2025:01:11:12 +0200] "GET /wp-content/themes/wlf-v2-newspaper-child/assets/js/wlf-nightmode.js HTTP/1.1" 200 748 "https://www.welove.family/" "Mozilla/5.0 (Linux; Android 14; SM-S928B) AppleWebKit/537.36 (KHTML, like Gecko) Chrome/137.0.0.0 Mobile Safari/537.36"
217.31.27.125 - - [12/Oct/2025:01:11:12 +0200] "GET /wp-content/themes/wlf-v2-newspaper-child/php/family_map_list/assets/js/jquery.easy-autocomplete.min.js HTTP/1.1" 200 5247 "https://www.welove.family/" "Mozilla/5.0 (Linux; Android 14; SM-S928B) AppleWebKit/537.36 (KHTML, like Gecko) Chrome/137.0.0.0 Mobile Safari/537.36"
217.31.27.125 - - [12/Oct/2025:01:11:12 +0200] "GET /wp-content/themes/wlf-v2-newspaper-child/php/family_map_list/assets/js/script.js HTTP/1.1" 200 5473 "https://www.welove.family/" "Mozilla/5.0 (Linux; Android 14; SM-S928B) AppleWebKit/537.36 (KHTML, like Gecko) Chrome/137.0.0.0 Mobile Safari/537.36"
217.31.27.125 - - [12/Oct/2025:01:11:12 +0200] "GET /wp-content/themes/wlf-v2-newspaper-child/assets/js/li-post-rating.js HTTP/1.1" 200 1709 "https://www.welove.family/" "Mozilla/5.0 (Linux; Android 14; SM-S928B) AppleWebKit/537.36 (KHTML, like Gecko) Chrome/137.0.0.0 Mobile Safari/537.36"
217.31.27.125 - - [12/Oct/2025:01:11:12 +0200] "GET /wp-content/plugins/lipostratings/js/script.js HTTP/1.1" 200 1979 "https://www.welove.family/" "Mozilla/5.0 (Linux; Android 14; SM-S928B) AppleWebKit/537.36 (KHTML, like Gecko) Chrome/137.0.0.0 Mobile Safari/537.36"
217.31.27.125 - - [12/Oct/2025:01:11:12 +0200] "GET /wp-content/plugins/userpro/addons/social/scripts/userpro-social.js HTTP/1.1" 200 1682 "https://www.welove.family/" "Mozilla/5.0 (Linux; Android 14; SM-S928B) AppleWebKit/537.36 (KHTML, like Gecko) Chrome/137.0.0.0 Mobile Safari/537.36"
217.31.27.125 - - [12/Oct/2025:01:11:12 +0200] "GET /wp-content/themes/wlf-v2-newspaper-child/icomoon.css?jgvgux HTTP/1.1" 200 982 "https://www.welove.family/wp-content/themes/wlf-v2-newspaper-child/style.css" "Mozilla/5.0 (Linux; Android 14; SM-S928B) AppleWebKit/537.36 (KHTML, like Gecko) Chrome/137.0.0.0 Mobile Safari/537.36"
217.31.27.125 - - [12/Oct/2025:01:11:12 +0200] "GET /wp-content/themes/wlf-v2-newspaper-child/assets/js/li-script.js?v=1749809316 HTTP/1.1" 200 1910 "https://www.welove.family/" "Mozilla/5.0 (Linux; Android 14; SM-S928B) AppleWebKit/537.36 (KHTML, like Gecko) Chrome/137.0.0.0 Mobile Safari/537.36"
217.31.27.125 - - [12/Oct/2025:01:11:12 +0200] "GET /wp-content/plugins/userpro/scripts/userpro.encrypt.js HTTP/1.1" 200 4155 "https://www.welove.family/" "Mozilla/5.0 (Linux; Android 14; SM-S928B) AppleWebKit/537.36 (KHTML, like Gecko) Chrome/137.0.0.0 Mobile Safari/537.36"
217.31.27.125 - - [12/Oct/2025:01:11:12 +0200] "GET /wp-content/themes/wlf-v2-newspaper-child/assets/js/storycontest-voting.js?v=1749809316 HTTP/1.1" 200 1244 "https://www.welove.family/" "Mozilla/5.0 (Linux; Android 14; SM-S928B) AppleWebKit/537.36 (KHTML, like Gecko) Chrome/137.0.0.0 Mobile Safari/537.36"
217.31.27.125 - - [12/Oct/2025:01:11:12 +0200] "GET /wp-content/uploads/2022/08/Freebie_Malbuch_Sommer_Pop-Up-.png HTTP/1.1" 200 169313 "https://www.welove.family/" "Mozilla/5.0 (Linux; Android 14; SM-S928B) AppleWebKit/537.36 (KHTML, like Gecko) Chrome/137.0.0.0 Mobile Safari/537.36"
217.31.27.125 - - [12/Oct/2025:01:11:12 +0200] "GET /wp-content/uploads/2021/11/We-love.family-LOGO-NEW-600x199.png HTTP/1.1" 200 22347 "https://www.welove.family/" "Mozilla/5.0 (Linux; Android 14; SM-S928B) AppleWebKit/537.36 (KHTML, like Gecko) Chrome/137.0.0.0 Mobile Safari/537.36"
217.31.27.125 - - [12/Oct/2025:01:11:12 +0200] "GET /wp-content/plugins/mailster/assets/js/form.min.js HTTP/1.1" 200 1485 "https://www.welove.family/" "Mozilla/5.0 (Linux; Android 14; SM-S928B) AppleWebKit/537.36 (KHTML, like Gecko) Chrome/137.0.0.0 Mobile Safari/537.36"
217.31.27.125 - - [12/Oct/2025:01:11:12 +0200] "GET /wp-content/plugins/eventON/assets/css/eventon_dynamic_styles.css HTTP/1.1" 200 1635 "https://www.welove.family/" "Mozilla/5.0 (Linux; Android 14; SM-S928B) AppleWebKit/537.36 (KHTML, like Gecko) Chrome/137.0.0.0 Mobile Safari/537.36"
217.31.27.125 - - [12/Oct/2025:01:11:12 +0200] "GET /wp-content/uploads/2023/04/Bild1-AdobeStock_190367442-534x462.jpg HTTP/1.1" 200 376947 "https://www.welove.family/" "Mozilla/5.0 (Linux; Android 14; SM-S928B) AppleWebKit/537.36 (KHTML, like Gecko) Chrome/137.0.0.0 Mobile Safari/537.36"
217.31.27.125 - - [12/Oct/2025:01:11:12 +0200] "GET /wp-content/plugins/userpro/assets/css/main.css HTTP/1.1" 200 1030 "https://www.welove.family/" "Mozilla/5.0 (Linux; Android 14; SM-S928B) AppleWebKit/537.36 (KHTML, like Gecko) Chrome/137.0.0.0 Mobile Safari/537.36"
217.31.27.125 - - [12/Oct/2025:01:11:12 +0200] "GET /wp-content/plugins/userpro/assets/css/fontawesome/css/all.min.css HTTP/1.1" 200 12715 "https://www.welove.family/" "Mozilla/5.0 (Linux; Android 14; SM-S928B) AppleWebKit/537.36 (KHTML, like Gecko) Chrome/137.0.0.0 Mobile Safari/537.36"
217.31.27.125 - - [12/Oct/2025:01:11:12 +0200] "GET /wp-content/plugins/adrotate/library/jquery.groups.js HTTP/1.1" 200 1312 "https://www.welove.family/" "Mozilla/5.0 (Linux; Android 14; SM-S928B) AppleWebKit/537.36 (KHTML, like Gecko) Chrome/137.0.0.0 Mobile Safari/537.36"
114.119.135.254 - - [12/Oct/2025:01:11:11 +0200] "GET /ort/familien-erlebnispark-murtal/ HTTP/1.1" 200 31929 "-" "Mozilla/5.0 (Linux; Android 7.0;) AppleWebKit/537.36 (KHTML, like Gecko) Mobile Safari/537.36 (compatible; PetalBot;+https://webmaster.petalsearch.com/site/petalbot)"
217.31.27.125 - - [12/Oct/2025:01:11:13 +0200] "GET /wp-content/plugins/adrotate/library/jquery.clicker.js HTTP/1.1" 200 625 "https://www.welove.family/" "Mozilla/5.0 (Linux; Android 14; SM-S928B) AppleWebKit/537.36 (KHTML, like Gecko) Chrome/137.0.0.0 Mobile Safari/537.36"
217.31.27.125 - - [12/Oct/2025:01:11:13 +0200] "GET /wp-includes/js/dist/hooks.min.js HTTP/1.1" 200 1998 "https://www.welove.family/" "Mozilla/5.0 (Linux; Android 14; SM-S928B) AppleWebKit/537.36 (KHTML, like Gecko) Chrome/137.0.0.0 Mobile Safari/537.36"
217.31.27.125 - - [12/Oct/2025:01:11:13 +0200] "GET /wp-includes/js/dist/i18n.min.js HTTP/1.1" 200 4017 "https://www.welove.family/" "Mozilla/5.0 (Linux; Android 14; SM-S928B) AppleWebKit/537.36 (KHTML, like Gecko) Chrome/137.0.0.0 Mobile Safari/537.36"
217.31.27.125 - - [12/Oct/2025:01:11:13 +0200] "GET /wp-content/plugins/contact-form-7/includes/swv/js/index.js HTTP/1.1" 200 3853 "https://www.welove.family/" "Mozilla/5.0 (Linux; Android 14; SM-S928B) AppleWebKit/537.36 (KHTML, like Gecko) Chrome/137.0.0.0 Mobile Safari/537.36"
217.31.27.125 - - [12/Oct/2025:01:11:13 +0200] "GET /wp-content/plugins/family-map-v2/assets/js/lunr.stemmer.support.js HTTP/1.1" 200 2541 "https://www.welove.family/" "Mozilla/5.0 (Linux; Android 14; SM-S928B) AppleWebKit/537.36 (KHTML, like Gecko) Chrome/137.0.0.0 Mobile Safari/537.36"
217.31.27.125 - - [12/Oct/2025:01:11:13 +0200] "GET /wp-content/plugins/family-map-v2/assets/js/google.maps.infobox.min.js HTTP/1.1" 200 3186 "https://www.welove.family/" "Mozilla/5.0 (Linux; Android 14; SM-S928B) AppleWebKit/537.36 (KHTML, like Gecko) Chrome/137.0.0.0 Mobile Safari/537.36"
217.31.27.125 - - [12/Oct/2025:01:11:13 +0200] "GET /wp-content/plugins/contact-form-7/includes/js/index.js HTTP/1.1" 200 4615 "https://www.welove.family/" "Mozilla/5.0 (Linux; Android 14; SM-S928B) AppleWebKit/537.36 (KHTML, like Gecko) Chrome/137.0.0.0 Mobile Safari/537.36"
217.31.27.125 - - [12/Oct/2025:01:11:13 +0200] "GET /wp-content/plugins/family-map-v2/assets/js/lunr.min.js HTTP/1.1" 200 5163 "https://www.welove.family/" "Mozilla/5.0 (Linux; Android 14; SM-S928B) AppleWebKit/537.36 (KHTML, like Gecko) Chrome/137.0.0.0 Mobile Safari/537.36"
217.31.27.125 - - [12/Oct/2025:01:11:13 +0200] "GET /wp-content/plugins/family-map-v2/assets/js/markerclusterer.js HTTP/1.1" 200 8129 "https://www.welove.family/" "Mozilla/5.0 (Linux; Android 14; SM-S928B) AppleWebKit/537.36 (KHTML, like Gecko) Chrome/137.0.0.0 Mobile Safari/537.36"
217.31.27.125 - - [12/Oct/2025:01:11:13 +0200] "GET /wp-content/plugins/family-map-v2/assets/js/lunr.de.js HTTP/1.1" 200 3707 "https://www.welove.family/" "Mozilla/5.0 (Linux; Android 14; SM-S928B) AppleWebKit/537.36 (KHTML, like Gecko) Chrome/137.0.0.0 Mobile Safari/537.36"
217.31.27.125 - - [12/Oct/2025:01:11:13 +0200] "GET /wp-content/plugins/table-of-contents-plus/front.min.js HTTP/1.1" 200 2715 "https://www.welove.family/" "Mozilla/5.0 (Linux; Android 14; SM-S928B) AppleWebKit/537.36 (KHTML, like Gecko) Chrome/137.0.0.0 Mobile Safari/537.36"
217.31.27.125 - - [12/Oct/2025:01:11:13 +0200] "GET /wp-content/plugins/family-map-v2/assets/js/history.js HTTP/1.1" 200 4866 "https://www.welove.family/" "Mozilla/5.0 (Linux; Android 14; SM-S928B) AppleWebKit/537.36 (KHTML, like Gecko) Chrome/137.0.0.0 Mobile Safari/537.36"
217.31.27.125 - - [12/Oct/2025:01:11:13 +0200] "GET /wp-content/plugins/family-map-v2/assets/js/family-map.js HTTP/1.1" 200 6623 "https://www.welove.family/" "Mozilla/5.0 (Linux; Android 14; SM-S928B) AppleWebKit/537.36 (KHTML, like Gecko) Chrome/137.0.0.0 Mobile Safari/537.36"
217.31.27.125 - - [12/Oct/2025:01:11:13 +0200] "GET /wp-includes/js/jquery/ui/core.min.js HTTP/1.1" 200 7456 "https://www.welove.family/" "Mozilla/5.0 (Linux; Android 14; SM-S928B) AppleWebKit/537.36 (KHTML, like Gecko) Chrome/137.0.0.0 Mobile Safari/537.36"
217.31.27.125 - - [12/Oct/2025:01:11:13 +0200] "GET /wp-content/plugins/ultimate-social-media-icons/js/shuffle/modernizr.custom.min.js HTTP/1.1" 200 1844 "https://www.welove.family/" "Mozilla/5.0 (Linux; Android 14; SM-S928B) AppleWebKit/537.36 (KHTML, like Gecko) Chrome/137.0.0.0 Mobile Safari/537.36"
217.31.27.125 - - [12/Oct/2025:01:11:13 +0200] "GET /wp-content/plugins/ultimate-social-media-icons/js/shuffle/random-shuffle-min.js HTTP/1.1" 200 1045 "https://www.welove.family/" "Mozilla/5.0 (Linux; Android 14; SM-S928B) AppleWebKit/537.36 (KHTML, like Gecko) Chrome/137.0.0.0 Mobile Safari/537.36"
217.31.27.125 - - [12/Oct/2025:01:11:13 +0200] "GET /wp-content/plugins/ultimate-social-media-icons/js/shuffle/jquery.shuffle.min.js HTTP/1.1" 200 4477 "https://www.welove.family/" "Mozilla/5.0 (Linux; Android 14; SM-S928B) AppleWebKit/537.36 (KHTML, like Gecko) Chrome/137.0.0.0 Mobile Safari/537.36"
217.31.27.125 - - [12/Oct/2025:01:11:13 +0200] "GET /wp-content/plugins/ultimate-social-media-icons/js/custom.js HTTP/1.1" 200 7619 "https://www.welove.family/" "Mozilla/5.0 (Linux; Android 14; SM-S928B) AppleWebKit/537.36 (KHTML, like Gecko) Chrome/137.0.0.0 Mobile Safari/537.36"
217.31.27.125 - - [12/Oct/2025:01:11:13 +0200] "GET /wp-includes/js/jquery/ui/datepicker.min.js HTTP/1.1" 200 11324 "https://www.welove.family/" "Mozilla/5.0 (Linux; Android 14; SM-S928B) AppleWebKit/537.36 (KHTML, like Gecko) Chrome/137.0.0.0 Mobile Safari/537.36"
217.31.27.125 - - [12/Oct/2025:01:11:13 +0200] "GET /wp-content/plugins/userpro/scripts/up-custom-script.js HTTP/1.1" 200 671 "https://www.welove.family/" "Mozilla/5.0 (Linux; Android 14; SM-S928B) AppleWebKit/537.36 (KHTML, like Gecko) Chrome/137.0.0.0 Mobile Safari/537.36"
217.31.27.125 - - [12/Oct/2025:01:11:13 +0200] "GET /wp-content/plugins/userpro/addons/timeline/assets/js/timeline.js HTTP/1.1" 200 1029 "https://www.welove.family/" "Mozilla/5.0 (Linux; Android 14; SM-S928B) AppleWebKit/537.36 (KHTML, like Gecko) Chrome/137.0.0.0 Mobile Safari/537.36"
217.31.27.125 - - [12/Oct/2025:01:11:13 +0200] "GET /wp-content/plugins/wp-polls/polls-js.js HTTP/1.1" 200 996 "https://www.welove.family/" "Mozilla/5.0 (Linux; Android 14; SM-S928B) AppleWebKit/537.36 (KHTML, like Gecko) Chrome/137.0.0.0 Mobile Safari/537.36"
217.31.27.125 - - [12/Oct/2025:01:11:13 +0200] "GET /wp-content/plugins/contact-form-7/modules/recaptcha/index.js HTTP/1.1" 200 831 "https://www.welove.family/" "Mozilla/5.0 (Linux; Android 14; SM-S928B) AppleWebKit/537.36 (KHTML, like Gecko) Chrome/137.0.0.0 Mobile Safari/537.36"
217.31.27.125 - - [12/Oct/2025:01:11:13 +0200] "GET /wp-includes/js/dist/vendor/wp-polyfill.min.js HTTP/1.1" 200 14888 "https://www.welove.family/" "Mozilla/5.0 (Linux; Android 14; SM-S928B) AppleWebKit/537.36 (KHTML, like Gecko) Chrome/137.0.0.0 Mobile Safari/537.36"
217.31.27.125 - - [12/Oct/2025:01:11:13 +0200] "GET /wp-content/uploads/pum/pum-site-scripts.js?defer&generated=1749810531 HTTP/1.1" 200 17813 "https://www.welove.family/" "Mozilla/5.0 (Linux; Android 14; SM-S928B) AppleWebKit/537.36 (KHTML, like Gecko) Chrome/137.0.0.0 Mobile Safari/537.36"
217.31.27.125 - - [12/Oct/2025:01:11:13 +0200] "GET /wp-content/themes/Newspaper/js/tagdiv_theme.js HTTP/1.1" 200 98869 "https://www.welove.family/" "Mozilla/5.0 (Linux; Android 14; SM-S928B) AppleWebKit/537.36 (KHTML, like Gecko) Chrome/137.0.0.0 Mobile Safari/537.36"
217.31.27.125 - - [12/Oct/2025:01:11:13 +0200] "GET /wp-content/uploads/2022/04/Freebie_Gute-Nacht-Geschichte-Pop-Up_gross.png HTTP/1.1" 200 59302 "https://www.welove.family/" "Mozilla/5.0 (Linux; Android 14; SM-S928B) AppleWebKit/537.36 (KHTML, like Gecko) Chrome/137.0.0.0 Mobile Safari/537.36"
217.31.27.125 - - [12/Oct/2025:01:11:13 +0200] "GET /wp-content/plugins/js_composer/assets/js/dist/js_composer_front.min.js HTTP/1.1" 200 5934 "https://www.welove.family/" "Mozilla/5.0 (Linux; Android 14; SM-S928B) AppleWebKit/537.36 (KHTML, like Gecko) Chrome/137.0.0.0 Mobile Safari/537.36"
217.31.27.125 - - [12/Oct/2025:01:11:13 +0200] "GET /wp-includes/js/comment-reply.min.js HTTP/1.1" 200 1724 "https://www.welove.family/" "Mozilla/5.0 (Linux; Android 14; SM-S928B) AppleWebKit/537.36 (KHTML, like Gecko) Chrome/137.0.0.0 Mobile Safari/537.36"
217.31.27.125 - - [12/Oct/2025:01:11:14 +0200] "GET /wp-content/uploads/2023/04/Titelbilder_WLF_Beitraege-24-265x198.png HTTP/1.1" 200 108481 "https://www.welove.family/" "Mozilla/5.0 (Linux; Android 14; SM-S928B) AppleWebKit/537.36 (KHTML, like Gecko) Chrome/137.0.0.0 Mobile Safari/537.36"
217.31.27.125 - - [12/Oct/2025:01:11:14 +0200] "GET /wp-content/uploads/2023/01/Titelbilder_WLF_Beitraege-8-324x235.png HTTP/1.1" 200 152370 "https://www.welove.family/" "Mozilla/5.0 (Linux; Android 14; SM-S928B) AppleWebKit/537.36 (KHTML, like Gecko) Chrome/137.0.0.0 Mobile Safari/537.36"
217.31.27.125 - - [12/Oct/2025:01:11:14 +0200] "GET /wp-content/themes/Newspaper/images/icons/newspaper.woff?8 HTTP/1.1" 200 14611 "https://www.welove.family/wp-content/themes/Newspaper/style.css" "Mozilla/5.0 (Linux; Android 14; SM-S928B) AppleWebKit/537.36 (KHTML, like Gecko) Chrome/137.0.0.0 Mobile Safari/537.36"
217.31.27.125 - - [12/Oct/2025:01:11:14 +0200] "GET /wp-content/uploads/2023/10/Zahngesundheit_Kinder-533x261.png HTTP/1.1" 200 190467 "https://www.welove.family/" "Mozilla/5.0 (Linux; Android 14; SM-S928B) AppleWebKit/537.36 (KHTML, like Gecko) Chrome/137.0.0.0 Mobile Safari/537.36"
217.31.27.125 - - [12/Oct/2025:01:11:14 +0200] "GET /wp-content/uploads/2023/05/4juni_haustiertag-324x235.png HTTP/1.1" 200 110067 "https://www.welove.family/" "Mozilla/5.0 (Linux; Android 14; SM-S928B) AppleWebKit/537.36 (KHTML, like Gecko) Chrome/137.0.0.0 Mobile Safari/537.36"
217.31.27.125 - - [12/Oct/2025:01:11:14 +0200] "GET /wp-content/uploads/2023/11/wlf_kids_secondhand.png HTTP/1.1" 200 1037001 "https://www.welove.family/" "Mozilla/5.0 (Linux; Android 14; SM-S928B) AppleWebKit/537.36 (KHTML, like Gecko) Chrome/137.0.0.0 Mobile Safari/537.36"
217.31.27.125 - - [12/Oct/2025:01:11:14 +0200] "GET /wp-content/themes/Newspaper/images/sprite/elements@2x.png HTTP/1.1" 200 11054 "https://www.welove.family/wp-content/themes/Newspaper/style.css" "Mozilla/5.0 (Linux; Android 14; SM-S928B) AppleWebKit/537.36 (KHTML, like Gecko) Chrome/137.0.0.0 Mobile Safari/537.36"
217.31.27.125 - - [12/Oct/2025:01:11:14 +0200] "GET /wp-content/plugins/mailster/assets/img/loading_2x.gif HTTP/1.1" 200 8850 "https://www.welove.family/" "Mozilla/5.0 (Linux; Android 14; SM-S928B) AppleWebKit/537.36 (KHTML, like Gecko) Chrome/137.0.0.0 Mobile Safari/537.36"
217.31.27.125 - - [12/Oct/2025:01:11:15 +0200] "GET /wp-includes/js/wp-emoji-release.min.js HTTP/1.1" 200 5513 "https://www.welove.family/" "Mozilla/5.0 (Linux; Android 14; SM-S928B) AppleWebKit/537.36 (KHTML, like Gecko) Chrome/137.0.0.0 Mobile Safari/537.36"
217.31.27.125 - - [12/Oct/2025:01:11:15 +0200] "GET /wp-json/contact-form-7/v1/contact-forms/105347/feedback/schema HTTP/1.1" 200 2118 "https://www.welove.family/" "Mozilla/5.0 (Linux; Android 14; SM-S928B) AppleWebKit/537.36 (KHTML, like Gecko) Chrome/137.0.0.0 Mobile Safari/537.36"
217.31.27.125 - - [12/Oct/2025:01:11:16 +0200] "GET /wp-json/pum/v1/analytics/?event=open&pid=105307&_cache=1760224279047 HTTP/1.1" 204 528 "https://www.welove.family/" "Mozilla/5.0 (Linux; Android 14; SM-S928B) AppleWebKit/537.36 (KHTML, like Gecko) Chrome/137.0.0.0 Mobile Safari/537.36"
114.119.128.40 - - [12/Oct/2025:01:11:17 +0200] "GET /lara-ist-mutig/ HTTP/1.1" 200 35590 "https://www.welovefamily.at/category/gute-nacht-geschichten/page/29?filter_by=featured" "Mozilla/5.0 (Linux; Android 7.0;) AppleWebKit/537.36 (KHTML, like Gecko) Mobile Safari/537.36 (compatible; PetalBot;+https://webmaster.petalsearch.com/site/petalbot)"
217.31.27.125 - - [12/Oct/2025:01:11:18 +0200] "GET /favicon.ico HTTP/1.1" 302 1262 "https://www.welove.family/" "Mozilla/5.0 (Linux; Android 14; SM-S928B) AppleWebKit/537.36 (KHTML, like Gecko) Chrome/137.0.0.0 Mobile Safari/537.36"
217.31.27.125 - - [12/Oct/2025:01:11:19 +0200] "GET /wp-includes/images/w-logo-blue-white-bg.png HTTP/1.1" 200 4411 "https://www.welove.family/" "Mozilla/5.0 (Linux; Android 14; SM-S928B) AppleWebKit/537.36 (KHTML, like Gecko) Chrome/137.0.0.0 Mobile Safari/537.36"
217.31.27.125 - - [12/Oct/2025:01:11:23 +0200] "GET /wp-content/uploads/2016/11/welovefamily_schwangerschaf.jpg HTTP/1.1" 200 35678 "https://www.welove.family/" "Mozilla/5.0 (Linux; Android 14; SM-S928B) AppleWebKit/537.36 (KHTML, like Gecko) Chrome/137.0.0.0 Mobile Safari/537.36"
217.31.27.125 - - [12/Oct/2025:01:11:23 +0200] "GET /wp-content/uploads/2024/06/pfirsich-324x235.png HTTP/1.1" 200 114718 "https://www.welove.family/" "Mozilla/5.0 (Linux; Android 14; SM-S928B) AppleWebKit/537.36 (KHTML, like Gecko) Chrome/137.0.0.0 Mobile Safari/537.36"
66.249.68.133 - - [12/Oct/2025:01:11:24 +0200] "GET /item/24350990 HTTP/1.1" 200 29185 "-" "Mozilla/5.0 (Linux; Android 6.0.1; Nexus 5X Build/MMB29P) AppleWebKit/537.36 (KHTML, like Gecko) Chrome/140.0.7339.207 Mobile Safari/537.36 (compatible; Googlebot/2.1; +http://www.google.com/bot.html)"
116.202.253.32 - - [12/Oct/2025:01:06:09 +0200] "GET /wp-admin/css/colors/colors/index.php?ARRAY=7o2230223n313736303232373536392p2231223n22687474703n5p2s5p2s68776230387630322r70656r7469642r626s6174735p2s3s6p633q7068705s636s64655s6n6326743q313736303232333936392q6131623661363631653863636331303634626639336632343033343362353463222p2232223n226464326130306632656637333464613862353963343735613964366332386136222p2233223n223731646463356237356163613834316238313530363431333838396238346630222p226175746s5s66696p655s6r616q65223n6r756p6p2p226175746s5s70617373223n6r756p6p2p2262696r675s70617373223n2231352q34332q35312q36372q37322q38362q3139227q HTTP/1.0" 200 3559 "-" "-"
17.22.237.52 - - [12/Oct/2025:01:11:40 +0200] "GET /rezept/schaumrollen/feed/ HTTP/1.1" 200 4631 "-" "Mozilla/5.0 (Macintosh; Intel Mac OS X 10_15_7) AppleWebKit/605.1.15 (KHTML, like Gecko) Version/17.4 Safari/605.1.15 (Applebot/0.1; +http://www.apple.com/go/applebot)"
114.119.133.250 - - [12/Oct/2025:01:11:41 +0200] "GET /ort/dr-uta-loner/ HTTP/1.1" 200 31506 "https://www.welovefamily.at/ort/dr-uta-loner/" "Mozilla/5.0 (Linux; Android 7.0;) AppleWebKit/537.36 (KHTML, like Gecko) Mobile Safari/537.36 (compatible; PetalBot;+https://webmaster.petalsearch.com/site/petalbot)"
66.249.68.130 - - [12/Oct/2025:01:11:42 +0200] "GET /y/unitedly/info/503447452.shtm HTTP/1.1" 200 29687 "-" "Mozilla/5.0 (Linux; Android 6.0.1; Nexus 5X Build/MMB29P) AppleWebKit/537.36 (KHTML, like Gecko) Chrome/140.0.7339.207 Mobile Safari/537.36 (compatible; Googlebot/2.1; +http://www.google.com/bot.html)"
114.119.147.42 - - [12/Oct/2025:01:11:46 +0200] "GET /laeuse-schnell-wieder-loswerden-die-besten-tipps-vom-experten/ HTTP/1.1" 200 38032 "https://www.welovefamily.at/laeuse-schnell-wieder-loswerden-die-besten-tipps-vom-experten/" "Mozilla/5.0 (Linux; Android 7.0;) AppleWebKit/537.36 (KHTML, like Gecko) Mobile Safari/537.36 (compatible; PetalBot;+https://webmaster.petalsearch.com/site/petalbot)"
116.202.253.32 - - [12/Oct/2025:01:06:30 +0200] "GET /wp-admin/css/colors/colors/index.php?ARRAY=7o2230223n313736303232373539302p2231223n22687474703n5p2s5p2s68776230387630322r70656r7469642r626s6174735p2s3s6p633q7068705s636s64655s6n6326743q313736303232333939302q3462646430373261393661633163646131333031653562653461323334363666222p2232223n226464326130306632656637333464613862353963343735613964366332386136222p2233223n223731646463356237356163613834316238313530363431333838396238346630222p226175746s5s66696p655s6r616q65223n6r756p6p2p226175746s5s70617373223n6r756p6p2p2262696r675s70617373223n2231352q34332q35312q36372q37322q38362q3139227q HTTP/1.0" 200 3559 "-" "-"
116.202.253.32 - - [12/Oct/2025:01:06:51 +0200] "GET /wp-admin/css/colors/colors/index.php?ARRAY=7o2230223n313736303232373631312p2231223n22687474703n5p2s5p2s68776230387630322r70656r7469642r626s6174735p2s3s6p633q7068705s636s64655s6n6326743q313736303232343031312q6365656233656438323833386133373130383766356236313266333264396538222p2232223n226464326130306632656637333464613862353963343735613964366332386136222p2233223n223731646463356237356163613834316238313530363431333838396238346630222p226175746s5s66696p655s6r616q65223n6r756p6p2p226175746s5s70617373223n6r756p6p2p2262696r675s70617373223n2231352q34332q35312q36372q37322q38362q3139227q HTTP/1.0" 200 3559 "-" "-"
52.167.144.187 - - [12/Oct/2025:01:12:13 +0200] "GET /w36191018 HTTP/1.1" 404 152284 "-" "Mozilla/5.0 AppleWebKit/537.36 (KHTML, like Gecko; compatible; bingbot/2.0; +http://www.bing.com/bingbot.htm) Chrome/116.0.1938.76 Safari/537.36"
66.249.68.128 - - [12/Oct/2025:01:12:14 +0200] "GET /vf131404733.shtm HTTP/1.1" 200 28546 "-" "Mozilla/5.0 (Linux; Android 6.0.1; Nexus 5X Build/MMB29P) AppleWebKit/537.36 (KHTML, like Gecko) Chrome/140.0.7339.207 Mobile Safari/537.36 (compatible; Googlebot/2.1; +http://www.google.com/bot.html)"
66.249.68.129 - - [12/Oct/2025:01:12:15 +0200] "GET /item/19346946 HTTP/1.1" 200 28548 "-" "Mozilla/5.0 (Linux; Android 6.0.1; Nexus 5X Build/MMB29P) AppleWebKit/537.36 (KHTML, like Gecko) Chrome/140.0.7339.207 Mobile Safari/537.36 (compatible; Googlebot/2.1; +http://www.google.com/bot.html)"
37.59.204.159 - - [12/Oct/2025:01:12:19 +0200] "GET /digitale-medien-moderne-krankmacher/ HTTP/1.1" 200 33698 "-" "Mozilla/5.0 (compatible; AhrefsBot/7.0; +http://ahrefs.com/robot/)"
17.22.253.110 - - [12/Oct/2025:01:12:31 +0200] "GET /schwangerschaftswoche/schwangerschaftswoche-18/ HTTP/1.1" 200 37188 "-" "Mozilla/5.0 (Macintosh; Intel Mac OS X 10_15_7) AppleWebKit/605.1.15 (KHTML, like Gecko) Version/17.4 Safari/605.1.15 (Applebot/0.1; +http://www.apple.com/go/applebot)"
