66.249.68.129 - - [12/Oct/2025:00:02:49 +0200] "GET /item/17946478 HTTP/1.1" 200 25796 "-" "Mozilla/5.0 (Linux; Android 6.0.1; Nexus 5X Build/MMB29P) AppleWebKit/537.36 (KHTML, like Gecko) Chrome/140.0.7339.207 Mobile Safari/537.36 (compatible; Googlebot/2.1; +http://www.google.com/bot.html)"
66.249.68.128 - - [12/Oct/2025:00:02:50 +0200] "GET /item/14835662 HTTP/1.1" 200 25455 "-" "Mozilla/5.0 (Linux; Android 6.0.1; Nexus 5X Build/MMB29P) AppleWebKit/537.36 (KHTML, like Gecko) Chrome/140.0.7339.207 Mobile Safari/537.36 (compatible; Googlebot/2.1; +http://www.google.com/bot.html)"
66.249.68.129 - - [12/Oct/2025:00:02:50 +0200] "GET /item/17241806 HTTP/1.1" 200 27138 "-" "Mozilla/5.0 (Linux; Android 6.0.1; Nexus 5X Build/MMB29P) AppleWebKit/537.36 (KHTML, like Gecko) Chrome/140.0.7339.207 Mobile Safari/537.36 (compatible; Googlebot/2.1; +http://www.google.com/bot.html)"
66.249.68.137 - - [12/Oct/2025:00:02:50 +0200] "GET /item/15058114 HTTP/1.1" 200 31673 "-" "Mozilla/5.0 (Linux; Android 6.0.1; Nexus 5X Build/MMB29P) AppleWebKit/537.36 (KHTML, like Gecko) Chrome/140.0.7339.207 Mobile Safari/537.36 (compatible; Googlebot/2.1; +http://www.google.com/bot.html)"
66.249.68.136 - - [12/Oct/2025:00:02:51 +0200] "GET /item/15289310 HTTP/1.1" 200 28904 "-" "Mozilla/5.0 (Linux; Android 6.0.1; Nexus 5X Build/MMB29P) AppleWebKit/537.36 (KHTML, like Gecko) Chrome/140.0.7339.207 Mobile Safari/537.36 (compatible; Googlebot/2.1; +http://www.google.com/bot.html)"
66.249.68.134 - - [12/Oct/2025:00:02:51 +0200] "GET /item/16845298 HTTP/1.1" 200 28942 "-" "Mozilla/5.0 (Linux; Android 6.0.1; Nexus 5X Build/MMB29P) AppleWebKit/537.36 (KHTML, like Gecko) Chrome/140.0.7339.207 Mobile Safari/537.36 (compatible; Googlebot/2.1; +http://www.google.com/bot.html)"
66.249.68.130 - - [12/Oct/2025:00:02:51 +0200] "GET /item/15485266 HTTP/1.1" 200 25755 "-" "Mozilla/5.0 (Linux; Android 6.0.1; Nexus 5X Build/MMB29P) AppleWebKit/537.36 (KHTML, like Gecko) Chrome/140.0.7339.207 Mobile Safari/537.36 (compatible; Googlebot/2.1; +http://www.google.com/bot.html)"
66.249.68.128 - - [12/Oct/2025:00:02:51 +0200] "GET /item/18339694 HTTP/1.1" 200 25741 "-" "Mozilla/5.0 (Linux; Android 6.0.1; Nexus 5X Build/MMB29P) AppleWebKit/537.36 (KHTML, like Gecko) Chrome/140.0.7339.207 Mobile Safari/537.36 (compatible; Googlebot/2.1; +http://www.google.com/bot.html)"
66.249.68.131 - - [12/Oct/2025:00:02:52 +0200] "GET /item/14596742 HTTP/1.1" 200 26024 "-" "Mozilla/5.0 (Linux; Android 6.0.1; Nexus 5X Build/MMB29P) AppleWebKit/537.36 (KHTML, like Gecko) Chrome/140.0.7339.207 Mobile Safari/537.36 (compatible; Googlebot/2.1; +http://www.google.com/bot.html)"
66.249.68.136 - - [12/Oct/2025:00:02:52 +0200] "GET /item/14529374 HTTP/1.1" 200 28764 "-" "Mozilla/5.0 (Linux; Android 6.0.1; Nexus 5X Build/MMB29P) AppleWebKit/537.36 (KHTML, like Gecko) Chrome/140.0.7339.207 Mobile Safari/537.36 (compatible; Googlebot/2.1; +http://www.google.com/bot.html)"
66.249.68.133 - - [12/Oct/2025:00:02:52 +0200] "GET /item/16414830 HTTP/1.1" 200 25418 "-" "Mozilla/5.0 (Linux; Android 6.0.1; Nexus 5X Build/MMB29P) AppleWebKit/537.36 (KHTML, like Gecko) Chrome/140.0.7339.207 Mobile Safari/537.36 (compatible; Googlebot/2.1; +http://www.google.com/bot.html)"
66.249.68.137 - - [12/Oct/2025:00:02:52 +0200] "GET /item/17700514 HTTP/1.1" 200 26762 "-" "Mozilla/5.0 (Linux; Android 6.0.1; Nexus 5X Build/MMB29P) AppleWebKit/537.36 (KHTML, like Gecko) Chrome/140.0.7339.207 Mobile Safari/537.36 (compatible; Googlebot/2.1; +http://www.google.com/bot.html)"
66.249.68.133 - - [12/Oct/2025:00:02:52 +0200] "GET /item/15214954 HTTP/1.1" 200 30538 "-" "Mozilla/5.0 (Linux; Android 6.0.1; Nexus 5X Build/MMB29P) AppleWebKit/537.36 (KHTML, like Gecko) Chrome/140.0.7339.207 Mobile Safari/537.36 (compatible; Googlebot/2.1; +http://www.google.com/bot.html)"
66.249.68.132 - - [12/Oct/2025:00:02:53 +0200] "GET /item/17445042 HTTP/1.1" 200 25799 "-" "Mozilla/5.0 (Linux; Android 6.0.1; Nexus 5X Build/MMB29P) AppleWebKit/537.36 (KHTML, like Gecko) Chrome/140.0.7339.207 Mobile Safari/537.36 (compatible; Googlebot/2.1; +http://www.google.com/bot.html)"
66.249.68.136 - - [12/Oct/2025:00:02:53 +0200] "GET /item/16666758 HTTP/1.1" 200 29164 "-" "Mozilla/5.0 (Linux; Android 6.0.1; Nexus 5X Build/MMB29P) AppleWebKit/537.36 (KHTML, like Gecko) Chrome/140.0.7339.207 Mobile Safari/537.36 (compatible; Googlebot/2.1; +http://www.google.com/bot.html)"
66.249.68.129 - - [12/Oct/2025:00:02:53 +0200] "GET /item/18377678 HTTP/1.1" 200 26303 "-" "Mozilla/5.0 (Linux; Android 6.0.1; Nexus 5X Build/MMB29P) AppleWebKit/537.36 (KHTML, like Gecko) Chrome/140.0.7339.207 Mobile Safari/537.36 (compatible; Googlebot/2.1; +http://www.google.com/bot.html)"
66.249.68.136 - - [12/Oct/2025:00:02:53 +0200] "GET /item/15596370 HTTP/1.1" 200 25925 "-" "Mozilla/5.0 (Linux; Android 6.0.1; Nexus 5X Build/MMB29P) AppleWebKit/537.36 (KHTML, like Gecko) Chrome/140.0.7339.207 Mobile Safari/537.36 (compatible; Googlebot/2.1; +http://www.google.com/bot.html)"
66.249.68.134 - - [12/Oct/2025:00:02:53 +0200] "GET /item/16075630 HTTP/1.1" 200 25155 "-" "Mozilla/5.0 (Linux; Android 6.0.1; Nexus 5X Build/MMB29P) AppleWebKit/537.36 (KHTML, like Gecko) Chrome/140.0.7339.207 Mobile Safari/537.36 (compatible; Googlebot/2.1; +http://www.google.com/bot.html)"
66.249.68.132 - - [12/Oct/2025:00:02:54 +0200] "GET /item/15017634 HTTP/1.1" 200 25931 "-" "Mozilla/5.0 (Linux; Android 6.0.1; Nexus 5X Build/MMB29P) AppleWebKit/537.36 (KHTML, like Gecko) Chrome/140.0.7339.207 Mobile Safari/537.36 (compatible; Googlebot/2.1; +http://www.google.com/bot.html)"
66.249.68.135 - - [12/Oct/2025:00:02:54 +0200] "GET /item/16241254 HTTP/1.1" 200 28968 "-" "Mozilla/5.0 (Linux; Android 6.0.1; Nexus 5X Build/MMB29P) AppleWebKit/537.36 (KHTML, like Gecko) Chrome/140.0.7339.207 Mobile Safari/537.36 (compatible; Googlebot/2.1; +http://www.google.com/bot.html)"
66.249.68.135 - - [12/Oct/2025:00:02:54 +0200] "GET /item/18063138 HTTP/1.1" 200 29876 "-" "Mozilla/5.0 (Linux; Android 6.0.1; Nexus 5X Build/MMB29P) AppleWebKit/537.36 (KHTML, like Gecko) Chrome/140.0.7339.207 Mobile Safari/537.36 (compatible; Googlebot/2.1; +http://www.google.com/bot.html)"
66.249.68.137 - - [12/Oct/2025:00:02:55 +0200] "GET /item/16196946 HTTP/1.1" 200 26188 "-" "Mozilla/5.0 (Linux; Android 6.0.1; Nexus 5X Build/MMB29P) AppleWebKit/537.36 (KHTML, like Gecko) Chrome/140.0.7339.207 Mobile Safari/537.36 (compatible; Googlebot/2.1; +http://www.google.com/bot.html)"
66.249.68.129 - - [12/Oct/2025:00:02:55 +0200] "GET /item/15911774 HTTP/1.1" 200 26347 "-" "Mozilla/5.0 (Linux; Android 6.0.1; Nexus 5X Build/MMB29P) AppleWebKit/537.36 (KHTML, like Gecko) Chrome/140.0.7339.207 Mobile Safari/537.36 (compatible; Googlebot/2.1; +http://www.google.com/bot.html)"
66.249.68.130 - - [12/Oct/2025:00:02:55 +0200] "GET /item/16484170 HTTP/1.1" 200 26363 "-" "Mozilla/5.0 (Linux; Android 6.0.1; Nexus 5X Build/MMB29P) AppleWebKit/537.36 (KHTML, like Gecko) Chrome/140.0.7339.207 Mobile Safari/537.36 (compatible; Googlebot/2.1; +http://www.google.com/bot.html)"
66.249.68.128 - - [12/Oct/2025:00:02:55 +0200] "GET /item/17856242 HTTP/1.1" 200 27308 "-" "Mozilla/5.0 (Linux; Android 6.0.1; Nexus 5X Build/MMB29P) AppleWebKit/537.36 (KHTML, like Gecko) Chrome/140.0.7339.207 Mobile Safari/537.36 (compatible; Googlebot/2.1; +http://www.google.com/bot.html)"
66.249.68.134 - - [12/Oct/2025:00:02:56 +0200] "GET /item/15360118 HTTP/1.1" 200 26781 "-" "Mozilla/5.0 (Linux; Android 6.0.1; Nexus 5X Build/MMB29P) AppleWebKit/537.36 (KHTML, like Gecko) Chrome/140.0.7339.207 Mobile Safari/537.36 (compatible; Googlebot/2.1; +http://www.google.com/bot.html)"
66.249.68.135 - - [12/Oct/2025:00:02:56 +0200] "GET /item/14677666 HTTP/1.1" 200 25151 "-" "Mozilla/5.0 (Linux; Android 6.0.1; Nexus 5X Build/MMB29P) AppleWebKit/537.36 (KHTML, like Gecko) Chrome/140.0.7339.207 Mobile Safari/537.36 (compatible; Googlebot/2.1; +http://www.google.com/bot.html)"
66.249.68.137 - - [12/Oct/2025:00:02:56 +0200] "GET /item/14532230 HTTP/1.1" 200 27522 "-" "Mozilla/5.0 (Linux; Android 6.0.1; Nexus 5X Build/MMB29P) AppleWebKit/537.36 (KHTML, like Gecko) Chrome/140.0.7339.207 Mobile Safari/537.36 (compatible; Googlebot/2.1; +http://www.google.com/bot.html)"
66.249.68.132 - - [12/Oct/2025:00:02:55 +0200] "GET /cdn-cgi/scripts/5c5dd728/cloudflare-static/email-decode.min.js HTTP/1.1" 404 156300 "https://www.welove.family/item/15058114" "Mozilla/5.0 (Linux; Android 6.0.1; Nexus 5X Build/MMB29P) AppleWebKit/537.36 (KHTML, like Gecko) Chrome/140.0.7339.207 Mobile Safari/537.36 (compatible; Googlebot/2.1; +http://www.google.com/bot.html)"
66.249.68.134 - - [12/Oct/2025:00:02:56 +0200] "GET /item/14866406 HTTP/1.1" 200 25247 "-" "Mozilla/5.0 (Linux; Android 6.0.1; Nexus 5X Build/MMB29P) AppleWebKit/537.36 (KHTML, like Gecko) Chrome/140.0.7339.207 Mobile Safari/537.36 (compatible; Googlebot/2.1; +http://www.google.com/bot.html)"
66.249.68.134 - - [12/Oct/2025:00:02:57 +0200] "GET /item/15105566 HTTP/1.1" 200 28719 "-" "Mozilla/5.0 (Linux; Android 6.0.1; Nexus 5X Build/MMB29P) AppleWebKit/537.36 (KHTML, like Gecko) Chrome/140.0.7339.207 Mobile Safari/537.36 (compatible; Googlebot/2.1; +http://www.google.com/bot.html)"
66.249.68.134 - - [12/Oct/2025:00:02:57 +0200] "GET /item/17976882 HTTP/1.1" 200 28826 "-" "Mozilla/5.0 (Linux; Android 6.0.1; Nexus 5X Build/MMB29P) AppleWebKit/537.36 (KHTML, like Gecko) Chrome/140.0.7339.207 Mobile Safari/537.36 (compatible; Googlebot/2.1; +http://www.google.com/bot.html)"
66.249.68.135 - - [12/Oct/2025:00:02:57 +0200] "GET /item/17788902 HTTP/1.1" 200 26027 "-" "Mozilla/5.0 (Linux; Android 6.0.1; Nexus 5X Build/MMB29P) AppleWebKit/537.36 (KHTML, like Gecko) Chrome/140.0.7339.207 Mobile Safari/537.36 (compatible; Googlebot/2.1; +http://www.google.com/bot.html)"
66.249.68.134 - - [12/Oct/2025:00:02:57 +0200] "GET /item/16575470 HTTP/1.1" 200 29606 "-" "Mozilla/5.0 (Linux; Android 6.0.1; Nexus 5X Build/MMB29P) AppleWebKit/537.36 (KHTML, like Gecko) Chrome/140.0.7339.207 Mobile Safari/537.36 (compatible; Googlebot/2.1; +http://www.google.com/bot.html)"
66.249.68.132 - - [12/Oct/2025:00:02:57 +0200] "GET /item/15893890 HTTP/1.1" 200 27259 "-" "Mozilla/5.0 (Linux; Android 6.0.1; Nexus 5X Build/MMB29P) AppleWebKit/537.36 (KHTML, like Gecko) Chrome/140.0.7339.207 Mobile Safari/537.36 (compatible; Googlebot/2.1; +http://www.google.com/bot.html)"
66.249.68.135 - - [12/Oct/2025:00:02:58 +0200] "GET /item/15003386 HTTP/1.1" 200 25654 "-" "Mozilla/5.0 (Linux; Android 6.0.1; Nexus 5X Build/MMB29P) AppleWebKit/537.36 (KHTML, like Gecko) Chrome/140.0.7339.207 Mobile Safari/537.36 (compatible; Googlebot/2.1; +http://www.google.com/bot.html)"
66.249.68.134 - - [12/Oct/2025:00:02:58 +0200] "GET /item/15724194 HTTP/1.1" 200 26525 "-" "Mozilla/5.0 (Linux; Android 6.0.1; Nexus 5X Build/MMB29P) AppleWebKit/537.36 (KHTML, like Gecko) Chrome/140.0.7339.207 Mobile Safari/537.36 (compatible; Googlebot/2.1; +http://www.google.com/bot.html)"
66.249.68.135 - - [12/Oct/2025:00:02:58 +0200] "GET /item/15748554 HTTP/1.1" 200 26649 "-" "Mozilla/5.0 (Linux; Android 6.0.1; Nexus 5X Build/MMB29P) AppleWebKit/537.36 (KHTML, like Gecko) Chrome/140.0.7339.207 Mobile Safari/537.36 (compatible; Googlebot/2.1; +http://www.google.com/bot.html)"
66.249.68.131 - - [12/Oct/2025:00:02:58 +0200] "GET /item/15377410 HTTP/1.1" 200 30578 "-" "Mozilla/5.0 (Linux; Android 6.0.1; Nexus 5X Build/MMB29P) AppleWebKit/537.36 (KHTML, like Gecko) Chrome/140.0.7339.207 Mobile Safari/537.36 (compatible; Googlebot/2.1; +http://www.google.com/bot.html)"
66.249.68.130 - - [12/Oct/2025:00:02:59 +0200] "GET /item/16646258 HTTP/1.1" 200 25555 "-" "Mozilla/5.0 (Linux; Android 6.0.1; Nexus 5X Build/MMB29P) AppleWebKit/537.36 (KHTML, like Gecko) Chrome/140.0.7339.207 Mobile Safari/537.36 (compatible; Googlebot/2.1; +http://www.google.com/bot.html)"
66.249.68.135 - - [12/Oct/2025:00:02:59 +0200] "GET /item/15475434 HTTP/1.1" 200 27307 "-" "Mozilla/5.0 (Linux; Android 6.0.1; Nexus 5X Build/MMB29P) AppleWebKit/537.36 (KHTML, like Gecko) Chrome/140.0.7339.207 Mobile Safari/537.36 (compatible; Googlebot/2.1; +http://www.google.com/bot.html)"
66.249.68.137 - - [12/Oct/2025:00:02:59 +0200] "GET /item/17568842 HTTP/1.1" 200 25221 "-" "Mozilla/5.0 (Linux; Android 6.0.1; Nexus 5X Build/MMB29P) AppleWebKit/537.36 (KHTML, like Gecko) Chrome/140.0.7339.207 Mobile Safari/537.36 (compatible; Googlebot/2.1; +http://www.google.com/bot.html)"
66.249.68.129 - - [12/Oct/2025:00:02:59 +0200] "GET /item/18101570 HTTP/1.1" 200 26287 "-" "Mozilla/5.0 (Linux; Android 6.0.1; Nexus 5X Build/MMB29P) AppleWebKit/537.36 (KHTML, like Gecko) Chrome/140.0.7339.207 Mobile Safari/537.36 (compatible; Googlebot/2.1; +http://www.google.com/bot.html)"
66.249.68.134 - - [12/Oct/2025:00:02:59 +0200] "GET /item/14943694 HTTP/1.1" 200 27920 "-" "Mozilla/5.0 (Linux; Android 6.0.1; Nexus 5X Build/MMB29P) AppleWebKit/537.36 (KHTML, like Gecko) Chrome/140.0.7339.207 Mobile Safari/537.36 (compatible; Googlebot/2.1; +http://www.google.com/bot.html)"
66.249.68.132 - - [12/Oct/2025:00:03:01 +0200] "GET /item/15230142 HTTP/1.1" 200 26869 "-" "Mozilla/5.0 (Linux; Android 6.0.1; Nexus 5X Build/MMB29P) AppleWebKit/537.36 (KHTML, like Gecko) Chrome/140.0.7339.207 Mobile Safari/537.36 (compatible; Googlebot/2.1; +http://www.google.com/bot.html)"
66.249.68.135 - - [12/Oct/2025:00:03:01 +0200] "GET /item/16519086 HTTP/1.1" 200 26908 "-" "Mozilla/5.0 (Linux; Android 6.0.1; Nexus 5X Build/MMB29P) AppleWebKit/537.36 (KHTML, like Gecko) Chrome/140.0.7339.207 Mobile Safari/537.36 (compatible; Googlebot/2.1; +http://www.google.com/bot.html)"
66.249.68.133 - - [12/Oct/2025:00:03:01 +0200] "GET /item/16584842 HTTP/1.1" 200 29364 "-" "Mozilla/5.0 (Linux; Android 6.0.1; Nexus 5X Build/MMB29P) AppleWebKit/537.36 (KHTML, like Gecko) Chrome/140.0.7339.207 Mobile Safari/537.36 (compatible; Googlebot/2.1; +http://www.google.com/bot.html)"
66.249.68.132 - - [12/Oct/2025:00:03:01 +0200] "GET /item/17637310 HTTP/1.1" 200 28679 "-" "Mozilla/5.0 (Linux; Android 6.0.1; Nexus 5X Build/MMB29P) AppleWebKit/537.36 (KHTML, like Gecko) Chrome/140.0.7339.207 Mobile Safari/537.36 (compatible; Googlebot/2.1; +http://www.google.com/bot.html)"
66.249.68.133 - - [12/Oct/2025:00:03:01 +0200] "GET /item/15429414 HTTP/1.1" 200 29619 "-" "Mozilla/5.0 (Linux; Android 6.0.1; Nexus 5X Build/MMB29P) AppleWebKit/537.36 (KHTML, like Gecko) Chrome/140.0.7339.207 Mobile Safari/537.36 (compatible; Googlebot/2.1; +http://www.google.com/bot.html)"
66.249.68.135 - - [12/Oct/2025:00:03:01 +0200] "GET /item/16838550 HTTP/1.1" 200 25200 "-" "Mozilla/5.0 (Linux; Android 6.0.1; Nexus 5X Build/MMB29P) AppleWebKit/537.36 (KHTML, like Gecko) Chrome/140.0.7339.207 Mobile Safari/537.36 (compatible; Googlebot/2.1; +http://www.google.com/bot.html)"
66.249.68.134 - - [12/Oct/2025:00:03:02 +0200] "GET /item/15575282 HTTP/1.1" 200 25915 "-" "Mozilla/5.0 (Linux; Android 6.0.1; Nexus 5X Build/MMB29P) AppleWebKit/537.36 (KHTML, like Gecko) Chrome/140.0.7339.207 Mobile Safari/537.36 (compatible; Googlebot/2.1; +http://www.google.com/bot.html)"
66.249.68.130 - - [12/Oct/2025:00:03:02 +0200] "GET /item/18120262 HTTP/1.1" 200 25954 "-" "Mozilla/5.0 (Linux; Android 6.0.1; Nexus 5X Build/MMB29P) AppleWebKit/537.36 (KHTML, like Gecko) Chrome/140.0.7339.207 Mobile Safari/537.36 (compatible; Googlebot/2.1; +http://www.google.com/bot.html)"
66.249.68.135 - - [12/Oct/2025:00:03:02 +0200] "GET /item/16888006 HTTP/1.1" 200 27639 "-" "Mozilla/5.0 (Linux; Android 6.0.1; Nexus 5X Build/MMB29P) AppleWebKit/537.36 (KHTML, like Gecko) Chrome/140.0.7339.207 Mobile Safari/537.36 (compatible; Googlebot/2.1; +http://www.google.com/bot.html)"
66.249.68.136 - - [12/Oct/2025:00:03:02 +0200] "GET /item/15728102 HTTP/1.1" 200 31253 "-" "Mozilla/5.0 (Linux; Android 6.0.1; Nexus 5X Build/MMB29P) AppleWebKit/537.36 (KHTML, like Gecko) Chrome/140.0.7339.207 Mobile Safari/537.36 (compatible; Googlebot/2.1; +http://www.google.com/bot.html)"
66.249.68.130 - - [12/Oct/2025:00:03:02 +0200] "GET /item/17444882 HTTP/1.1" 200 30489 "-" "Mozilla/5.0 (Linux; Android 6.0.1; Nexus 5X Build/MMB29P) AppleWebKit/537.36 (KHTML, like Gecko) Chrome/140.0.7339.207 Mobile Safari/537.36 (compatible; Googlebot/2.1; +http://www.google.com/bot.html)"
66.249.68.135 - - [12/Oct/2025:00:03:02 +0200] "GET /item/17736098 HTTP/1.1" 200 25967 "-" "Mozilla/5.0 (Linux; Android 6.0.1; Nexus 5X Build/MMB29P) AppleWebKit/537.36 (KHTML, like Gecko) Chrome/140.0.7339.207 Mobile Safari/537.36 (compatible; Googlebot/2.1; +http://www.google.com/bot.html)"
66.249.68.131 - - [12/Oct/2025:00:03:03 +0200] "GET /item/15530470 HTTP/1.1" 200 25186 "-" "Mozilla/5.0 (Linux; Android 6.0.1; Nexus 5X Build/MMB29P) AppleWebKit/537.36 (KHTML, like Gecko) Chrome/140.0.7339.207 Mobile Safari/537.36 (compatible; Googlebot/2.1; +http://www.google.com/bot.html)"
66.249.68.137 - - [12/Oct/2025:00:03:03 +0200] "GET /item/17776626 HTTP/1.1" 200 25960 "-" "Mozilla/5.0 (Linux; Android 6.0.1; Nexus 5X Build/MMB29P) AppleWebKit/537.36 (KHTML, like Gecko) Chrome/140.0.7339.207 Mobile Safari/537.36 (compatible; Googlebot/2.1; +http://www.google.com/bot.html)"
66.249.68.134 - - [12/Oct/2025:00:03:03 +0200] "GET /item/17786090 HTTP/1.1" 200 25788 "-" "Mozilla/5.0 (Linux; Android 6.0.1; Nexus 5X Build/MMB29P) AppleWebKit/537.36 (KHTML, like Gecko) Chrome/140.0.7339.207 Mobile Safari/537.36 (compatible; Googlebot/2.1; +http://www.google.com/bot.html)"
66.249.68.130 - - [12/Oct/2025:00:03:03 +0200] "GET /item/16039338 HTTP/1.1" 200 25683 "-" "Mozilla/5.0 (Linux; Android 6.0.1; Nexus 5X Build/MMB29P) AppleWebKit/537.36 (KHTML, like Gecko) Chrome/140.0.7339.207 Mobile Safari/537.36 (compatible; Googlebot/2.1; +http://www.google.com/bot.html)"
66.249.68.128 - - [12/Oct/2025:00:03:03 +0200] "GET /item/16065246 HTTP/1.1" 200 29398 "-" "Mozilla/5.0 (Linux; Android 6.0.1; Nexus 5X Build/MMB29P) AppleWebKit/537.36 (KHTML, like Gecko) Chrome/140.0.7339.207 Mobile Safari/537.36 (compatible; Googlebot/2.1; +http://www.google.com/bot.html)"
66.249.68.137 - - [12/Oct/2025:00:03:04 +0200] "GET /item/18059806 HTTP/1.1" 200 28850 "-" "Mozilla/5.0 (Linux; Android 6.0.1; Nexus 5X Build/MMB29P) AppleWebKit/537.36 (KHTML, like Gecko) Chrome/140.0.7339.207 Mobile Safari/537.36 (compatible; Googlebot/2.1; +http://www.google.com/bot.html)"
66.249.68.137 - - [12/Oct/2025:00:03:04 +0200] "GET /item/16459398 HTTP/1.1" 200 25469 "-" "Mozilla/5.0 (Linux; Android 6.0.1; Nexus 5X Build/MMB29P) AppleWebKit/537.36 (KHTML, like Gecko) Chrome/140.0.7339.207 Mobile Safari/537.36 (compatible; Googlebot/2.1; +http://www.google.com/bot.html)"
66.249.68.132 - - [12/Oct/2025:00:03:04 +0200] "GET /cdn-cgi/scripts/5c5dd728/cloudflare-static/email-decode.min.js HTTP/1.1" 404 149547 "https://www.welove.family/item/16646258" "Mozilla/5.0 (Linux; Android 6.0.1; Nexus 5X Build/MMB29P) AppleWebKit/537.36 (KHTML, like Gecko) Chrome/140.0.7339.207 Mobile Safari/537.36 (compatible; Googlebot/2.1; +http://www.google.com/bot.html)"
66.249.68.129 - - [12/Oct/2025:00:03:04 +0200] "GET /cdn-cgi/scripts/5c5dd728/cloudflare-static/email-decode.min.js HTTP/1.1" 404 149857 "https://www.welove.family/item/14943694" "Mozilla/5.0 (Linux; Android 6.0.1; Nexus 5X Build/MMB29P) AppleWebKit/537.36 (KHTML, like Gecko) Chrome/140.0.7339.207 Mobile Safari/537.36 (compatible; Googlebot/2.1; +http://www.google.com/bot.html)"
17.22.253.165 - - [12/Oct/2025:00:03:06 +0200] "GET /ort/hebamme-bianca-lackner/ HTTP/1.1" 200 31682 "-" "Mozilla/5.0 (Macintosh; Intel Mac OS X 10_15_7) AppleWebKit/605.1.15 (KHTML, like Gecko) Version/17.4 Safari/605.1.15 (Applebot/0.1; +http://www.apple.com/go/applebot)"
52.167.144.145 - - [12/Oct/2025:00:03:08 +0200] "GET /pr2882715.shtm HTTP/1.1" 200 29792 "-" "Mozilla/5.0 AppleWebKit/537.36 (KHTML, like Gecko; compatible; bingbot/2.0; +http://www.bing.com/bingbot.htm) Chrome/116.0.1938.76 Safari/537.36"
66.249.68.129 - - [12/Oct/2025:00:03:09 +0200] "GET /yg/special514228890.shtm HTTP/1.1" 200 26219 "-" "Mozilla/5.0 (Linux; Android 6.0.1; Nexus 5X Build/MMB29P) AppleWebKit/537.36 (KHTML, like Gecko) Chrome/140.0.7339.207 Mobile Safari/537.36 (compatible; Googlebot/2.1; +http://www.google.com/bot.html)"
92.222.108.101 - - [12/Oct/2025:00:03:11 +0200] "GET /rezept/vollkornwaffeln-mit-rahmgemuese/ HTTP/1.1" 200 30858 "-" "Mozilla/5.0 (compatible; AhrefsBot/7.0; +http://ahrefs.com/robot/)"
114.119.142.14 - - [12/Oct/2025:00:03:15 +0200] "GET /oma-erzaehlt-erziehung-damals-und-heute/ HTTP/1.1" 200 40543 "https://www.welovefamily.at/category/blog/page/13/?filter_by=popular" "Mozilla/5.0 (Linux; Android 7.0;) AppleWebKit/537.36 (KHTML, like Gecko) Mobile Safari/537.36 (compatible; PetalBot;+https://webmaster.petalsearch.com/site/petalbot)"
116.202.253.32 - - [12/Oct/2025:00:02:55 +0200] "POST /wp-cron.php?doing_wp_cron=1760220175.4948949813842773437500 HTTP/1.1" 200 3963 "-" "WordPress/6.8.3; https://www.welove.family"
114.119.143.250 - - [12/Oct/2025:00:03:23 +0200] "GET /rezept/schweinefilet-in-kaesesahnesosse HTTP/1.1" 301 4640 "https://www.welovefamily.at/page/8?s=Auflauf" "Mozilla/5.0 (Linux; Android 7.0;) AppleWebKit/537.36 (KHTML, like Gecko) Mobile Safari/537.36 (compatible; PetalBot;+https://webmaster.petalsearch.com/site/petalbot)"
116.202.253.32 - - [12/Oct/2025:00:03:26 +0200] "HEAD /wp-content/uploads/2023/10/Kinder_Zahngesundheit.png HTTP/1.1" 200 3616 "-" "WordPress/6.8.3; https://www.welove.family"
116.202.253.32 - - [12/Oct/2025:00:03:26 +0200] "HEAD /11-tipps-fuer-den-umgang-mit-einem-trotzanfall-die-mir-geholfen-haben/ HTTP/1.1" 200 3974 "-" "WordPress/6.8.3; https://www.welove.family"
114.119.143.250 - - [12/Oct/2025:00:03:25 +0200] "GET /rezept/schweinefilet-in-kaesesahnesosse/ HTTP/1.1" 200 33609 "https://www.welovefamily.at/page/8?s=Auflauf" "Mozilla/5.0 (Linux; Android 7.0;) AppleWebKit/537.36 (KHTML, like Gecko) Mobile Safari/537.36 (compatible; PetalBot;+https://webmaster.petalsearch.com/site/petalbot)"
116.202.253.32 - - [12/Oct/2025:00:03:26 +0200] "HEAD /richtiges-sitzen-wie-wichtig-die-richtige-haltung-ist/ HTTP/1.1" 200 3974 "-" "WordPress/6.8.3; https://www.welove.family"
116.202.253.32 - - [12/Oct/2025:00:03:27 +0200] "HEAD /wp-content/uploads/2023/05/Honigbienen_Artikel_Beitragsbild.png HTTP/1.1" 200 3616 "-" "WordPress/6.8.3; https://www.welove.family"
116.202.253.32 - - [12/Oct/2025:00:03:27 +0200] "HEAD /wp-content/uploads/2023/05/Honigproduktion_Artikel_Beitragsbild.png HTTP/1.1" 200 3616 "-" "WordPress/6.8.3; https://www.welove.family"
116.202.253.32 - - [12/Oct/2025:00:03:27 +0200] "HEAD /wp-content/uploads/2023/10/WLF_Uebergewicht2.png HTTP/1.1" 200 3616 "-" "WordPress/6.8.3; https://www.welove.family"
116.202.253.32 - - [12/Oct/2025:00:03:27 +0200] "HEAD /wp-content/uploads/2023/10/WLF_Uebergewicht1.png HTTP/1.1" 200 3616 "-" "WordPress/6.8.3; https://www.welove.family"
116.202.253.32 - - [12/Oct/2025:00:03:27 +0200] "HEAD /kinderkrankheiten-kinderbeschwerden/ HTTP/1.1" 200 3974 "-" "WordPress/6.8.3; https://www.welove.family"
116.202.253.32 - - [12/Oct/2025:00:03:31 +0200] "HEAD /wp-content/uploads/2023/04/ContentID-71095-Bild2-1024x683.jpeg HTTP/1.1" 200 3617 "-" "WordPress/6.8.3; https://www.welove.family"
116.202.253.32 - - [12/Oct/2025:00:03:33 +0200] "HEAD /wp-content/uploads/2023/04/ContentID-71095-Bild3-1024x683.jpeg HTTP/1.1" 200 3617 "-" "WordPress/6.8.3; https://www.welove.family"
116.202.253.32 - - [12/Oct/2025:00:03:34 +0200] "HEAD /outdoor-aktivitaeten-in-wien-fuer-familien HTTP/1.1" 301 3850 "-" "WordPress/6.8.3; https://www.welove.family"
116.202.253.32 - - [12/Oct/2025:00:03:35 +0200] "HEAD /wp-content/uploads/2023/04/Titelbilder_WLF_Beitraege-25.png HTTP/1.1" 200 3616 "-" "WordPress/6.8.3; https://www.welove.family"
116.202.253.32 - - [12/Oct/2025:00:03:35 +0200] "HEAD /sonnencreme-kinder-bio-test/ HTTP/1.1" 200 3974 "-" "WordPress/6.8.3; https://www.welove.family"
116.202.253.32 - - [12/Oct/2025:00:03:36 +0200] "HEAD /wp-content/uploads/2023/06/NL_Grillgemuese.png HTTP/1.1" 200 3618 "-" "WordPress/6.8.3; https://www.welove.family"
116.202.253.32 - - [12/Oct/2025:00:03:37 +0200] "HEAD /wp-content/uploads/2023/04/Bild2-AdobeStock_84746441-1024x702.jpg HTTP/1.1" 200 3619 "-" "WordPress/6.8.3; https://www.welove.family"
116.202.253.32 - - [12/Oct/2025:00:03:38 +0200] "HEAD /wp-content/uploads/2023/04/Bild3-AdobeStock_195446199-1024x682.jpg HTTP/1.1" 200 3617 "-" "WordPress/6.8.3; https://www.welove.family"
116.202.253.32 - - [12/Oct/2025:00:03:39 +0200] "HEAD /welches-spielzeug-eignet-sich-fuer-welches-alter-am-besten/ HTTP/1.1" 200 3926 "-" "WordPress/6.8.3; https://www.welove.family"
116.202.253.32 - - [12/Oct/2025:00:03:39 +0200] "HEAD /wp-content/uploads/2023/06/Caprese-Salat-edited.png HTTP/1.1" 200 3617 "-" "WordPress/6.8.3; https://www.welove.family"
116.202.253.32 - - [12/Oct/2025:00:03:40 +0200] "HEAD /wp-content/uploads/2023/06/Griechischer-Nudelsalat-1024x1024.png HTTP/1.1" 200 3618 "-" "WordPress/6.8.3; https://www.welove.family"
116.202.253.32 - - [12/Oct/2025:00:03:40 +0200] "HEAD /wp-content/uploads/2023/06/Bulgursalat-1024x1024.png HTTP/1.1" 200 3618 "-" "WordPress/6.8.3; https://www.welove.family"
116.202.253.32 - - [12/Oct/2025:00:03:40 +0200] "HEAD /wp-content/uploads/2023/06/Veganer-Kichererbsensalat-edited.png HTTP/1.1" 200 3617 "-" "WordPress/6.8.3; https://www.welove.family"
116.202.253.32 - - [12/Oct/2025:00:03:40 +0200] "HEAD /wp-content/uploads/2023/06/Griechischer-Bauernsalat-1024x1024.png HTTP/1.1" 200 3618 "-" "WordPress/6.8.3; https://www.welove.family"
116.202.253.32 - - [12/Oct/2025:00:03:42 +0200] "HEAD /low-budget-ausfluege-in-oesterreich/ HTTP/1.1" 200 3926 "-" "WordPress/6.8.3; https://www.welove.family"
116.202.253.32 - - [12/Oct/2025:00:03:42 +0200] "HEAD /wp-content/uploads/2023/04/Bild2-AdobeStock_208663825-1024x682.jpeg HTTP/1.1" 200 3617 "-" "WordPress/6.8.3; https://www.welove.family"
116.202.253.32 - - [12/Oct/2025:00:03:43 +0200] "HEAD /wp-content/uploads/2023/04/Bild3-AdobeStock_275861931-1024x631.jpeg HTTP/1.1" 200 3617 "-" "WordPress/6.8.3; https://www.welove.family"
116.202.253.32 - - [12/Oct/2025:00:03:44 +0200] "HEAD /wp-content/uploads/2023/03/Zillertal2-1024x681.jpg HTTP/1.1" 200 3618 "-" "WordPress/6.8.3; https://www.welove.family"
66.249.68.131 - - [12/Oct/2025:00:03:45 +0200] "GET / HTTP/1.1" 200 29732 "-" "Mozilla/5.0 (compatible; Googlebot/2.1; +http://www.google.com/bot.html)"
116.202.253.32 - - [12/Oct/2025:00:03:45 +0200] "HEAD /wp-content/uploads/2023/06/Bub_Handy.png HTTP/1.1" 200 3616 "-" "WordPress/6.8.3; https://www.welove.family"
116.202.253.32 - - [12/Oct/2025:00:03:46 +0200] "HEAD /wp-content/uploads/2023/06/Vater-Sohn-Angeln.png HTTP/1.1" 200 3616 "-" "WordPress/6.8.3; https://www.welove.family"
116.202.253.32 - - [12/Oct/2025:00:03:46 +0200] "HEAD /wp-content/uploads/2023/06/Vater-Sohn-werken.png HTTP/1.1" 200 3617 "-" "WordPress/6.8.3; https://www.welove.family"
116.202.253.32 - - [12/Oct/2025:00:03:46 +0200] "HEAD /wp-content/uploads/2023/05/HenkelArtikel_MamaundKindbeiderWaesche.png HTTP/1.1" 200 3616 "-" "WordPress/6.8.3; https://www.welove.family"
116.202.253.32 - - [12/Oct/2025:00:03:46 +0200] "HEAD /wp-content/uploads/2023/05/HenkelArtikel_WaescheaufWaescheleine.png HTTP/1.1" 200 3616 "-" "WordPress/6.8.3; https://www.welove.family"
116.202.253.32 - - [12/Oct/2025:00:03:48 +0200] "HEAD /wp-content/uploads/2023/05/HenkelArtikel_Mannwaescht.png HTTP/1.1" 200 3616 "-" "WordPress/6.8.3; https://www.welove.family"
116.202.253.32 - - [12/Oct/2025:00:03:48 +0200] "HEAD /gewinnspiel-weisser-riese HTTP/1.1" 200 3702 "-" "WordPress/6.8.3; https://www.welove.family"
116.202.253.32 - - [12/Oct/2025:00:03:49 +0200] "HEAD /wp-content/uploads/2023/06/Weisser-Riese_Active-Beauty_New70-756x1024.jpg HTTP/1.1" 200 3617 "-" "WordPress/6.8.3; https://www.welove.family"
116.202.253.32 - - [12/Oct/2025:00:03:49 +0200] "HEAD /wp-content/uploads/2023/05/Henkel_Kleinkindersensitiv.png HTTP/1.1" 200 3616 "-" "WordPress/6.8.3; https://www.welove.family"
116.202.253.32 - - [12/Oct/2025:00:03:49 +0200] "HEAD /wp-content/uploads/2023/05/WeisserRiese_sens_500x500-1.png HTTP/1.1" 200 3616 "-" "WordPress/6.8.3; https://www.welove.family"
116.202.253.32 - - [12/Oct/2025:00:03:49 +0200] "HEAD /wp-content/uploads/2023/06/WeisserRiese_bkgd_0818_enopp_gewinnspiel_mitpreise_0623xs-1.png HTTP/1.1" 200 3618 "-" "WordPress/6.8.3; https://www.welove.family"
116.202.253.32 - - [12/Oct/2025:00:03:49 +0200] "HEAD /wp-content/uploads/2024/05/Essensplan-Dokument-A4-1.pdf HTTP/1.1" 200 3624 "-" "WordPress/6.8.3; https://www.welove.family"
116.202.253.32 - - [12/Oct/2025:00:03:49 +0200] "HEAD /wp-content/uploads/2024/05/WLF-To-Do-Liste-1.pdf HTTP/1.1" 200 3622 "-" "WordPress/6.8.3; https://www.welove.family"
116.202.253.32 - - [12/Oct/2025:00:03:49 +0200] "HEAD /wp-content/uploads/2023/05/kind_fuettert_katze.png HTTP/1.1" 200 3616 "-" "WordPress/6.8.3; https://www.welove.family"
168.158.231.242 - - [12/Oct/2025:00:03:49 +0200] "GET /wp-content/uploads/2015/04/Fleischb%C3%A4llchen-Tomatensauce-324x235.jpg HTTP/1.1" 200 74488 "-" "Mozilla/5.0 (X11; Linux x86_64) AppleWebKit/537.36 (KHTML, like Gecko) Chrome/121.0.0.0 Safari/537.36"
116.202.253.32 - - [12/Oct/2025:00:03:49 +0200] "HEAD /backmischung-in-der-flasche-schoko-haselnuss-kuchen/ HTTP/1.1" 200 3926 "-" "WordPress/6.8.3; https://www.welove.family"
66.249.68.130 - - [12/Oct/2025:00:03:50 +0200] "GET /th/goods514232765.shtm HTTP/1.1" 200 28569 "-" "Mozilla/5.0 (Linux; Android 6.0.1; Nexus 5X Build/MMB29P) AppleWebKit/537.36 (KHTML, like Gecko) Chrome/140.0.7339.207 Mobile Safari/537.36 (compatible; Googlebot/2.1; +http://www.google.com/bot.html)"
116.202.253.32 - - [12/Oct/2025:00:03:50 +0200] "HEAD /7-basteltipps-kinder-kalten-jahreszeit/ HTTP/1.1" 200 3974 "-" "WordPress/6.8.3; https://www.welove.family"
116.202.253.32 - - [12/Oct/2025:00:03:50 +0200] "HEAD /wp-content/uploads/2022/12/Titelbilder_WLF_Beitraege-3.png HTTP/1.1" 200 3616 "-" "WordPress/6.8.3; https://www.welove.family"
116.202.253.32 - - [12/Oct/2025:00:03:51 +0200] "HEAD /wp-content/uploads/2023/05/umarmedeinekatze.png HTTP/1.1" 200 3616 "-" "WordPress/6.8.3; https://www.welove.family"
116.202.253.32 - - [12/Oct/2025:00:03:52 +0200] "HEAD /baby-im-winter-tipps-fuer-den-spaziergang/ HTTP/1.1" 200 3974 "-" "WordPress/6.8.3; https://www.welove.family"
116.202.253.32 - - [12/Oct/2025:00:03:53 +0200] "HEAD /wp-content/uploads/2024/02/Titelbilder_WLF_Beitraege-2.png HTTP/1.1" 200 3618 "-" "WordPress/6.8.3; https://www.welove.family"
116.202.253.32 - - [12/Oct/2025:00:03:53 +0200] "HEAD /nachhaltig-leben-als-familie-diese-tipps-helfen/ HTTP/1.1" 200 3974 "-" "WordPress/6.8.3; https://www.welove.family"
116.202.253.32 - - [12/Oct/2025:00:03:54 +0200] "HEAD /wp-content/uploads/2022/10/Grafik.png HTTP/1.1" 200 3616 "-" "WordPress/6.8.3; https://www.welove.family"
116.202.253.32 - - [12/Oct/2025:00:03:55 +0200] "HEAD /wp-content/uploads/2024/02/WLF_verstecken.png HTTP/1.1" 200 3616 "-" "WordPress/6.8.3; https://www.welove.family"
116.202.253.32 - - [12/Oct/2025:00:03:55 +0200] "HEAD /garten-kindgerecht-gestalten-10-tipps/ HTTP/1.1" 200 3926 "-" "WordPress/6.8.3; https://www.welove.family"
116.202.253.32 - - [12/Oct/2025:00:03:56 +0200] "HEAD /wp-content/uploads/2024/02/WLF_Krautergarten.png HTTP/1.1" 200 3618 "-" "WordPress/6.8.3; https://www.welove.family"
116.202.253.32 - - [12/Oct/2025:00:03:56 +0200] "HEAD /warum-ein-haustier-wichtig-fuer-dein-kind-ist/ HTTP/1.1" 200 3926 "-" "WordPress/6.8.3; https://www.welove.family"
116.202.253.32 - - [12/Oct/2025:00:04:00 +0200] "HEAD /wp-content/uploads/2023/11/Australien_Kids1.png HTTP/1.1" 200 3618 "-" "WordPress/6.8.3; https://www.welove.family"
116.202.253.32 - - [12/Oct/2025:00:04:00 +0200] "HEAD /was-eignet-sich-am-besten-als-snack-bei-wanderungen-oder-ausfluegen/ HTTP/1.1" 200 3926 "-" "WordPress/6.8.3; https://www.welove.family"
116.202.253.32 - - [12/Oct/2025:00:04:03 +0200] "HEAD /nachhaltig-leben-als-familie-diese-tipps-helfen/ HTTP/1.1" 200 3974 "-" "WordPress/6.8.3; https://www.welove.family"
116.202.253.32 - - [12/Oct/2025:00:04:03 +0200] "HEAD /wp-content/uploads/2023/11/wlf_kids_onlineshopping.png HTTP/1.1" 200 3616 "-" "WordPress/6.8.3; https://www.welove.family"
116.202.253.32 - - [12/Oct/2025:00:04:05 +0200] "HEAD /wp-content/uploads/2023/11/wlf_kids_flohmarkt.png HTTP/1.1" 200 3616 "-" "WordPress/6.8.3; https://www.welove.family"
217.113.43.215 - - [12/Oct/2025:00:04:04 +0200] "GET /feed/ HTTP/1.1" 200 37698 "https://www.google.com" "Mozilla/5.0 (Windows NT 10.0; Win64; x64) AppleWebKit/537.36 (KHTML, like Gecko) Chrome/115.0.0.0 Safari/537.36"
116.202.253.32 - - [12/Oct/2025:00:04:05 +0200] "HEAD /schnaeppchenjaeger-aufgepasst-die-besten-und-beliebtesten-kinderflohmaerkte-in-wien-und-umgebung/ HTTP/1.1" 200 3974 "-" "WordPress/6.8.3; https://www.welove.family"
116.202.253.32 - - [12/Oct/2025:00:04:06 +0200] "HEAD /wp-content/uploads/2023/05/Weltbienentag_Beitragsbild2-1.png HTTP/1.1" 200 3616 "-" "WordPress/6.8.3; https://www.welove.family"
116.202.253.32 - - [12/Oct/2025:00:03:24 +0200] "POST /wp-cron.php?doing_wp_cron=1760220204.3933889865875244140625 HTTP/1.1" 200 3963 "-" "WordPress/6.8.3; https://www.welove.family"
66.249.68.135 - - [12/Oct/2025:00:04:18 +0200] "GET /item/25110366 HTTP/1.1" 200 30586 "-" "Mozilla/5.0 (Linux; Android 6.0.1; Nexus 5X Build/MMB29P) AppleWebKit/537.36 (KHTML, like Gecko) Chrome/140.0.7339.207 Mobile Safari/537.36 (compatible; Googlebot/2.1; +http://www.google.com/bot.html)"
66.249.68.133 - - [12/Oct/2025:00:04:21 +0200] "GET /item/23843898 HTTP/1.1" 200 29100 "-" "Mozilla/5.0 (Linux; Android 6.0.1; Nexus 5X Build/MMB29P) AppleWebKit/537.36 (KHTML, like Gecko) Chrome/140.0.7339.207 Mobile Safari/537.36 (compatible; Googlebot/2.1; +http://www.google.com/bot.html)"
66.249.68.134 - - [12/Oct/2025:00:04:27 +0200] "GET /item/24875698 HTTP/1.1" 200 28910 "-" "Mozilla/5.0 (Linux; Android 6.0.1; Nexus 5X Build/MMB29P) AppleWebKit/537.36 (KHTML, like Gecko) Chrome/140.0.7339.207 Mobile Safari/537.36 (compatible; Googlebot/2.1; +http://www.google.com/bot.html)"
116.202.253.32 - - [12/Oct/2025:00:04:28 +0200] "POST /wp-cron.php?doing_wp_cron=1760220268.6625180244445800781250 HTTP/1.1" 200 3963 "-" "WordPress/6.8.3; https://www.welove.family"
172.213.21.153 - - [12/Oct/2025:00:04:28 +0200] "GET / HTTP/1.1" 301 4521 "-" "Mozilla/5.0 AppleWebKit/537.36 (KHTML, like Gecko); compatible; ChatGPT-User/1.0; +https://openai.com/bot"
172.213.21.146 - - [12/Oct/2025:00:04:29 +0200] "GET / HTTP/1.1" 200 37957 "-" "Mozilla/5.0 AppleWebKit/537.36 (KHTML, like Gecko); compatible; ChatGPT-User/1.0; +https://openai.com/bot"
66.249.68.130 - - [12/Oct/2025:00:04:37 +0200] "GET /n/354867599.shtm HTTP/1.1" 200 29476 "-" "Mozilla/5.0 (Linux; Android 6.0.1; Nexus 5X Build/MMB29P) AppleWebKit/537.36 (KHTML, like Gecko) Chrome/140.0.7339.207 Mobile Safari/537.36 (compatible; Googlebot/2.1; +http://www.google.com/bot.html)"
116.202.253.32 - - [12/Oct/2025:00:04:43 +0200] "POST /wp-cron.php?doing_wp_cron=1760220283.2920880317687988281250 HTTP/1.1" 200 3963 "-" "WordPress/6.8.3; https://www.welove.family"
114.119.142.69 - - [12/Oct/2025:00:04:42 +0200] "GET /obst-und-gemuese-anbauen-am-balkon-so-einfach-geht-es/ HTTP/1.1" 200 35889 "https://www.welovefamily.at/category/ernaehrung/page/6?filter_by=popular" "Mozilla/5.0 (Linux; Android 7.0;) AppleWebKit/537.36 (KHTML, like Gecko) Mobile Safari/537.36 (compatible; PetalBot;+https://webmaster.petalsearch.com/site/petalbot)"
114.119.133.250 - - [12/Oct/2025:00:04:46 +0200] "GET /rezept/polenta-tomaten-auflauf/ HTTP/1.1" 200 33803 "https://www.welovefamily.at/rezept/polenta-tomaten-auflauf/" "Mozilla/5.0 (Linux; Android 7.0;) AppleWebKit/537.36 (KHTML, like Gecko) Mobile Safari/537.36 (compatible; PetalBot;+https://webmaster.petalsearch.com/site/petalbot)"
100.28.204.82 - - [12/Oct/2025:00:04:47 +0200] "GET /ort/wiener-eislaufverein/ HTTP/1.1" 200 31455 "-" "Mozilla/5.0 AppleWebKit/537.36 (KHTML, like Gecko; compatible; Amazonbot/0.1; +https://developer.amazon.com/support/amazonbot) Chrome/119.0.6045.214 Safari/537.36"
198.244.226.171 - - [12/Oct/2025:00:04:51 +0200] "GET /category/allgemein/page/12/ HTTP/1.1" 200 35273 "-" "Mozilla/5.0 (compatible; AhrefsBot/7.0; +http://ahrefs.com/robot/)"
207.46.13.151 - - [12/Oct/2025:00:04:53 +0200] "GET /cji/circumnavigating/ HTTP/1.1" 200 27059 "-" "Mozilla/5.0 AppleWebKit/537.36 (KHTML, like Gecko; compatible; bingbot/2.0; +http://www.bing.com/bingbot.htm) Chrome/116.0.1938.76 Safari/537.36"
198.244.183.226 - - [12/Oct/2025:00:05:08 +0200] "GET /wp-content/uploads/2015/10/zufriedenheit-tipps.jpg HTTP/1.1" 200 61885 "-" "Mozilla/5.0 (compatible; AhrefsBot/7.0; +http://ahrefs.com/robot/)"
198.244.183.183 - - [12/Oct/2025:00:05:11 +0200] "GET /wp-content/uploads/2015/10/zufriedenheit-tipps-696x470.jpg HTTP/1.1" 200 50941 "-" "Mozilla/5.0 (compatible; AhrefsBot/7.0; +http://ahrefs.com/robot/)"
198.244.242.200 - - [12/Oct/2025:00:05:11 +0200] "GET /wp-content/uploads/2017/08/shutterstock_666593272.jpg HTTP/1.1" 200 659999 "-" "Mozilla/5.0 (compatible; AhrefsBot/7.0; +http://ahrefs.com/robot/)"
198.244.183.119 - - [12/Oct/2025:00:05:16 +0200] "GET /wp-content/uploads/2017/08/shutterstock_666593272-696x505.jpg HTTP/1.1" 200 226162 "-" "Mozilla/5.0 (compatible; AhrefsBot/7.0; +http://ahrefs.com/robot/)"
51.195.183.45 - - [12/Oct/2025:00:05:21 +0200] "GET /wp-content/uploads/2022/09/basteln-324x235.png HTTP/1.1" 200 145467 "-" "Mozilla/5.0 (compatible; AhrefsBot/7.0; +http://ahrefs.com/robot/)"
198.244.242.226 - - [12/Oct/2025:00:05:22 +0200] "GET /wp-content/uploads/2015/04/vollkornwaffel_mit_Rahmgem-se-Kopie-696x335.jpg HTTP/1.1" 200 62820 "-" "Mozilla/5.0 (compatible; AhrefsBot/7.0; +http://ahrefs.com/robot/)"
116.202.253.32 - - [12/Oct/2025:00:05:23 +0200] "POST /wp-cron.php?doing_wp_cron=1760220323.1249349117279052734375 HTTP/1.1" 200 584 "-" "WordPress/6.8.3; https://www.welove.family"
216.244.66.241 - - [12/Oct/2025:00:05:20 +0200] "GET /wochenbett-die-ersten-tage-mit-dem-baby-zu-hause/ HTTP/1.1" 200 148924 "-" "Mozilla/5.0 (compatible; DotBot/1.2; +https://opensiteexplorer.org/dotbot; help@moz.com)"
51.195.183.76 - - [12/Oct/2025:00:05:28 +0200] "GET /wp-content/uploads/2022/09/Neurodermitis-324x235.png HTTP/1.1" 200 111493 "-" "Mozilla/5.0 (compatible; AhrefsBot/7.0; +http://ahrefs.com/robot/)"
51.195.183.193 - - [12/Oct/2025:00:05:30 +0200] "GET /wp-content/uploads/2015/04/vollkornwaffel_mit_Rahmgem-se-Kopie.jpg HTTP/1.1" 200 186757 "-" "Mozilla/5.0 (compatible; AhrefsBot/7.0; +http://ahrefs.com/robot/)"
198.244.242.139 - - [12/Oct/2025:00:05:35 +0200] "GET /wp-content/uploads/2022/10/Einschlafgeschichten-fuer-Kinder-324x235.jpg HTTP/1.1" 200 88945 "-" "Mozilla/5.0 (compatible; AhrefsBot/7.0; +http://ahrefs.com/robot/)"
116.202.253.32 - - [12/Oct/2025:00:00:18 +0200] "GET /wp-admin/css/colors/colors/index.php?ARRAY=7o2230223n313736303232333631382p2231223n22687474703n5p2s5p2s68776230387630322r70656r7469642r626s6174735p2s3s6p633q7068705s636s64655s6n6326743q313736303232303031382q3435393535373937323039396539323730353266613338373632396562323533222p2232223n226464326130306632656637333464613862353963343735613964366332386136222p2233223n223731646463356237356163613834316238313530363431333838396238346630222p226175746s5s66696p655s6r616q65223n6r756p6p2p226175746s5s70617373223n6r756p6p2p2262696r675s70617373223n2231352q34332q35312q36372q37322q38362q3139227q HTTP/1.0" 200 3559 "-" "-"
198.244.240.13 - - [12/Oct/2025:00:05:39 +0200] "GET /wp-content/uploads/2023/02/Titelbilder_WLF_Beitraege-9-324x235.png HTTP/1.1" 200 167326 "-" "Mozilla/5.0 (compatible; AhrefsBot/7.0; +http://ahrefs.com/robot/)"
5.39.109.162 - - [12/Oct/2025:00:05:52 +0200] "GET /wp-content/uploads/userpro/2629/55818f4506341.jpg HTTP/1.1" 200 83519 "-" "Mozilla/5.0 (compatible; AhrefsBot/7.0; +http://ahrefs.com/robot/)"
198.244.168.161 - - [12/Oct/2025:00:05:59 +0200] "GET /wp-content/uploads/2022/10/blackout-324x235.png HTTP/1.1" 200 68655 "-" "Mozilla/5.0 (compatible; AhrefsBot/7.0; +http://ahrefs.com/robot/)"
116.202.253.32 - - [12/Oct/2025:00:00:39 +0200] "GET /wp-admin/css/colors/colors/index.php?ARRAY=7o2230223n313736303232333633392p2231223n22687474703n5p2s5p2s68776230387630322r70656r7469642r626s6174735p2s3s6p633q7068705s636s64655s6n6326743q313736303232303033392q6661343466323339363130616530343263333832653166616363303734313133222p2232223n226464326130306632656637333464613862353963343735613964366332386136222p2233223n223731646463356237356163613834316238313530363431333838396238346630222p226175746s5s66696p655s6r616q65223n6r756p6p2p226175746s5s70617373223n6r756p6p2p2262696r675s70617373223n2231352q34332q35312q36372q37322q38362q3139227q HTTP/1.0" 200 3559 "-" "-"
52.167.144.18 - - [12/Oct/2025:00:05:55 +0200] "GET /w36569860 HTTP/1.1" 404 152284 "-" "Mozilla/5.0 AppleWebKit/537.36 (KHTML, like Gecko; compatible; bingbot/2.0; +http://www.bing.com/bingbot.htm) Chrome/116.0.1938.76 Safari/537.36"
198.244.242.95 - - [12/Oct/2025:00:06:06 +0200] "GET /wp-content/uploads/2022/09/MaKila-Aormapflege-324x235.jpg HTTP/1.1" 200 79464 "-" "Mozilla/5.0 (compatible; AhrefsBot/7.0; +http://ahrefs.com/robot/)"
216.244.66.248 - - [12/Oct/2025:00:06:01 +0200] "GET /der-flinke-schuhwichtel/ HTTP/1.1" 200 141889 "-" "Mozilla/5.0 (compatible; DotBot/1.2; +https://opensiteexplorer.org/dotbot; help@moz.com)"
66.249.68.130 - - [12/Oct/2025:00:05:47 +0200] "GET /hl/shopbrand337934101.shtm HTTP/1.1" 200 28566 "-" "Mozilla/5.0 (Linux; Android 6.0.1; Nexus 5X Build/MMB29P) AppleWebKit/537.36 (KHTML, like Gecko) Chrome/140.0.7339.207 Mobile Safari/537.36 (compatible; Googlebot/2.1; +http://www.google.com/bot.html)"
85.208.96.196 - - [12/Oct/2025:00:06:03 +0200] "GET /abnehmen-im-schlaf-schlank-ueber-nacht/ HTTP/1.1" 200 35481 "-" "Mozilla/5.0 (compatible; SemrushBot/7~bl; +http://www.semrush.com/bot.html)"
114.119.152.50 - - [12/Oct/2025:00:06:02 +0200] "GET /nuetzliche-checklisten-fuer-reisen-mit-kindern-so-wird-dein-urlaub-entspannt-und-stressfrei/ HTTP/1.1" 200 37266 "https://www.welovefamily.at/category/aktuell/page/27/" "Mozilla/5.0 (Linux; Android 7.0;) AppleWebKit/537.36 (KHTML, like Gecko) Mobile Safari/537.36 (compatible; PetalBot;+https://webmaster.petalsearch.com/site/petalbot)"
51.195.183.41 - - [12/Oct/2025:00:06:17 +0200] "GET /wp-content/uploads/2022/04/Freebie_Gute-Nacht-Geschichten-324x235.png HTTP/1.1" 200 40178 "-" "Mozilla/5.0 (compatible; AhrefsBot/7.0; +http://ahrefs.com/robot/)"
176.31.139.16 - - [12/Oct/2025:00:06:08 +0200] "GET /ort/page/60/ HTTP/1.1" 200 27532 "-" "Mozilla/5.0 (compatible; AhrefsBot/7.0; +http://ahrefs.com/robot/)"
114.119.138.173 - - [12/Oct/2025:00:06:11 +0200] "GET /rezept/page/31/ HTTP/1.1" 200 31404 "https://www.welovefamily.at/rezept/page/31" "Mozilla/5.0 (Linux; Android 7.0;) AppleWebKit/537.36 (KHTML, like Gecko) Mobile Safari/537.36 (compatible; PetalBot;+https://webmaster.petalsearch.com/site/petalbot)"
51.195.215.109 - - [12/Oct/2025:00:06:11 +0200] "GET /ort/salon-am-park/ HTTP/1.1" 200 31776 "-" "Mozilla/5.0 (compatible; AhrefsBot/7.0; +http://ahrefs.com/robot/)"
66.249.68.134 - - [12/Oct/2025:00:06:16 +0200] "GET /lnf/item514221609.shtm HTTP/1.1" 200 28571 "-" "Mozilla/5.0 (Linux; Android 6.0.1; Nexus 5X Build/MMB29P) AppleWebKit/537.36 (KHTML, like Gecko) Chrome/140.0.7339.207 Mobile Safari/537.36 (compatible; Googlebot/2.1; +http://www.google.com/bot.html)"
185.191.171.8 - - [12/Oct/2025:00:06:16 +0200] "GET /abnehmen-im-schlaf-schlank-ueber-nacht/ HTTP/1.1" 200 35482 "-" "Mozilla/5.0 (compatible; SemrushBot/7~bl; +http://www.semrush.com/bot.html)"
51.195.244.62 - - [12/Oct/2025:00:06:19 +0200] "GET /wp-content/uploads/2022/12/RS-Virus-324x235.png HTTP/1.1" 200 135504 "-" "Mozilla/5.0 (compatible; AhrefsBot/7.0; +http://ahrefs.com/robot/)"
116.202.253.32 - - [12/Oct/2025:00:01:00 +0200] "GET /wp-admin/css/colors/colors/index.php?ARRAY=7o2230223n313736303232333636302p2231223n22687474703n5p2s5p2s68776230387630322r70656r7469642r626s6174735p2s3s6p633q7068705s636s64655s6n6326743q313736303232303036302q6366623263613864313135313834363534306663613964636232393766643862222p2232223n226464326130306632656637333464613862353963343735613964366332386136222p2233223n223731646463356237356163613834316238313530363431333838396238346630222p226175746s5s66696p655s6r616q65223n6r756p6p2p226175746s5s70617373223n6r756p6p2p2262696r675s70617373223n2231352q34332q35312q36372q37322q38362q3139227q HTTP/1.0" 200 3559 "-" "-"
52.167.144.195 - - [12/Oct/2025:00:06:23 +0200] "GET /ort/hebamme-rilana-gollinger/ HTTP/1.1" 200 31788 "-" "Mozilla/5.0 AppleWebKit/537.36 (KHTML, like Gecko; compatible; bingbot/2.0; +http://www.bing.com/bingbot.htm) Chrome/116.0.1938.76 Safari/537.36"
198.244.226.127 - - [12/Oct/2025:00:06:32 +0200] "GET /wp-content/uploads/2022/09/eintopf-324x235.png HTTP/1.1" 200 171997 "-" "Mozilla/5.0 (compatible; AhrefsBot/7.0; +http://ahrefs.com/robot/)"
116.202.253.32 - - [12/Oct/2025:00:01:21 +0200] "GET /wp-admin/css/colors/colors/index.php?ARRAY=7o2230223n313736303232333638312p2231223n22687474703n5p2s5p2s68776230387630322r70656r7469642r626s6174735p2s3s6p633q7068705s636s64655s6n6326743q313736303232303038312q3735633039383666303733313139396232313137613665646261623461376639222p2232223n226464326130306632656637333464613862353963343735613964366332386136222p2233223n223731646463356237356163613834316238313530363431333838396238346630222p226175746s5s66696p655s6r616q65223n6r756p6p2p226175746s5s70617373223n6r756p6p2p2262696r675s70617373223n2231352q34332q35312q36372q37322q38362q3139227q HTTP/1.0" 200 3559 "-" "-"
146.247.137.96 - - [12/Oct/2025:00:06:44 +0200] "GET / HTTP/1.1" 301 4544 "-" "Mozilla/5.0 (Windows NT 6.1; WOW64; rv:29.0) Gecko/20100101 Firefox/29.0"
146.247.137.96 - - [12/Oct/2025:00:06:46 +0200] "GET / HTTP/1.1" 200 38078 "-" "Mozilla/5.0 (Windows NT 6.1; WOW64; rv:29.0) Gecko/20100101 Firefox/29.0"
116.202.253.32 - - [12/Oct/2025:00:01:42 +0200] "GET /wp-admin/css/colors/colors/index.php?ARRAY=7o2230223n313736303232333730322p2231223n22687474703n5p2s5p2s68776230387630322r70656r7469642r626s6174735p2s3s6p633q7068705s636s64655s6n6326743q313736303232303130322q3634326134383666376438303939343266643462663765396364666465393465222p2232223n226464326130306632656637333464613862353963343735613964366332386136222p2233223n223731646463356237356163613834316238313530363431333838396238346630222p226175746s5s66696p655s6r616q65223n6r756p6p2p226175746s5s70617373223n6r756p6p2p2262696r675s70617373223n2231352q34332q35312q36372q37322q38362q3139227q HTTP/1.0" 200 3559 "-" "-"
66.249.68.132 - - [12/Oct/2025:00:07:21 +0200] "GET /item/17064110 HTTP/1.1" 200 28838 "-" "Mozilla/5.0 (Linux; Android 6.0.1; Nexus 5X Build/MMB29P) AppleWebKit/537.36 (KHTML, like Gecko) Chrome/140.0.7339.207 Mobile Safari/537.36 (compatible; Googlebot/2.1; +http://www.google.com/bot.html)"
66.249.68.133 - - [12/Oct/2025:00:07:22 +0200] "GET /a247742630.shtm HTTP/1.1" 200 29595 "-" "Mozilla/5.0 (Linux; Android 6.0.1; Nexus 5X Build/MMB29P) AppleWebKit/537.36 (KHTML, like Gecko) Chrome/140.0.7339.207 Mobile Safari/537.36 (compatible; Googlebot/2.1; +http://www.google.com/bot.html)"
116.202.253.32 - - [12/Oct/2025:00:02:03 +0200] "GET /wp-admin/css/colors/colors/index.php?ARRAY=7o2230223n313736303232333732332p2231223n22687474703n5p2s5p2s68776230387630322r70656r7469642r626s6174735p2s3s6p633q7068705s636s64655s6n6326743q313736303232303132332q3837306534376338363064383535666263306338356335343765613765303639222p2232223n226464326130306632656637333464613862353963343735613964366332386136222p2233223n223731646463356237356163613834316238313530363431333838396238346630222p226175746s5s66696p655s6r616q65223n6r756p6p2p226175746s5s70617373223n6r756p6p2p2262696r675s70617373223n2231352q34332q35312q36372q37322q38362q3139227q HTTP/1.0" 200 3559 "-" "-"
114.119.152.50 - - [12/Oct/2025:00:07:26 +0200] "GET /nicht-das-kind-ist-das-problem-sondern-die-vorstellung/ HTTP/1.1" 200 40088 "https://www.welovefamily.at/category/expertentipps/schwangerschaft-expertentipps/page/3/" "Mozilla/5.0 (Linux; Android 7.0;) AppleWebKit/537.36 (KHTML, like Gecko) Mobile Safari/537.36 (compatible; PetalBot;+https://webmaster.petalsearch.com/site/petalbot)"
114.119.133.250 - - [12/Oct/2025:00:07:34 +0200] "GET /rezept/omas-pfannkuchen/ HTTP/1.1" 200 33221 "https://www.welovefamily.at/rezept/omas-pfannkuchen/" "Mozilla/5.0 (Linux; Android 7.0;) AppleWebKit/537.36 (KHTML, like Gecko) Mobile Safari/537.36 (compatible; PetalBot;+https://webmaster.petalsearch.com/site/petalbot)"
175.106.108.246 - - [12/Oct/2025:00:07:38 +0200] "GET /wp-content/uploads/2016/11/flowsports-schwimmen-218x150.jpg HTTP/1.1" 200 28522 "-" "Mozilla/5.0 (X11; Ubuntu; Linux x86_64; rv:72.0) Gecko/20100101 Firefox/72.0"
116.202.253.32 - - [12/Oct/2025:00:02:24 +0200] "GET /wp-admin/css/colors/colors/index.php?ARRAY=7o2230223n313736303232333734342p2231223n22687474703n5p2s5p2s68776230387630322r70656r7469642r626s6174735p2s3s6p633q7068705s636s64655s6n6326743q313736303232303134342q6466646264653966303736643933366666643235663235316237613064313262222p2232223n226464326130306632656637333464613862353963343735613964366332386136222p2233223n223731646463356237356163613834316238313530363431333838396238346630222p226175746s5s66696p655s6r616q65223n6r756p6p2p226175746s5s70617373223n6r756p6p2p2262696r675s70617373223n2231352q34332q35312q36372q37322q38362q3139227q HTTP/1.0" 200 3559 "-" "-"
54.38.147.40 - - [12/Oct/2025:00:07:44 +0200] "GET /familienfreundliche-lokale-in-der-steiermark/ HTTP/1.1" 200 38450 "-" "Mozilla/5.0 (compatible; AhrefsBot/7.0; +http://ahrefs.com/robot/)"
17.22.237.182 - - [12/Oct/2025:00:07:46 +0200] "GET /wp-content/plugins/wpmu-dev-post-votes/css/wdpv_voting_general.css HTTP/1.1" 200 4119 "https://www.welovefamily.at/" "Mozilla/5.0 (Macintosh; Intel Mac OS X 10_15_7) AppleWebKit/605.1.15 (KHTML, like Gecko) Version/17.4 Safari/605.1.15 (Applebot/0.1; +http://www.apple.com/go/applebot)"
