20.171.207.200 - - [12/Oct/2025:04:09:10 +0200] "GET /item/15140370 HTTP/1.1" 200 4420 "-" "Mozilla/5.0 AppleWebKit/537.36 (KHTML, like Gecko; compatible; GPTBot/1.2; +https://openai.com/gptbot)"
20.171.207.200 - - [12/Oct/2025:04:09:13 +0200] "GET /item/20711618?path=/data/www HTTP/1.1" 200 3019 "-" "Mozilla/5.0 AppleWebKit/537.36 (KHTML, like Gecko; compatible; GPTBot/1.2; +https://openai.com/gptbot)"
66.249.68.132 - - [12/Oct/2025:04:09:15 +0200] "GET /nd/shopping102159905.shtm HTTP/1.1" 200 29078 "-" "Mozilla/5.0 (Linux; Android 6.0.1; Nexus 5X Build/MMB29P) AppleWebKit/537.36 (KHTML, like Gecko) Chrome/140.0.7339.207 Mobile Safari/537.36 (compatible; Googlebot/2.1; +http://www.google.com/bot.html)"
20.171.207.200 - - [12/Oct/2025:04:09:17 +0200] "GET /item/15977906 HTTP/1.1" 200 4420 "-" "Mozilla/5.0 AppleWebKit/537.36 (KHTML, like Gecko; compatible; GPTBot/1.2; +https://openai.com/gptbot)"
20.171.207.200 - - [12/Oct/2025:04:09:20 +0200] "GET /item/23247506 HTTP/1.1" 200 4420 "-" "Mozilla/5.0 AppleWebKit/537.36 (KHTML, like Gecko; compatible; GPTBot/1.2; +https://openai.com/gptbot)"
54.37.118.91 - - [12/Oct/2025:04:09:23 +0200] "GET /ort/universitaets-und-landesbibliothek-tirol/ HTTP/1.1" 200 4398 "-" "Mozilla/5.0 (compatible; AhrefsBot/7.0; +http://ahrefs.com/robot/)"
20.171.207.200 - - [12/Oct/2025:04:09:23 +0200] "GET /item/24544962?path=/data/www HTTP/1.1" 200 3019 "-" "Mozilla/5.0 AppleWebKit/537.36 (KHTML, like Gecko; compatible; GPTBot/1.2; +https://openai.com/gptbot)"
66.249.68.132 - - [12/Oct/2025:04:09:24 +0200] "GET /item/25993446 HTTP/1.1" 200 29066 "-" "Mozilla/5.0 (Linux; Android 6.0.1; Nexus 5X Build/MMB29P) AppleWebKit/537.36 (KHTML, like Gecko) Chrome/140.0.7339.207 Mobile Safari/537.36 (compatible; Googlebot/2.1; +http://www.google.com/bot.html)"
20.171.207.200 - - [12/Oct/2025:04:09:26 +0200] "GET /item/25238442 HTTP/1.1" 200 4420 "-" "Mozilla/5.0 AppleWebKit/537.36 (KHTML, like Gecko; compatible; GPTBot/1.2; +https://openai.com/gptbot)"
20.171.207.200 - - [12/Oct/2025:04:09:29 +0200] "GET /item/18748930 HTTP/1.1" 200 4420 "-" "Mozilla/5.0 AppleWebKit/537.36 (KHTML, like Gecko; compatible; GPTBot/1.2; +https://openai.com/gptbot)"
20.171.207.200 - - [12/Oct/2025:04:09:32 +0200] "GET /item/14654818 HTTP/1.1" 200 4420 "-" "Mozilla/5.0 AppleWebKit/537.36 (KHTML, like Gecko; compatible; GPTBot/1.2; +https://openai.com/gptbot)"
66.249.68.132 - - [12/Oct/2025:04:09:32 +0200] "GET /item/24079866 HTTP/1.1" 200 29171 "-" "Mozilla/5.0 (Linux; Android 6.0.1; Nexus 5X Build/MMB29P) AppleWebKit/537.36 (KHTML, like Gecko) Chrome/140.0.7339.207 Mobile Safari/537.36 (compatible; Googlebot/2.1; +http://www.google.com/bot.html)"
20.171.207.200 - - [12/Oct/2025:04:09:36 +0200] "GET /item/21377602 HTTP/1.1" 200 4420 "-" "Mozilla/5.0 AppleWebKit/537.36 (KHTML, like Gecko; compatible; GPTBot/1.2; +https://openai.com/gptbot)"
157.55.39.53 - - [12/Oct/2025:04:09:36 +0200] "GET /w/185970886.shtm HTTP/1.1" 200 29005 "-" "Mozilla/5.0 AppleWebKit/537.36 (KHTML, like Gecko; compatible; bingbot/2.0; +http://www.bing.com/bingbot.htm) Chrome/116.0.1938.76 Safari/537.36"
20.171.207.200 - - [12/Oct/2025:04:09:39 +0200] "GET /item/24695422 HTTP/1.1" 200 4420 "-" "Mozilla/5.0 AppleWebKit/537.36 (KHTML, like Gecko; compatible; GPTBot/1.2; +https://openai.com/gptbot)"
135.181.213.220 - - [12/Oct/2025:04:09:40 +0200] "GET /robots.txt HTTP/1.1" 200 3482 "-" "Mozilla/5.0 (compatible; MJ12bot/v1.4.8; http://mj12bot.com/)"
20.171.207.200 - - [12/Oct/2025:04:09:42 +0200] "GET /item/21684110 HTTP/1.1" 200 4420 "-" "Mozilla/5.0 AppleWebKit/537.36 (KHTML, like Gecko; compatible; GPTBot/1.2; +https://openai.com/gptbot)"
135.181.213.220 - - [12/Oct/2025:04:09:43 +0200] "GET /category/expertentipps/page/10/?filter_by=featured HTTP/1.1" 200 7550 "-" "Mozilla/5.0 (compatible; MJ12bot/v1.4.8; http://mj12bot.com/)"
20.171.207.200 - - [12/Oct/2025:04:09:45 +0200] "GET /item/22661138 HTTP/1.1" 200 4420 "-" "Mozilla/5.0 AppleWebKit/537.36 (KHTML, like Gecko; compatible; GPTBot/1.2; +https://openai.com/gptbot)"
135.181.213.220 - - [12/Oct/2025:04:09:47 +0200] "GET /category/expertentipps/page/10/?filter_by=random_posts HTTP/1.1" 200 7550 "-" "Mozilla/5.0 (compatible; MJ12bot/v1.4.8; http://mj12bot.com/)"
20.171.207.200 - - [12/Oct/2025:04:09:48 +0200] "GET /item/19030938 HTTP/1.1" 200 4420 "-" "Mozilla/5.0 AppleWebKit/537.36 (KHTML, like Gecko; compatible; GPTBot/1.2; +https://openai.com/gptbot)"
135.181.213.220 - - [12/Oct/2025:04:09:51 +0200] "GET /category/expertentipps/page/37/?filter_by=popular HTTP/1.1" 200 7550 "-" "Mozilla/5.0 (compatible; MJ12bot/v1.4.8; http://mj12bot.com/)"
20.171.207.200 - - [12/Oct/2025:04:09:51 +0200] "GET /item/16242934 HTTP/1.1" 200 4420 "-" "Mozilla/5.0 AppleWebKit/537.36 (KHTML, like Gecko; compatible; GPTBot/1.2; +https://openai.com/gptbot)"
20.171.207.200 - - [12/Oct/2025:04:09:54 +0200] "GET /item/17959346 HTTP/1.1" 200 4420 "-" "Mozilla/5.0 AppleWebKit/537.36 (KHTML, like Gecko; compatible; GPTBot/1.2; +https://openai.com/gptbot)"
114.119.153.11 - - [12/Oct/2025:04:09:55 +0200] "GET /ort/wendi-volksschule/ HTTP/1.1" 200 7781 "https://www.welovefamily.at/ort-typ/volksschulen/" "Mozilla/5.0 (Linux; Android 7.0;) AppleWebKit/537.36 (KHTML, like Gecko) Mobile Safari/537.36 (compatible; PetalBot;+https://webmaster.petalsearch.com/site/petalbot)"
135.181.213.220 - - [12/Oct/2025:04:09:55 +0200] "GET /category/expertentipps/page/38/?filter_by=featured HTTP/1.1" 200 7550 "-" "Mozilla/5.0 (compatible; MJ12bot/v1.4.8; http://mj12bot.com/)"
20.171.207.200 - - [12/Oct/2025:04:09:58 +0200] "GET /item/15034578 HTTP/1.1" 200 4420 "-" "Mozilla/5.0 AppleWebKit/537.36 (KHTML, like Gecko; compatible; GPTBot/1.2; +https://openai.com/gptbot)"
135.181.213.220 - - [12/Oct/2025:04:09:59 +0200] "GET /category/expertentipps/page/38/?filter_by=random_posts HTTP/1.1" 200 7550 "-" "Mozilla/5.0 (compatible; MJ12bot/v1.4.8; http://mj12bot.com/)"
20.171.207.200 - - [12/Oct/2025:04:10:01 +0200] "GET /item/22397514 HTTP/1.1" 200 4420 "-" "Mozilla/5.0 AppleWebKit/537.36 (KHTML, like Gecko; compatible; GPTBot/1.2; +https://openai.com/gptbot)"
66.249.68.132 - - [12/Oct/2025:04:10:02 +0200] "GET /item/24163802 HTTP/1.1" 200 29646 "-" "Mozilla/5.0 (Linux; Android 6.0.1; Nexus 5X Build/MMB29P) AppleWebKit/537.36 (KHTML, like Gecko) Chrome/140.0.7339.207 Mobile Safari/537.36 (compatible; Googlebot/2.1; +http://www.google.com/bot.html)"
20.171.207.200 - - [12/Oct/2025:04:10:04 +0200] "GET /item/23025190 HTTP/1.1" 200 4420 "-" "Mozilla/5.0 AppleWebKit/537.36 (KHTML, like Gecko; compatible; GPTBot/1.2; +https://openai.com/gptbot)"
135.181.213.220 - - [12/Oct/2025:04:10:04 +0200] "GET /category/gute-nacht-geschichten/page/12/?filter_by=popular HTTP/1.1" 200 7550 "-" "Mozilla/5.0 (compatible; MJ12bot/v1.4.8; http://mj12bot.com/)"
47.128.16.154 - - [12/Oct/2025:04:10:06 +0200] "GET /ort/bommenrundweg-in-langenegg/ HTTP/1.1" 200 7833 "-" "Mozilla/5.0 (Linux; Android 5.0) AppleWebKit/537.36 (KHTML, like Gecko) Mobile Safari/537.36 (compatible; TikTokSpider; ttspider-feedback@tiktok.com)"
20.171.207.200 - - [12/Oct/2025:04:10:07 +0200] "GET /item/21786566 HTTP/1.1" 200 4420 "-" "Mozilla/5.0 AppleWebKit/537.36 (KHTML, like Gecko; compatible; GPTBot/1.2; +https://openai.com/gptbot)"
135.181.213.220 - - [12/Oct/2025:04:10:08 +0200] "GET /category/gute-nacht-geschichten/page/12/?filter_by=random_posts HTTP/1.1" 200 7550 "-" "Mozilla/5.0 (compatible; MJ12bot/v1.4.8; http://mj12bot.com/)"
20.171.207.200 - - [12/Oct/2025:04:10:10 +0200] "GET /item/18038958 HTTP/1.1" 200 4420 "-" "Mozilla/5.0 AppleWebKit/537.36 (KHTML, like Gecko; compatible; GPTBot/1.2; +https://openai.com/gptbot)"
135.181.213.220 - - [12/Oct/2025:04:10:12 +0200] "GET /ein-tiger-in-omas-wohnzimmer/ HTTP/1.1" 200 7550 "-" "Mozilla/5.0 (compatible; MJ12bot/v1.4.8; http://mj12bot.com/)"
20.171.207.200 - - [12/Oct/2025:04:10:14 +0200] "GET /item/25238442?fileloc=/data/www/welovefamily.at/welovefamily.at/htdocs/wp-comments-post.php&path=/data/www/welovefamily.at/welovefamily.at/htdocs HTTP/1.1" 200 4033 "-" "Mozilla/5.0 AppleWebKit/537.36 (KHTML, like Gecko; compatible; GPTBot/1.2; +https://openai.com/gptbot)"
135.181.213.220 - - [12/Oct/2025:04:10:16 +0200] "GET /erster-schultag-ideen-fuer-die-einschulungsparty/ HTTP/1.1" 200 7550 "-" "Mozilla/5.0 (compatible; MJ12bot/v1.4.8; http://mj12bot.com/)"
20.171.207.200 - - [12/Oct/2025:04:10:17 +0200] "GET /item/21377602?path=/data/www/welovefamily.at/welovefamily.at HTTP/1.1" 200 4346 "-" "Mozilla/5.0 AppleWebKit/537.36 (KHTML, like Gecko; compatible; GPTBot/1.2; +https://openai.com/gptbot)"
20.171.207.200 - - [12/Oct/2025:04:10:20 +0200] "GET /item/19874546?path=/data/www HTTP/1.1" 200 3019 "-" "Mozilla/5.0 AppleWebKit/537.36 (KHTML, like Gecko; compatible; GPTBot/1.2; +https://openai.com/gptbot)"
135.181.213.220 - - [12/Oct/2025:04:10:20 +0200] "GET /kochen-mit-kindern-gemuesequiche/ HTTP/1.1" 200 7550 "-" "Mozilla/5.0 (compatible; MJ12bot/v1.4.8; http://mj12bot.com/)"
17.246.23.203 - - [12/Oct/2025:04:10:23 +0200] "GET /wp-content/uploads/2016/07/Melone-im-Schinkenmantel.jpg HTTP/1.1" 200 70495 "-" "Mozilla/5.0 (Macintosh; Intel Mac OS X 10_15_7) AppleWebKit/605.1.15 (KHTML, like Gecko) Version/17.4 Safari/605.1.15 (Applebot/0.1; +http://www.apple.com/go/applebot)"
20.171.207.200 - - [12/Oct/2025:04:10:23 +0200] "GET /item/17959346?path=/data/www HTTP/1.1" 200 3019 "-" "Mozilla/5.0 AppleWebKit/537.36 (KHTML, like Gecko; compatible; GPTBot/1.2; +https://openai.com/gptbot)"
135.181.213.220 - - [12/Oct/2025:04:10:24 +0200] "GET /natuerliche-hausmittel-gegen-einen-sonnenstich/ HTTP/1.1" 200 7550 "-" "Mozilla/5.0 (compatible; MJ12bot/v1.4.8; http://mj12bot.com/)"
20.171.207.200 - - [12/Oct/2025:04:10:26 +0200] "GET /item/22397514?path=/data/www HTTP/1.1" 200 3019 "-" "Mozilla/5.0 AppleWebKit/537.36 (KHTML, like Gecko; compatible; GPTBot/1.2; +https://openai.com/gptbot)"
135.181.213.220 - - [12/Oct/2025:04:10:28 +0200] "GET /ratespielwerbinich/ HTTP/1.1" 200 7550 "-" "Mozilla/5.0 (compatible; MJ12bot/v1.4.8; http://mj12bot.com/)"
17.241.75.12 - - [12/Oct/2025:04:10:28 +0200] "GET /ort/la-stella/ HTTP/1.1" 200 7762 "-" "Mozilla/5.0 (Macintosh; Intel Mac OS X 10_15_7) AppleWebKit/605.1.15 (KHTML, like Gecko) Version/17.4 Safari/605.1.15 (Applebot/0.1; +http://www.apple.com/go/applebot)"
17.241.75.12 - - [12/Oct/2025:04:10:29 +0200] "GET /beziehung-wieder-aufleben-lassen-tipps-fuer-unternehmungen-als-paar/ HTTP/1.1" 200 4420 "-" "Mozilla/5.0 (Macintosh; Intel Mac OS X 10_15_7) AppleWebKit/605.1.15 (KHTML, like Gecko) Version/17.4 Safari/605.1.15 (Applebot/0.1; +http://www.apple.com/go/applebot)"
20.171.207.200 - - [12/Oct/2025:04:10:29 +0200] "GET /item/18748930?path=/data/www HTTP/1.1" 200 3019 "-" "Mozilla/5.0 AppleWebKit/537.36 (KHTML, like Gecko; compatible; GPTBot/1.2; +https://openai.com/gptbot)"
135.181.213.220 - - [12/Oct/2025:04:10:32 +0200] "GET /search/%E8%B6%A3%E6%8B%8D%E5%A8%B1%E4%B9%90PT%E8%80%81%E8%99%8E%E6%9C%BA%E5%BC%80%E6%88%B7%E9%80%81%E7%A4%BC%E9%87%91+www.qpyl18.com/info@wienereistraum.com/info@wienereistraum.com/info@wienereistraum.com/ HTTP/1.1" 200 7550 "-" "Mozilla/5.0 (compatible; MJ12bot/v1.4.8; http://mj12bot.com/)"
20.171.207.200 - - [12/Oct/2025:04:10:32 +0200] "GET /item/23247506?path=/data/www HTTP/1.1" 200 3019 "-" "Mozilla/5.0 AppleWebKit/537.36 (KHTML, like Gecko; compatible; GPTBot/1.2; +https://openai.com/gptbot)"
20.171.207.200 - - [12/Oct/2025:04:10:35 +0200] "GET /item/15034578?path=/data/www HTTP/1.1" 200 3019 "-" "Mozilla/5.0 AppleWebKit/537.36 (KHTML, like Gecko; compatible; GPTBot/1.2; +https://openai.com/gptbot)"
135.181.213.220 - - [12/Oct/2025:04:10:36 +0200] "GET /search/%E8%B6%A3%E6%8B%8D%E5%A8%B1%E4%B9%90PT%E8%80%81%E8%99%8E%E6%9C%BA%E5%BC%80%E6%88%B7%E9%80%81%E7%A4%BC%E9%87%91+www.qpyl18.com/info@wienereistraum.com/info@wienereistraum.com/www.Facebook.com/CircusPenelli/ HTTP/1.1" 200 7550 "-" "Mozilla/5.0 (compatible; MJ12bot/v1.4.8; http://mj12bot.com/)"
17.241.219.235 - - [12/Oct/2025:04:10:37 +0200] "GET /fremdeln-bindung-ist-keine-selbstverstaendlichkeit/ HTTP/1.1" 200 7762 "-" "Mozilla/5.0 (Macintosh; Intel Mac OS X 10_15_7) AppleWebKit/605.1.15 (KHTML, like Gecko) Version/17.4 Safari/605.1.15 (Applebot/0.1; +http://www.apple.com/go/applebot)"
20.171.207.200 - - [12/Oct/2025:04:10:39 +0200] "GET /item/19030938?path=/data/www HTTP/1.1" 200 3038 "-" "Mozilla/5.0 AppleWebKit/537.36 (KHTML, like Gecko; compatible; GPTBot/1.2; +https://openai.com/gptbot)"
135.181.213.220 - - [12/Oct/2025:04:10:40 +0200] "GET /search/%E8%B6%A3%E6%8B%8D%E5%A8%B1%E4%B9%90PT%E8%80%81%E8%99%8E%E6%9C%BA%E5%BC%80%E6%88%B7%E9%80%81%E7%A4%BC%E9%87%91+www.qpyl18.com/info@wienereistraum.com/www.Facebook.com/CircusPenelli/h/ HTTP/1.1" 200 7550 "-" "Mozilla/5.0 (compatible; MJ12bot/v1.4.8; http://mj12bot.com/)"
198.244.183.25 - - [12/Oct/2025:04:10:42 +0200] "GET /rezept/gemuesepfanne-mit-bulgur/?fileloc=/data/www/welovefamily.at/welovefamily.at/htdocs/wp-links-opml.php&path=/data/www/welovefamily.at/welovefamily.at/htdocs HTTP/1.1" 200 7468 "-" "Mozilla/5.0 (compatible; AhrefsBot/7.0; +http://ahrefs.com/robot/)"
20.171.207.200 - - [12/Oct/2025:04:10:42 +0200] "GET /item/15977906?path=/data/www HTTP/1.1" 200 6376 "-" "Mozilla/5.0 AppleWebKit/537.36 (KHTML, like Gecko; compatible; GPTBot/1.2; +https://openai.com/gptbot)"
135.181.213.220 - - [12/Oct/2025:04:10:44 +0200] "GET /second-hand-mode-fuer-kinder-die-besten-tipps-fuer-sparfuechse/?fileloc=/data/www/welovefamily.at/welovefamily.at/htdocs/.htaccess&path=/data/www/welovefamily.at/welovefamily.at/htdocs HTTP/1.1" 200 6912 "-" "Mozilla/5.0 (compatible; MJ12bot/v1.4.8; http://mj12bot.com/)"
20.171.207.200 - - [12/Oct/2025:04:10:45 +0200] "GET /item/16905006?path=/data/www HTTP/1.1" 200 3019 "-" "Mozilla/5.0 AppleWebKit/537.36 (KHTML, like Gecko; compatible; GPTBot/1.2; +https://openai.com/gptbot)"
135.181.213.220 - - [12/Oct/2025:04:10:47 +0200] "GET /second-hand-mode-fuer-kinder-die-besten-tipps-fuer-sparfuechse/?fileloc=/data/www/welovefamily.at/welovefamily.at/htdocs/.maintenance&path=/data/www/welovefamily.at/welovefamily.at/htdocs HTTP/1.1" 200 6130 "-" "Mozilla/5.0 (compatible; MJ12bot/v1.4.8; http://mj12bot.com/)"
20.171.207.200 - - [12/Oct/2025:04:10:48 +0200] "GET /item/25238442?path=/data/www HTTP/1.1" 200 3019 "-" "Mozilla/5.0 AppleWebKit/537.36 (KHTML, like Gecko; compatible; GPTBot/1.2; +https://openai.com/gptbot)"
20.171.207.200 - - [12/Oct/2025:04:10:51 +0200] "GET /item/18038958?path=/data/www HTTP/1.1" 200 3019 "-" "Mozilla/5.0 AppleWebKit/537.36 (KHTML, like Gecko; compatible; GPTBot/1.2; +https://openai.com/gptbot)"
135.181.213.220 - - [12/Oct/2025:04:10:51 +0200] "GET /second-hand-mode-fuer-kinder-die-besten-tipps-fuer-sparfuechse/?fileloc=/data/www/welovefamily.at/welovefamily.at/htdocs/index.php&path=/data/www/welovefamily.at/welovefamily.at/htdocs HTTP/1.1" 200 14316 "-" "Mozilla/5.0 (compatible; MJ12bot/v1.4.8; http://mj12bot.com/)"
20.171.207.200 - - [12/Oct/2025:04:10:54 +0200] "GET /item/21377602?path=/data/www HTTP/1.1" 200 3019 "-" "Mozilla/5.0 AppleWebKit/537.36 (KHTML, like Gecko; compatible; GPTBot/1.2; +https://openai.com/gptbot)"
135.181.213.220 - - [12/Oct/2025:04:10:55 +0200] "GET /second-hand-mode-fuer-kinder-die-besten-tipps-fuer-sparfuechse/?fileloc=/data/www/welovefamily.at/welovefamily.at/htdocs/license.txt&path=/data/www/welovefamily.at/welovefamily.at/htdocs HTTP/1.1" 200 13562 "-" "Mozilla/5.0 (compatible; MJ12bot/v1.4.8; http://mj12bot.com/)"
20.171.207.200 - - [12/Oct/2025:04:10:57 +0200] "GET /item/23025190?path=/data/www HTTP/1.1" 200 3019 "-" "Mozilla/5.0 AppleWebKit/537.36 (KHTML, like Gecko; compatible; GPTBot/1.2; +https://openai.com/gptbot)"
135.181.213.220 - - [12/Oct/2025:04:10:59 +0200] "GET /second-hand-mode-fuer-kinder-die-besten-tipps-fuer-sparfuechse/?fileloc=/data/www/welovefamily.at/welovefamily.at/htdocs/readme.html&path=/data/www/welovefamily.at/welovefamily.at/htdocs HTTP/1.1" 200 9177 "-" "Mozilla/5.0 (compatible; MJ12bot/v1.4.8; http://mj12bot.com/)"
20.171.207.200 - - [12/Oct/2025:04:11:00 +0200] "GET /item/16242934?path=/data/www HTTP/1.1" 200 3019 "-" "Mozilla/5.0 AppleWebKit/537.36 (KHTML, like Gecko; compatible; GPTBot/1.2; +https://openai.com/gptbot)"
66.249.68.134 - - [12/Oct/2025:04:11:02 +0200] "GET / HTTP/1.1" 200 29780 "-" "Mozilla/5.0 (compatible; Googlebot/2.1; +http://www.google.com/bot.html)"
135.181.213.220 - - [12/Oct/2025:04:11:03 +0200] "GET /second-hand-mode-fuer-kinder-die-besten-tipps-fuer-sparfuechse/?fileloc=/data/www/welovefamily.at/welovefamily.at/htdocs/robots.txt&path=/data/www/welovefamily.at/welovefamily.at/htdocs HTTP/1.1" 200 6185 "-" "Mozilla/5.0 (compatible; MJ12bot/v1.4.8; http://mj12bot.com/)"
20.171.207.200 - - [12/Oct/2025:04:11:03 +0200] "GET /item/24695422?path=/data/www HTTP/1.1" 200 3019 "-" "Mozilla/5.0 AppleWebKit/537.36 (KHTML, like Gecko; compatible; GPTBot/1.2; +https://openai.com/gptbot)"
20.171.207.200 - - [12/Oct/2025:04:11:07 +0200] "GET /item/22661138?path=/data/www HTTP/1.1" 200 3019 "-" "Mozilla/5.0 AppleWebKit/537.36 (KHTML, like Gecko; compatible; GPTBot/1.2; +https://openai.com/gptbot)"
135.181.213.220 - - [12/Oct/2025:04:11:07 +0200] "GET /second-hand-mode-fuer-kinder-die-besten-tipps-fuer-sparfuechse/?fileloc=/data/www/welovefamily.at/welovefamily.at/htdocs/wp-activate.php&path=/data/www/welovefamily.at/welovefamily.at/htdocs HTTP/1.1" 200 8603 "-" "Mozilla/5.0 (compatible; MJ12bot/v1.4.8; http://mj12bot.com/)"
20.171.207.200 - - [12/Oct/2025:04:11:10 +0200] "GET /item/15140370?path=/data/www HTTP/1.1" 200 3019 "-" "Mozilla/5.0 AppleWebKit/537.36 (KHTML, like Gecko; compatible; GPTBot/1.2; +https://openai.com/gptbot)"
135.181.213.220 - - [12/Oct/2025:04:11:11 +0200] "GET /second-hand-mode-fuer-kinder-die-besten-tipps-fuer-sparfuechse/?fileloc=/data/www/welovefamily.at/welovefamily.at/htdocs/wp-blog-header.php&path=/data/www/welovefamily.at/welovefamily.at/htdocs HTTP/1.1" 200 6318 "-" "Mozilla/5.0 (compatible; MJ12bot/v1.4.8; http://mj12bot.com/)"
20.171.207.200 - - [12/Oct/2025:04:11:13 +0200] "GET /item/21786566?path=/data/www HTTP/1.1" 200 3019 "-" "Mozilla/5.0 AppleWebKit/537.36 (KHTML, like Gecko; compatible; GPTBot/1.2; +https://openai.com/gptbot)"
135.181.213.220 - - [12/Oct/2025:04:11:15 +0200] "GET /second-hand-mode-fuer-kinder-die-besten-tipps-fuer-sparfuechse/?fileloc=/data/www/welovefamily.at/welovefamily.at/htdocs/wp-comments-post.php&path=/data/www/welovefamily.at/welovefamily.at/htdocs HTTP/1.1" 200 7163 "-" "Mozilla/5.0 (compatible; MJ12bot/v1.4.8; http://mj12bot.com/)"
20.171.207.200 - - [12/Oct/2025:04:11:16 +0200] "GET /item/14654818?path=/data/www HTTP/1.1" 200 3019 "-" "Mozilla/5.0 AppleWebKit/537.36 (KHTML, like Gecko; compatible; GPTBot/1.2; +https://openai.com/gptbot)"
135.181.213.220 - - [12/Oct/2025:04:11:18 +0200] "GET /second-hand-mode-fuer-kinder-die-besten-tipps-fuer-sparfuechse/?fileloc=/data/www/welovefamily.at/welovefamily.at/htdocs/wp-config-sample.php&path=/data/www/welovefamily.at/welovefamily.at/htdocs HTTP/1.1" 200 7414 "-" "Mozilla/5.0 (compatible; MJ12bot/v1.4.8; http://mj12bot.com/)"
20.171.207.200 - - [12/Oct/2025:04:11:19 +0200] "GET /item/21684110?path=/data/www HTTP/1.1" 200 3019 "-" "Mozilla/5.0 AppleWebKit/537.36 (KHTML, like Gecko; compatible; GPTBot/1.2; +https://openai.com/gptbot)"
114.119.142.14 - - [12/Oct/2025:04:11:19 +0200] "GET /ort/weg-der-sinne-in-haag-am-hausruck/ HTTP/1.1" 200 7781 "https://www.welove.family/ort/page/337/" "Mozilla/5.0 (Linux; Android 7.0;) AppleWebKit/537.36 (KHTML, like Gecko) Mobile Safari/537.36 (compatible; PetalBot;+https://webmaster.petalsearch.com/site/petalbot)"
135.181.213.220 - - [12/Oct/2025:04:11:22 +0200] "GET /second-hand-mode-fuer-kinder-die-besten-tipps-fuer-sparfuechse/?fileloc=/data/www/welovefamily.at/welovefamily.at/htdocs/wp-config.php&path=/data/www/welovefamily.at/welovefamily.at/htdocs HTTP/1.1" 200 8216 "-" "Mozilla/5.0 (compatible; MJ12bot/v1.4.8; http://mj12bot.com/)"
20.171.207.200 - - [12/Oct/2025:04:11:23 +0200] "GET /item/24695422?fileloc=/data/www/welovefamily.at/welovefamily.at/htdocs/wp-mail.php&path=/data/www/welovefamily.at/welovefamily.at/htdocs HTTP/1.1" 200 6015 "-" "Mozilla/5.0 AppleWebKit/537.36 (KHTML, like Gecko; compatible; GPTBot/1.2; +https://openai.com/gptbot)"
20.171.207.200 - - [12/Oct/2025:04:11:26 +0200] "GET /item/20711618?fileloc=/data/www/welovefamily.at/welovefamily.at/htdocs/.maintenance&path=/data/www/welovefamily.at/welovefamily.at/htdocs HTTP/1.1" 200 3000 "-" "Mozilla/5.0 AppleWebKit/537.36 (KHTML, like Gecko; compatible; GPTBot/1.2; +https://openai.com/gptbot)"
135.181.213.220 - - [12/Oct/2025:04:11:26 +0200] "GET /second-hand-mode-fuer-kinder-die-besten-tipps-fuer-sparfuechse/?fileloc=/data/www/welovefamily.at/welovefamily.at/htdocs/wp-cron.php&path=/data/www/welovefamily.at/welovefamily.at/htdocs HTTP/1.1" 200 8203 "-" "Mozilla/5.0 (compatible; MJ12bot/v1.4.8; http://mj12bot.com/)"
80.77.122.119 - - [12/Oct/2025:04:11:27 +0200] "GET / HTTP/1.1" 404 58299 "-" "Neticle Crawler v1.0 ( https://neticle.com/bot/en/ )"
20.171.207.200 - - [12/Oct/2025:04:11:29 +0200] "GET /item/21786566?path=/data/www/welovefamily.at HTTP/1.1" 200 3035 "-" "Mozilla/5.0 AppleWebKit/537.36 (KHTML, like Gecko; compatible; GPTBot/1.2; +https://openai.com/gptbot)"
135.181.213.220 - - [12/Oct/2025:04:11:30 +0200] "GET /second-hand-mode-fuer-kinder-die-besten-tipps-fuer-sparfuechse/?fileloc=/data/www/welovefamily.at/welovefamily.at/htdocs/wp-links-opml.php&path=/data/www/welovefamily.at/welovefamily.at/htdocs HTTP/1.1" 200 7241 "-" "Mozilla/5.0 (compatible; MJ12bot/v1.4.8; http://mj12bot.com/)"
20.171.207.200 - - [12/Oct/2025:04:11:32 +0200] "GET /item/20711618?path=/data/www/welovefamily.at HTTP/1.1" 200 3035 "-" "Mozilla/5.0 AppleWebKit/537.36 (KHTML, like Gecko; compatible; GPTBot/1.2; +https://openai.com/gptbot)"
135.181.213.220 - - [12/Oct/2025:04:11:34 +0200] "GET /second-hand-mode-fuer-kinder-die-besten-tipps-fuer-sparfuechse/?fileloc=/data/www/welovefamily.at/welovefamily.at/htdocs/wp-load.php&path=/data/www/welovefamily.at/welovefamily.at/htdocs HTTP/1.1" 200 7746 "-" "Mozilla/5.0 (compatible; MJ12bot/v1.4.8; http://mj12bot.com/)"
20.171.207.200 - - [12/Oct/2025:04:11:36 +0200] "GET /item/23247506?path=/data/www/welovefamily.at HTTP/1.1" 200 3035 "-" "Mozilla/5.0 AppleWebKit/537.36 (KHTML, like Gecko; compatible; GPTBot/1.2; +https://openai.com/gptbot)"
135.181.213.220 - - [12/Oct/2025:04:11:38 +0200] "GET /second-hand-mode-fuer-kinder-die-besten-tipps-fuer-sparfuechse/?fileloc=/data/www/welovefamily.at/welovefamily.at/htdocs/wp-mail.php&path=/data/www/welovefamily.at/welovefamily.at/htdocs HTTP/1.1" 200 9145 "-" "Mozilla/5.0 (compatible; MJ12bot/v1.4.8; http://mj12bot.com/)"
20.171.207.200 - - [12/Oct/2025:04:11:39 +0200] "GET /item/15140370?path=/data/www/welovefamily.at HTTP/1.1" 200 3035 "-" "Mozilla/5.0 AppleWebKit/537.36 (KHTML, like Gecko; compatible; GPTBot/1.2; +https://openai.com/gptbot)"
135.181.213.220 - - [12/Oct/2025:04:11:42 +0200] "GET /second-hand-mode-fuer-kinder-die-besten-tipps-fuer-sparfuechse/?fileloc=/data/www/welovefamily.at/welovefamily.at/htdocs/wp-settings.php&path=/data/www/welovefamily.at/welovefamily.at/htdocs HTTP/1.1" 200 12359 "-" "Mozilla/5.0 (compatible; MJ12bot/v1.4.8; http://mj12bot.com/)"
20.171.207.200 - - [12/Oct/2025:04:11:42 +0200] "GET /item/18038958?path=/data/www/welovefamily.at HTTP/1.1" 200 3035 "-" "Mozilla/5.0 AppleWebKit/537.36 (KHTML, like Gecko; compatible; GPTBot/1.2; +https://openai.com/gptbot)"
20.171.207.200 - - [12/Oct/2025:04:11:45 +0200] "GET /item/19745522?path=/data/www/welovefamily.at HTTP/1.1" 200 3035 "-" "Mozilla/5.0 AppleWebKit/537.36 (KHTML, like Gecko; compatible; GPTBot/1.2; +https://openai.com/gptbot)"
135.181.213.220 - - [12/Oct/2025:04:11:46 +0200] "GET /second-hand-mode-fuer-kinder-die-besten-tipps-fuer-sparfuechse/?fileloc=/data/www/welovefamily.at/welovefamily.at/htdocs/wp-signup.php&path=/data/www/welovefamily.at/welovefamily.at/htdocs HTTP/1.1" 200 14262 "-" "Mozilla/5.0 (compatible; MJ12bot/v1.4.8; http://mj12bot.com/)"
20.171.207.200 - - [12/Oct/2025:04:11:48 +0200] "GET /item/23025190?path=/data/www/welovefamily.at HTTP/1.1" 200 3035 "-" "Mozilla/5.0 AppleWebKit/537.36 (KHTML, like Gecko; compatible; GPTBot/1.2; +https://openai.com/gptbot)"
135.181.213.220 - - [12/Oct/2025:04:11:50 +0200] "GET /second-hand-mode-fuer-kinder-die-besten-tipps-fuer-sparfuechse/?fileloc=/data/www/welovefamily.at/welovefamily.at/htdocs/wp-trackback.php&path=/data/www/welovefamily.at/welovefamily.at/htdocs HTTP/1.1" 200 7955 "-" "Mozilla/5.0 (compatible; MJ12bot/v1.4.8; http://mj12bot.com/)"
20.171.207.200 - - [12/Oct/2025:04:11:52 +0200] "GET /item/18040706?path=/data/www/welovefamily.at HTTP/1.1" 200 3035 "-" "Mozilla/5.0 AppleWebKit/537.36 (KHTML, like Gecko; compatible; GPTBot/1.2; +https://openai.com/gptbot)"
135.181.213.220 - - [12/Oct/2025:04:11:54 +0200] "GET /second-hand-mode-fuer-kinder-die-besten-tipps-fuer-sparfuechse/?path=/ HTTP/1.1" 200 6131 "-" "Mozilla/5.0 (compatible; MJ12bot/v1.4.8; http://mj12bot.com/)"
20.171.207.200 - - [12/Oct/2025:04:11:55 +0200] "GET /item/15977906?path=/data/www/welovefamily.at HTTP/1.1" 200 3035 "-" "Mozilla/5.0 AppleWebKit/537.36 (KHTML, like Gecko; compatible; GPTBot/1.2; +https://openai.com/gptbot)"
135.181.213.220 - - [12/Oct/2025:04:11:58 +0200] "GET /second-hand-mode-fuer-kinder-die-besten-tipps-fuer-sparfuechse/?path=/data HTTP/1.1" 200 6140 "-" "Mozilla/5.0 (compatible; MJ12bot/v1.4.8; http://mj12bot.com/)"
20.171.207.200 - - [12/Oct/2025:04:11:58 +0200] "GET /item/21377602?path=/data/www/welovefamily.at HTTP/1.1" 200 3035 "-" "Mozilla/5.0 AppleWebKit/537.36 (KHTML, like Gecko; compatible; GPTBot/1.2; +https://openai.com/gptbot)"
20.171.207.200 - - [12/Oct/2025:04:12:01 +0200] "GET /item/19874546?path=/data/www/welovefamily.at HTTP/1.1" 200 3035 "-" "Mozilla/5.0 AppleWebKit/537.36 (KHTML, like Gecko; compatible; GPTBot/1.2; +https://openai.com/gptbot)"
135.181.213.220 - - [12/Oct/2025:04:12:02 +0200] "GET /second-hand-mode-fuer-kinder-die-besten-tipps-fuer-sparfuechse/?path=/data/www HTTP/1.1" 200 6149 "-" "Mozilla/5.0 (compatible; MJ12bot/v1.4.8; http://mj12bot.com/)"
20.171.207.200 - - [12/Oct/2025:04:12:04 +0200] "GET /item/15164690?path=/data/www/welovefamily.at HTTP/1.1" 200 3035 "-" "Mozilla/5.0 AppleWebKit/537.36 (KHTML, like Gecko; compatible; GPTBot/1.2; +https://openai.com/gptbot)"
135.181.213.220 - - [12/Oct/2025:04:12:05 +0200] "GET /second-hand-mode-fuer-kinder-die-besten-tipps-fuer-sparfuechse/?path=/data/www/welovefamily.at HTTP/1.1" 200 6165 "-" "Mozilla/5.0 (compatible; MJ12bot/v1.4.8; http://mj12bot.com/)"
20.171.207.200 - - [12/Oct/2025:04:12:07 +0200] "GET /item/18748930?path=/data/www/welovefamily.at HTTP/1.1" 200 3035 "-" "Mozilla/5.0 AppleWebKit/537.36 (KHTML, like Gecko; compatible; GPTBot/1.2; +https://openai.com/gptbot)"
17.22.237.138 - - [12/Oct/2025:04:12:09 +0200] "GET /pepe-das-freche-eichhoernchen/ HTTP/1.1" 200 7762 "-" "Mozilla/5.0 (Macintosh; Intel Mac OS X 10_15_7) AppleWebKit/605.1.15 (KHTML, like Gecko) Version/17.4 Safari/605.1.15 (Applebot/0.1; +http://www.apple.com/go/applebot)"
135.181.213.220 - - [12/Oct/2025:04:12:09 +0200] "GET /second-hand-mode-fuer-kinder-die-besten-tipps-fuer-sparfuechse/?path=/data/www/welovefamily.at/welovefamily.at HTTP/1.1" 200 7476 "-" "Mozilla/5.0 (compatible; MJ12bot/v1.4.8; http://mj12bot.com/)"
20.171.207.200 - - [12/Oct/2025:04:12:11 +0200] "GET /item/22397514?path=/data/www/welovefamily.at HTTP/1.1" 200 3035 "-" "Mozilla/5.0 AppleWebKit/537.36 (KHTML, like Gecko; compatible; GPTBot/1.2; +https://openai.com/gptbot)"
135.181.213.220 - - [12/Oct/2025:04:12:13 +0200] "GET /second-hand-mode-fuer-kinder-die-besten-tipps-fuer-sparfuechse/?path=/data/www/welovefamily.at/welovefamily.at/htdocs HTTP/1.1" 200 7550 "-" "Mozilla/5.0 (compatible; MJ12bot/v1.4.8; http://mj12bot.com/)"
20.171.207.200 - - [12/Oct/2025:04:12:14 +0200] "GET /item/17959346?path=/data/www/welovefamily.at HTTP/1.1" 200 3035 "-" "Mozilla/5.0 AppleWebKit/537.36 (KHTML, like Gecko; compatible; GPTBot/1.2; +https://openai.com/gptbot)"
198.244.240.221 - - [12/Oct/2025:04:12:16 +0200] "GET /ort/burguine-rabenstein/ HTTP/1.1" 200 7777 "-" "Mozilla/5.0 (compatible; AhrefsBot/7.0; +http://ahrefs.com/robot/)"
20.171.207.200 - - [12/Oct/2025:04:12:17 +0200] "GET /item/16242934?path=/data/www/welovefamily.at HTTP/1.1" 200 3035 "-" "Mozilla/5.0 AppleWebKit/537.36 (KHTML, like Gecko; compatible; GPTBot/1.2; +https://openai.com/gptbot)"
135.181.213.220 - - [12/Oct/2025:04:12:17 +0200] "GET /second-hand-mode-fuer-kinder-die-besten-tipps-fuer-sparfuechse/?path=/data/www/welovefamily.at/welovefamily.at/htdocs/.tmb HTTP/1.1" 200 6463 "-" "Mozilla/5.0 (compatible; MJ12bot/v1.4.8; http://mj12bot.com/)"
20.171.207.200 - - [12/Oct/2025:04:12:20 +0200] "GET /item/15034578?path=/data/www/welovefamily.at HTTP/1.1" 200 3035 "-" "Mozilla/5.0 AppleWebKit/537.36 (KHTML, like Gecko; compatible; GPTBot/1.2; +https://openai.com/gptbot)"
135.181.213.220 - - [12/Oct/2025:04:12:21 +0200] "GET /second-hand-mode-fuer-kinder-die-besten-tipps-fuer-sparfuechse/?path=/data/www/welovefamily.at/welovefamily.at/htdocs/admin HTTP/1.1" 200 6592 "-" "Mozilla/5.0 (compatible; MJ12bot/v1.4.8; http://mj12bot.com/)"
20.171.207.200 - - [12/Oct/2025:04:12:23 +0200] "GET /item/21684110?path=/data/www/welovefamily.at HTTP/1.1" 200 3035 "-" "Mozilla/5.0 AppleWebKit/537.36 (KHTML, like Gecko; compatible; GPTBot/1.2; +https://openai.com/gptbot)"
66.249.68.132 - - [12/Oct/2025:04:12:24 +0200] "GET /item/24233098 HTTP/1.1" 200 28632 "-" "Mozilla/5.0 (Linux; Android 6.0.1; Nexus 5X Build/MMB29P) AppleWebKit/537.36 (KHTML, like Gecko) Chrome/140.0.7339.207 Mobile Safari/537.36 (compatible; Googlebot/2.1; +http://www.google.com/bot.html)"
135.181.213.220 - - [12/Oct/2025:04:12:25 +0200] "GET /second-hand-mode-fuer-kinder-die-besten-tipps-fuer-sparfuechse/?path=/data/www/welovefamily.at/welovefamily.at/htdocs/images HTTP/1.1" 200 6672 "-" "Mozilla/5.0 (compatible; MJ12bot/v1.4.8; http://mj12bot.com/)"
20.171.207.200 - - [12/Oct/2025:04:12:26 +0200] "GET /item/25238442?path=/data/www/welovefamily.at HTTP/1.1" 200 3035 "-" "Mozilla/5.0 AppleWebKit/537.36 (KHTML, like Gecko; compatible; GPTBot/1.2; +https://openai.com/gptbot)"
135.181.213.220 - - [12/Oct/2025:04:12:29 +0200] "GET /second-hand-mode-fuer-kinder-die-besten-tipps-fuer-sparfuechse/?path=/data/www/welovefamily.at/welovefamily.at/htdocs/wp-admin HTTP/1.1" 200 10120 "-" "Mozilla/5.0 (compatible; MJ12bot/v1.4.8; http://mj12bot.com/)"
20.171.207.200 - - [12/Oct/2025:04:12:30 +0200] "GET /item/14654818?path=/data/www/welovefamily.at HTTP/1.1" 200 3035 "-" "Mozilla/5.0 AppleWebKit/537.36 (KHTML, like Gecko; compatible; GPTBot/1.2; +https://openai.com/gptbot)"
135.181.213.220 - - [12/Oct/2025:04:12:33 +0200] "GET /second-hand-mode-fuer-kinder-die-besten-tipps-fuer-sparfuechse/?path=/data/www/welovefamily.at/welovefamily.at/htdocs/wp-content HTTP/1.1" 200 7178 "-" "Mozilla/5.0 (compatible; MJ12bot/v1.4.8; http://mj12bot.com/)"
20.171.207.200 - - [12/Oct/2025:04:12:33 +0200] "GET /item/16905006?path=/data/www/welovefamily.at HTTP/1.1" 200 3035 "-" "Mozilla/5.0 AppleWebKit/537.36 (KHTML, like Gecko; compatible; GPTBot/1.2; +https://openai.com/gptbot)"
20.171.207.200 - - [12/Oct/2025:04:12:36 +0200] "GET /item/19030938?path=/data/www/welovefamily.at HTTP/1.1" 200 3035 "-" "Mozilla/5.0 AppleWebKit/537.36 (KHTML, like Gecko; compatible; GPTBot/1.2; +https://openai.com/gptbot)"
135.181.213.220 - - [12/Oct/2025:04:12:37 +0200] "GET /second-hand-mode-fuer-kinder-die-besten-tipps-fuer-sparfuechse/?path=/data/www/welovefamily.at/welovefamily.at/htdocs/wp-includes HTTP/1.1" 200 16452 "-" "Mozilla/5.0 (compatible; MJ12bot/v1.4.8; http://mj12bot.com/)"
20.171.207.200 - - [12/Oct/2025:04:12:39 +0200] "GET /item/24544962?path=/data/www/welovefamily.at HTTP/1.1" 200 3035 "-" "Mozilla/5.0 AppleWebKit/537.36 (KHTML, like Gecko; compatible; GPTBot/1.2; +https://openai.com/gptbot)"
135.181.213.220 - - [12/Oct/2025:04:12:41 +0200] "GET /self-fotoshooting-das-etwas-andere-fotoshooting/ HTTP/1.1" 200 7550 "-" "Mozilla/5.0 (compatible; MJ12bot/v1.4.8; http://mj12bot.com/)"
20.171.207.200 - - [12/Oct/2025:04:12:42 +0200] "GET /item/22661138?path=/data/www/welovefamily.at HTTP/1.1" 200 3035 "-" "Mozilla/5.0 AppleWebKit/537.36 (KHTML, like Gecko; compatible; GPTBot/1.2; +https://openai.com/gptbot)"
114.119.151.108 - - [12/Oct/2025:04:12:43 +0200] "GET /ort/volksschule-gaishorn/ HTTP/1.1" 200 7781 "https://www.welovefamily.at/ort-typ/volksschulen/" "Mozilla/5.0 (Linux; Android 7.0;) AppleWebKit/537.36 (KHTML, like Gecko) Mobile Safari/537.36 (compatible; PetalBot;+https://webmaster.petalsearch.com/site/petalbot)"
85.208.96.204 - - [12/Oct/2025:04:12:45 +0200] "GET /robots.txt HTTP/1.1" 200 3757 "-" "Mozilla/5.0 (compatible; SemrushBot/7~bl; +http://www.semrush.com/bot.html)"
135.181.213.220 - - [12/Oct/2025:04:12:44 +0200] "GET /von-synaesthesie-hochsensibilitaet-und-der-schule/ HTTP/1.1" 200 7550 "-" "Mozilla/5.0 (compatible; MJ12bot/v1.4.8; http://mj12bot.com/)"
185.191.171.9 - - [12/Oct/2025:04:12:45 +0200] "GET /category/aktuell/page/47/ HTTP/1.1" 200 7781 "-" "Mozilla/5.0 (compatible; SemrushBot/7~bl; +http://www.semrush.com/bot.html)"
20.171.207.200 - - [12/Oct/2025:04:12:45 +0200] "GET /item/24695422?path=/data/www/welovefamily.at HTTP/1.1" 200 3035 "-" "Mozilla/5.0 AppleWebKit/537.36 (KHTML, like Gecko; compatible; GPTBot/1.2; +https://openai.com/gptbot)"
135.181.213.220 - - [12/Oct/2025:04:12:48 +0200] "GET /vorteile-als-alleinerzieherin/ HTTP/1.1" 200 7550 "-" "Mozilla/5.0 (compatible; MJ12bot/v1.4.8; http://mj12bot.com/)"
20.171.207.200 - - [12/Oct/2025:04:12:48 +0200] "GET /item/15164690?path=/ HTTP/1.1" 200 3001 "-" "Mozilla/5.0 AppleWebKit/537.36 (KHTML, like Gecko; compatible; GPTBot/1.2; +https://openai.com/gptbot)"
20.171.207.200 - - [12/Oct/2025:04:12:51 +0200] "GET /item/21786566?path=/ HTTP/1.1" 200 3001 "-" "Mozilla/5.0 AppleWebKit/537.36 (KHTML, like Gecko; compatible; GPTBot/1.2; +https://openai.com/gptbot)"
135.181.213.220 - - [12/Oct/2025:04:12:52 +0200] "GET /wenn-tiere-weihnachten-feiern/ HTTP/1.1" 200 7550 "-" "Mozilla/5.0 (compatible; MJ12bot/v1.4.8; http://mj12bot.com/)"
216.244.66.248 - - [12/Oct/2025:04:12:54 +0200] "GET /babys-schlaf-warum-ein-baby-so-schlaeft-wie-es-schlaeft/ HTTP/1.1" 404 54483 "-" "Mozilla/5.0 (compatible; DotBot/1.2; +https://opensiteexplorer.org/dotbot; help@moz.com)"
20.171.207.200 - - [12/Oct/2025:04:12:54 +0200] "GET /item/22397514?path=/ HTTP/1.1" 200 3001 "-" "Mozilla/5.0 AppleWebKit/537.36 (KHTML, like Gecko; compatible; GPTBot/1.2; +https://openai.com/gptbot)"
135.181.213.220 - - [12/Oct/2025:04:12:56 +0200] "GET /wohnung-kindersicher-machen-so-beugst-du-unfaellen-vor/ HTTP/1.1" 200 7550 "-" "Mozilla/5.0 (compatible; MJ12bot/v1.4.8; http://mj12bot.com/)"
20.171.207.200 - - [12/Oct/2025:04:12:58 +0200] "GET /item/22661138?path=/ HTTP/1.1" 200 3001 "-" "Mozilla/5.0 AppleWebKit/537.36 (KHTML, like Gecko; compatible; GPTBot/1.2; +https://openai.com/gptbot)"
20.171.207.200 - - [12/Oct/2025:04:13:01 +0200] "GET /item/24492682?path=/data/www/welovefamily.at HTTP/1.1" 200 3035 "-" "Mozilla/5.0 AppleWebKit/537.36 (KHTML, like Gecko; compatible; GPTBot/1.2; +https://openai.com/gptbot)"
66.249.68.134 - - [12/Oct/2025:04:13:02 +0200] "GET /item/25169954 HTTP/1.1" 200 31907 "-" "Mozilla/5.0 (Linux; Android 6.0.1; Nexus 5X Build/MMB29P) AppleWebKit/537.36 (KHTML, like Gecko) Chrome/140.0.7339.207 Mobile Safari/537.36 (compatible; Googlebot/2.1; +http://www.google.com/bot.html)"
66.249.68.133 - - [12/Oct/2025:04:13:03 +0200] "GET /item/17862950 HTTP/1.1" 200 30903 "-" "Mozilla/5.0 (Linux; Android 6.0.1; Nexus 5X Build/MMB29P) AppleWebKit/537.36 (KHTML, like Gecko) Chrome/140.0.7339.207 Mobile Safari/537.36 (compatible; Googlebot/2.1; +http://www.google.com/bot.html)"
20.171.207.200 - - [12/Oct/2025:04:13:04 +0200] "GET /item/15140370?path=/ HTTP/1.1" 200 3001 "-" "Mozilla/5.0 AppleWebKit/537.36 (KHTML, like Gecko; compatible; GPTBot/1.2; +https://openai.com/gptbot)"
20.171.207.200 - - [12/Oct/2025:04:13:07 +0200] "GET /item/18748930?path=/ HTTP/1.1" 200 3001 "-" "Mozilla/5.0 AppleWebKit/537.36 (KHTML, like Gecko; compatible; GPTBot/1.2; +https://openai.com/gptbot)"
20.171.207.200 - - [12/Oct/2025:04:13:10 +0200] "GET /item/18040706?path=/ HTTP/1.1" 200 3001 "-" "Mozilla/5.0 AppleWebKit/537.36 (KHTML, like Gecko; compatible; GPTBot/1.2; +https://openai.com/gptbot)"
20.171.207.200 - - [12/Oct/2025:04:13:13 +0200] "GET /item/16905006?path=/ HTTP/1.1" 200 3001 "-" "Mozilla/5.0 AppleWebKit/537.36 (KHTML, like Gecko; compatible; GPTBot/1.2; +https://openai.com/gptbot)"
20.171.207.200 - - [12/Oct/2025:04:13:17 +0200] "GET /item/23025190?path=/ HTTP/1.1" 200 3001 "-" "Mozilla/5.0 AppleWebKit/537.36 (KHTML, like Gecko; compatible; GPTBot/1.2; +https://openai.com/gptbot)"
20.171.207.200 - - [12/Oct/2025:04:13:20 +0200] "GET /item/21377602?path=/ HTTP/1.1" 200 3001 "-" "Mozilla/5.0 AppleWebKit/537.36 (KHTML, like Gecko; compatible; GPTBot/1.2; +https://openai.com/gptbot)"
20.171.207.200 - - [12/Oct/2025:04:13:23 +0200] "GET /item/14654818?path=/ HTTP/1.1" 200 3001 "-" "Mozilla/5.0 AppleWebKit/537.36 (KHTML, like Gecko; compatible; GPTBot/1.2; +https://openai.com/gptbot)"
20.171.207.200 - - [12/Oct/2025:04:13:26 +0200] "GET /item/21684110?path=/ HTTP/1.1" 200 3001 "-" "Mozilla/5.0 AppleWebKit/537.36 (KHTML, like Gecko; compatible; GPTBot/1.2; +https://openai.com/gptbot)"
17.22.253.48 - - [12/Oct/2025:04:13:28 +0200] "GET /ort/hebamme-marianne-kremsmair/ HTTP/1.1" 200 7762 "-" "Mozilla/5.0 (Macintosh; Intel Mac OS X 10_15_7) AppleWebKit/605.1.15 (KHTML, like Gecko) Version/17.4 Safari/605.1.15 (Applebot/0.1; +http://www.apple.com/go/applebot)"
17.22.253.48 - - [12/Oct/2025:04:13:28 +0200] "GET /10-tipps-wie-du-dein-kind-zum-lernen-motivierst/ HTTP/1.1" 200 4420 "-" "Mozilla/5.0 (Macintosh; Intel Mac OS X 10_15_7) AppleWebKit/605.1.15 (KHTML, like Gecko) Version/17.4 Safari/605.1.15 (Applebot/0.1; +http://www.apple.com/go/applebot)"
20.171.207.200 - - [12/Oct/2025:04:13:29 +0200] "GET /item/25238442?path=/ HTTP/1.1" 200 3001 "-" "Mozilla/5.0 AppleWebKit/537.36 (KHTML, like Gecko; compatible; GPTBot/1.2; +https://openai.com/gptbot)"
20.171.207.200 - - [12/Oct/2025:04:13:32 +0200] "GET /item/16242934?path=/ HTTP/1.1" 200 3001 "-" "Mozilla/5.0 AppleWebKit/537.36 (KHTML, like Gecko; compatible; GPTBot/1.2; +https://openai.com/gptbot)"
66.249.68.132 - - [12/Oct/2025:04:13:33 +0200] "GET /item/22649574 HTTP/1.1" 200 28603 "-" "Mozilla/5.0 (Linux; Android 6.0.1; Nexus 5X Build/MMB29P) AppleWebKit/537.36 (KHTML, like Gecko) Chrome/140.0.7339.207 Mobile Safari/537.36 (compatible; Googlebot/2.1; +http://www.google.com/bot.html)"
20.171.207.200 - - [12/Oct/2025:04:13:35 +0200] "GET /item/15977906?path=/ HTTP/1.1" 200 3001 "-" "Mozilla/5.0 AppleWebKit/537.36 (KHTML, like Gecko; compatible; GPTBot/1.2; +https://openai.com/gptbot)"
157.55.39.203 - - [12/Oct/2025:04:13:36 +0200] "GET /vyj/maundy/shopdetail/ HTTP/1.1" 200 29760 "-" "Mozilla/5.0 AppleWebKit/537.36 (KHTML, like Gecko; compatible; bingbot/2.0; +http://www.bing.com/bingbot.htm) Chrome/116.0.1938.76 Safari/537.36"
20.171.207.200 - - [12/Oct/2025:04:13:38 +0200] "GET /item/18038958?path=/ HTTP/1.1" 200 3001 "-" "Mozilla/5.0 AppleWebKit/537.36 (KHTML, like Gecko; compatible; GPTBot/1.2; +https://openai.com/gptbot)"
66.249.68.132 - - [12/Oct/2025:04:13:41 +0200] "GET /item/21569746 HTTP/1.1" 200 29735 "-" "Mozilla/5.0 (Linux; Android 6.0.1; Nexus 5X Build/MMB29P) AppleWebKit/537.36 (KHTML, like Gecko) Chrome/140.0.7339.207 Mobile Safari/537.36 (compatible; Googlebot/2.1; +http://www.google.com/bot.html)"
20.171.207.200 - - [12/Oct/2025:04:13:42 +0200] "GET /item/19030938?path=/ HTTP/1.1" 200 3001 "-" "Mozilla/5.0 AppleWebKit/537.36 (KHTML, like Gecko; compatible; GPTBot/1.2; +https://openai.com/gptbot)"
66.249.68.132 - - [12/Oct/2025:04:13:42 +0200] "GET /item/19088518 HTTP/1.1" 200 29259 "-" "Mozilla/5.0 (Linux; Android 6.0.1; Nexus 5X Build/MMB29P) AppleWebKit/537.36 (KHTML, like Gecko) Chrome/140.0.7339.207 Mobile Safari/537.36 (compatible; Googlebot/2.1; +http://www.google.com/bot.html)"
66.249.68.132 - - [12/Oct/2025:04:13:43 +0200] "GET /item/19786710 HTTP/1.1" 200 25851 "-" "Mozilla/5.0 (Linux; Android 6.0.1; Nexus 5X Build/MMB29P) AppleWebKit/537.36 (KHTML, like Gecko) Chrome/140.0.7339.207 Mobile Safari/537.36 (compatible; Googlebot/2.1; +http://www.google.com/bot.html)"
23.21.250.48 - - [12/Oct/2025:04:13:43 +0200] "GET / HTTP/1.1" 200 7583 "-" "Mozilla/5.0 AppleWebKit/537.36 (KHTML, like Gecko; compatible; Amazonbot/0.1; +https://developer.amazon.com/support/amazonbot) Chrome/119.0.6045.214 Safari/537.36"
66.249.68.132 - - [12/Oct/2025:04:13:44 +0200] "GET /item/21098262 HTTP/1.1" 200 27489 "-" "Mozilla/5.0 (Linux; Android 6.0.1; Nexus 5X Build/MMB29P) AppleWebKit/537.36 (KHTML, like Gecko) Chrome/140.0.7339.207 Mobile Safari/537.36 (compatible; Googlebot/2.1; +http://www.google.com/bot.html)"
66.249.68.132 - - [12/Oct/2025:04:13:45 +0200] "GET /item/20803834 HTTP/1.1" 200 26982 "-" "Mozilla/5.0 (Linux; Android 6.0.1; Nexus 5X Build/MMB29P) AppleWebKit/537.36 (KHTML, like Gecko) Chrome/140.0.7339.207 Mobile Safari/537.36 (compatible; Googlebot/2.1; +http://www.google.com/bot.html)"
20.171.207.200 - - [12/Oct/2025:04:13:45 +0200] "GET /item/20711618?path=/ HTTP/1.1" 200 3001 "-" "Mozilla/5.0 AppleWebKit/537.36 (KHTML, like Gecko; compatible; GPTBot/1.2; +https://openai.com/gptbot)"
49.0.249.249 - - [12/Oct/2025:04:13:46 +0200] "GET /ort/1-oesterreichischer-naturkraftpark-im-naturpark-poellauer-tal HTTP/1.1" 200 7833 "https://www.welove.family/ort/1-oesterreichischer-naturkraftpark-im-naturpark-poellauer-tal" "Mozilla/5.0 (Macintosh; Intel Mac OS X 10_15_7) AppleWebKit/537.36 (KHTML, like Gecko) Chrome/131.0.0.0 Safari/537.36"
66.249.68.132 - - [12/Oct/2025:04:13:46 +0200] "GET /item/19239250 HTTP/1.1" 200 25775 "-" "Mozilla/5.0 (Linux; Android 6.0.1; Nexus 5X Build/MMB29P) AppleWebKit/537.36 (KHTML, like Gecko) Chrome/140.0.7339.207 Mobile Safari/537.36 (compatible; Googlebot/2.1; +http://www.google.com/bot.html)"
66.249.68.132 - - [12/Oct/2025:04:13:47 +0200] "GET /item/19672538 HTTP/1.1" 200 27069 "-" "Mozilla/5.0 (Linux; Android 6.0.1; Nexus 5X Build/MMB29P) AppleWebKit/537.36 (KHTML, like Gecko) Chrome/140.0.7339.207 Mobile Safari/537.36 (compatible; Googlebot/2.1; +http://www.google.com/bot.html)"
20.171.207.200 - - [12/Oct/2025:04:13:48 +0200] "GET /item/24544962?path=/ HTTP/1.1" 200 3001 "-" "Mozilla/5.0 AppleWebKit/537.36 (KHTML, like Gecko; compatible; GPTBot/1.2; +https://openai.com/gptbot)"
18.142.25.163 - - [12/Oct/2025:04:13:49 +0200] "GET /wp-content/uploads/2016/08/Bl%C3%83%C2%A4tterteig-Pizzaschnecken.jpg HTTP/1.1" 200 7833 "-" "Mozilla/5.0 (compatible; crawler)"
66.249.68.132 - - [12/Oct/2025:04:13:48 +0200] "GET /item/19775194 HTTP/1.1" 200 25199 "-" "Mozilla/5.0 (Linux; Android 6.0.1; Nexus 5X Build/MMB29P) AppleWebKit/537.36 (KHTML, like Gecko) Chrome/140.0.7339.207 Mobile Safari/537.36 (compatible; Googlebot/2.1; +http://www.google.com/bot.html)"
66.249.68.132 - - [12/Oct/2025:04:13:49 +0200] "GET /item/22332230 HTTP/1.1" 200 29608 "-" "Mozilla/5.0 (Linux; Android 6.0.1; Nexus 5X Build/MMB29P) AppleWebKit/537.36 (KHTML, like Gecko) Chrome/140.0.7339.207 Mobile Safari/537.36 (compatible; Googlebot/2.1; +http://www.google.com/bot.html)"
66.249.68.132 - - [12/Oct/2025:04:13:51 +0200] "GET /item/20486762 HTTP/1.1" 200 26586 "-" "Mozilla/5.0 (Linux; Android 6.0.1; Nexus 5X Build/MMB29P) AppleWebKit/537.36 (KHTML, like Gecko) Chrome/140.0.7339.207 Mobile Safari/537.36 (compatible; Googlebot/2.1; +http://www.google.com/bot.html)"
66.249.68.133 - - [12/Oct/2025:04:13:51 +0200] "GET /item/21638966 HTTP/1.1" 200 30113 "-" "Mozilla/5.0 (Linux; Android 6.0.1; Nexus 5X Build/MMB29P) AppleWebKit/537.36 (KHTML, like Gecko) Chrome/140.0.7339.207 Mobile Safari/537.36 (compatible; Googlebot/2.1; +http://www.google.com/bot.html)"
20.171.207.200 - - [12/Oct/2025:04:13:51 +0200] "GET /item/19745522?path=/ HTTP/1.1" 200 3001 "-" "Mozilla/5.0 AppleWebKit/537.36 (KHTML, like Gecko; compatible; GPTBot/1.2; +https://openai.com/gptbot)"
66.249.68.132 - - [12/Oct/2025:04:13:52 +0200] "GET /item/21025254 HTTP/1.1" 200 25372 "-" "Mozilla/5.0 (Linux; Android 6.0.1; Nexus 5X Build/MMB29P) AppleWebKit/537.36 (KHTML, like Gecko) Chrome/140.0.7339.207 Mobile Safari/537.36 (compatible; Googlebot/2.1; +http://www.google.com/bot.html)"
66.249.68.133 - - [12/Oct/2025:04:13:52 +0200] "GET /item/23297066 HTTP/1.1" 200 25332 "-" "Mozilla/5.0 (Linux; Android 6.0.1; Nexus 5X Build/MMB29P) AppleWebKit/537.36 (KHTML, like Gecko) Chrome/140.0.7339.207 Mobile Safari/537.36 (compatible; Googlebot/2.1; +http://www.google.com/bot.html)"
66.249.68.132 - - [12/Oct/2025:04:13:53 +0200] "GET /item/19973594 HTTP/1.1" 200 25991 "-" "Mozilla/5.0 (Linux; Android 6.0.1; Nexus 5X Build/MMB29P) AppleWebKit/537.36 (KHTML, like Gecko) Chrome/140.0.7339.207 Mobile Safari/537.36 (compatible; Googlebot/2.1; +http://www.google.com/bot.html)"
66.249.68.132 - - [12/Oct/2025:04:13:53 +0200] "GET /item/19250598 HTTP/1.1" 200 25925 "-" "Mozilla/5.0 (Linux; Android 6.0.1; Nexus 5X Build/MMB29P) AppleWebKit/537.36 (KHTML, like Gecko) Chrome/140.0.7339.207 Mobile Safari/537.36 (compatible; Googlebot/2.1; +http://www.google.com/bot.html)"
40.77.167.154 - - [12/Oct/2025:04:13:53 +0200] "GET /oc/falseheart/detail385108310.shtm HTTP/1.1" 200 29469 "-" "Mozilla/5.0 AppleWebKit/537.36 (KHTML, like Gecko; compatible; bingbot/2.0; +http://www.bing.com/bingbot.htm) Chrome/116.0.1938.76 Safari/537.36"
66.249.68.133 - - [12/Oct/2025:04:13:54 +0200] "GET /item/21485754 HTTP/1.1" 200 26607 "-" "Mozilla/5.0 (Linux; Android 6.0.1; Nexus 5X Build/MMB29P) AppleWebKit/537.36 (KHTML, like Gecko) Chrome/140.0.7339.207 Mobile Safari/537.36 (compatible; Googlebot/2.1; +http://www.google.com/bot.html)"
20.171.207.200 - - [12/Oct/2025:04:13:54 +0200] "GET /item/15034578?path=/ HTTP/1.1" 200 3001 "-" "Mozilla/5.0 AppleWebKit/537.36 (KHTML, like Gecko; compatible; GPTBot/1.2; +https://openai.com/gptbot)"
66.249.68.133 - - [12/Oct/2025:04:13:55 +0200] "GET /item/20818594 HTTP/1.1" 200 26439 "-" "Mozilla/5.0 (Linux; Android 6.0.1; Nexus 5X Build/MMB29P) AppleWebKit/537.36 (KHTML, like Gecko) Chrome/140.0.7339.207 Mobile Safari/537.36 (compatible; Googlebot/2.1; +http://www.google.com/bot.html)"
116.204.33.113 - - [12/Oct/2025:04:13:55 +0200] "GET /ort/1-oesterreichischer-naturkraftpark-im-naturpark-poellauer-tal HTTP/1.1" 200 4454 "http://www.welove.family/ort/1-oesterreichischer-naturkraftpark-im-naturpark-poellauer-tal" "Mozilla/5.0 (Windows NT 10.0; Win64; x64) AppleWebKit/537.36 (KHTML, like Gecko) Chrome/116.0.0.0 Safari/537.36"
198.244.168.183 - - [12/Oct/2025:04:13:55 +0200] "GET /rezept/gemuesepfanne-mit-bulgur/?path=/data/www/welovefamily.at/welovefamily.at/htdocs/wp-content HTTP/1.1" 200 7405 "-" "Mozilla/5.0 (compatible; AhrefsBot/7.0; +http://ahrefs.com/robot/)"
66.249.68.134 - - [12/Oct/2025:04:13:56 +0200] "GET /item/19765374 HTTP/1.1" 200 30276 "-" "Mozilla/5.0 (Linux; Android 6.0.1; Nexus 5X Build/MMB29P) AppleWebKit/537.36 (KHTML, like Gecko) Chrome/140.0.7339.207 Mobile Safari/537.36 (compatible; Googlebot/2.1; +http://www.google.com/bot.html)"
66.249.68.132 - - [12/Oct/2025:04:13:57 +0200] "GET /item/19917730 HTTP/1.1" 200 25373 "-" "Mozilla/5.0 (Linux; Android 6.0.1; Nexus 5X Build/MMB29P) AppleWebKit/537.36 (KHTML, like Gecko) Chrome/140.0.7339.207 Mobile Safari/537.36 (compatible; Googlebot/2.1; +http://www.google.com/bot.html)"
20.171.207.200 - - [12/Oct/2025:04:13:58 +0200] "GET /item/17959346?path=/ HTTP/1.1" 200 3001 "-" "Mozilla/5.0 AppleWebKit/537.36 (KHTML, like Gecko; compatible; GPTBot/1.2; +https://openai.com/gptbot)"
66.249.68.132 - - [12/Oct/2025:04:13:58 +0200] "GET /item/21157190 HTTP/1.1" 200 25423 "-" "Mozilla/5.0 (Linux; Android 6.0.1; Nexus 5X Build/MMB29P) AppleWebKit/537.36 (KHTML, like Gecko) Chrome/140.0.7339.207 Mobile Safari/537.36 (compatible; Googlebot/2.1; +http://www.google.com/bot.html)"
66.249.68.132 - - [12/Oct/2025:04:13:59 +0200] "GET /item/19601758 HTTP/1.1" 200 26525 "-" "Mozilla/5.0 (Linux; Android 6.0.1; Nexus 5X Build/MMB29P) AppleWebKit/537.36 (KHTML, like Gecko) Chrome/140.0.7339.207 Mobile Safari/537.36 (compatible; Googlebot/2.1; +http://www.google.com/bot.html)"
20.171.207.200 - - [12/Oct/2025:04:14:01 +0200] "GET /item/19874546?path=/ HTTP/1.1" 200 3001 "-" "Mozilla/5.0 AppleWebKit/537.36 (KHTML, like Gecko; compatible; GPTBot/1.2; +https://openai.com/gptbot)"
66.249.68.132 - - [12/Oct/2025:04:14:01 +0200] "GET /item/22033206 HTTP/1.1" 200 28445 "-" "Mozilla/5.0 (Linux; Android 6.0.1; Nexus 5X Build/MMB29P) AppleWebKit/537.36 (KHTML, like Gecko) Chrome/140.0.7339.207 Mobile Safari/537.36 (compatible; Googlebot/2.1; +http://www.google.com/bot.html)"
66.249.68.134 - - [12/Oct/2025:04:14:02 +0200] "GET /item/19881958 HTTP/1.1" 200 28854 "-" "Mozilla/5.0 (Linux; Android 6.0.1; Nexus 5X Build/MMB29P) AppleWebKit/537.36 (KHTML, like Gecko) Chrome/140.0.7339.207 Mobile Safari/537.36 (compatible; Googlebot/2.1; +http://www.google.com/bot.html)"
66.249.68.132 - - [12/Oct/2025:04:14:03 +0200] "GET /item/19905042 HTTP/1.1" 200 25336 "-" "Mozilla/5.0 (Linux; Android 6.0.1; Nexus 5X Build/MMB29P) AppleWebKit/537.36 (KHTML, like Gecko) Chrome/140.0.7339.207 Mobile Safari/537.36 (compatible; Googlebot/2.1; +http://www.google.com/bot.html)"
66.249.68.133 - - [12/Oct/2025:04:14:03 +0200] "GET /item/19316158 HTTP/1.1" 200 30241 "-" "Mozilla/5.0 (Linux; Android 6.0.1; Nexus 5X Build/MMB29P) AppleWebKit/537.36 (KHTML, like Gecko) Chrome/140.0.7339.207 Mobile Safari/537.36 (compatible; Googlebot/2.1; +http://www.google.com/bot.html)"
