17.241.227.35 - - [12/Oct/2025:04:00:26 +0200] "GET /gute-nacht-kleine-schneeflocke/ HTTP/1.1" 200 7762 "-" "Mozilla/5.0 (Macintosh; Intel Mac OS X 10_15_7) AppleWebKit/605.1.15 (KHTML, like Gecko) Version/17.4 Safari/605.1.15 (Applebot/0.1; +http://www.apple.com/go/applebot)"
20.171.207.200 - - [12/Oct/2025:04:00:27 +0200] "GET /item/20361966?path=/data/www/welovefamily.at HTTP/1.1" 200 3035 "-" "Mozilla/5.0 AppleWebKit/537.36 (KHTML, like Gecko; compatible; GPTBot/1.2; +https://openai.com/gptbot)"
20.171.207.200 - - [12/Oct/2025:04:00:30 +0200] "GET /item/16470582?path=/ HTTP/1.1" 200 3001 "-" "Mozilla/5.0 AppleWebKit/537.36 (KHTML, like Gecko; compatible; GPTBot/1.2; +https://openai.com/gptbot)"
34.234.197.175 - - [12/Oct/2025:04:00:32 +0200] "GET /selfcare-tipps-fur-eltern/ HTTP/1.1" 200 7583 "-" "Mozilla/5.0 AppleWebKit/537.36 (KHTML, like Gecko; compatible; Amazonbot/0.1; +https://developer.amazon.com/support/amazonbot) Chrome/119.0.6045.214 Safari/537.36"
20.171.207.200 - - [12/Oct/2025:04:00:33 +0200] "GET /item/26406762?path=/data/www/welovefamily.at HTTP/1.1" 200 3035 "-" "Mozilla/5.0 AppleWebKit/537.36 (KHTML, like Gecko; compatible; GPTBot/1.2; +https://openai.com/gptbot)"
20.171.207.200 - - [12/Oct/2025:04:00:37 +0200] "GET /item/14932970?path=/ HTTP/1.1" 200 3001 "-" "Mozilla/5.0 AppleWebKit/537.36 (KHTML, like Gecko; compatible; GPTBot/1.2; +https://openai.com/gptbot)"
20.171.207.200 - - [12/Oct/2025:04:00:40 +0200] "GET /item/20361966?path=/ HTTP/1.1" 200 3001 "-" "Mozilla/5.0 AppleWebKit/537.36 (KHTML, like Gecko; compatible; GPTBot/1.2; +https://openai.com/gptbot)"
216.244.66.241 - - [12/Oct/2025:04:00:42 +0200] "GET /ort/aux-gazelles-lunch-bazaar-wien/ HTTP/1.1" 200 54476 "-" "Mozilla/5.0 (compatible; DotBot/1.2; +https://opensiteexplorer.org/dotbot; help@moz.com)"
20.171.207.200 - - [12/Oct/2025:04:00:43 +0200] "GET /item/21762898 HTTP/1.1" 200 4420 "-" "Mozilla/5.0 AppleWebKit/537.36 (KHTML, like Gecko; compatible; GPTBot/1.2; +https://openai.com/gptbot)"
146.247.137.96 - - [12/Oct/2025:04:00:44 +0200] "GET / HTTP/1.1" 404 58258 "-" "Mozilla/5.0 (Macintosh; Intel Mac OS X 10_9_2) AppleWebKit/537.75.14 (KHTML, like Gecko) Version/7.0.3 Safari/537.75.14"
198.244.226.205 - - [12/Oct/2025:04:00:45 +0200] "GET /category/expertentipps/kindergartenkind-expertentipps/ HTTP/1.1" 200 7777 "-" "Mozilla/5.0 (compatible; AhrefsBot/7.0; +http://ahrefs.com/robot/)"
20.171.207.200 - - [12/Oct/2025:04:00:46 +0200] "GET /item/21907558 HTTP/1.1" 200 4420 "-" "Mozilla/5.0 AppleWebKit/537.36 (KHTML, like Gecko; compatible; GPTBot/1.2; +https://openai.com/gptbot)"
20.171.207.200 - - [12/Oct/2025:04:00:49 +0200] "GET /item/16462458 HTTP/1.1" 200 4420 "-" "Mozilla/5.0 AppleWebKit/537.36 (KHTML, like Gecko; compatible; GPTBot/1.2; +https://openai.com/gptbot)"
20.171.207.200 - - [12/Oct/2025:04:00:52 +0200] "GET /item/16089386 HTTP/1.1" 200 4420 "-" "Mozilla/5.0 AppleWebKit/537.36 (KHTML, like Gecko; compatible; GPTBot/1.2; +https://openai.com/gptbot)"
20.171.207.200 - - [12/Oct/2025:04:00:55 +0200] "GET /item/23633774 HTTP/1.1" 200 4420 "-" "Mozilla/5.0 AppleWebKit/537.36 (KHTML, like Gecko; compatible; GPTBot/1.2; +https://openai.com/gptbot)"
34.78.57.174 - - [12/Oct/2025:04:00:58 +0200] "GET /robots.txt HTTP/1.1" 200 374 "-" "Mozilla/5.0 (compatible; VelenPublicWebCrawler/1.0; +https://velen.io)"
66.249.68.133 - - [12/Oct/2025:04:00:58 +0200] "GET / HTTP/1.1" 200 29658 "-" "Mozilla/5.0 (compatible; Googlebot/2.1; +http://www.google.com/bot.html)"
34.78.57.174 - - [12/Oct/2025:04:00:58 +0200] "GET /ort/gasthaus-fleischerei-fruhmann HTTP/1.1" 404 54483 "-" "Mozilla/5.0 (compatible; VelenPublicWebCrawler/1.0; +https://velen.io)"
20.171.207.200 - - [12/Oct/2025:04:00:59 +0200] "GET /item/21907558?path=/data/www HTTP/1.1" 200 3019 "-" "Mozilla/5.0 AppleWebKit/537.36 (KHTML, like Gecko; compatible; GPTBot/1.2; +https://openai.com/gptbot)"
20.171.207.200 - - [12/Oct/2025:04:01:02 +0200] "GET /item/21762898?path=/data/www/welovefamily.at HTTP/1.1" 200 3035 "-" "Mozilla/5.0 AppleWebKit/537.36 (KHTML, like Gecko; compatible; GPTBot/1.2; +https://openai.com/gptbot)"
20.171.207.200 - - [12/Oct/2025:04:01:05 +0200] "GET /item/16462458?path=/data/www HTTP/1.1" 200 3019 "-" "Mozilla/5.0 AppleWebKit/537.36 (KHTML, like Gecko; compatible; GPTBot/1.2; +https://openai.com/gptbot)"
185.191.171.8 - - [12/Oct/2025:04:01:07 +0200] "GET /ort/wiener-eislaufverein/ HTTP/1.1" 200 7781 "-" "Mozilla/5.0 (compatible; SemrushBot/7~bl; +http://www.semrush.com/bot.html)"
20.171.207.200 - - [12/Oct/2025:04:01:08 +0200] "GET /item/23784194 HTTP/1.1" 200 4420 "-" "Mozilla/5.0 AppleWebKit/537.36 (KHTML, like Gecko; compatible; GPTBot/1.2; +https://openai.com/gptbot)"
66.249.68.130 - - [12/Oct/2025:04:01:10 +0200] "GET /item/16762386 HTTP/1.1" 200 28966 "-" "Mozilla/5.0 (Linux; Android 6.0.1; Nexus 5X Build/MMB29P) AppleWebKit/537.36 (KHTML, like Gecko) Chrome/140.0.7339.207 Mobile Safari/537.36 (compatible; Googlebot/2.1; +http://www.google.com/bot.html)"
20.171.207.200 - - [12/Oct/2025:04:01:11 +0200] "GET /item/23633774?path=/data/www HTTP/1.1" 200 3019 "-" "Mozilla/5.0 AppleWebKit/537.36 (KHTML, like Gecko; compatible; GPTBot/1.2; +https://openai.com/gptbot)"
216.244.66.241 - - [12/Oct/2025:04:01:12 +0200] "GET /ort/gartencafe/ HTTP/1.1" 200 54476 "-" "Mozilla/5.0 (compatible; DotBot/1.2; +https://opensiteexplorer.org/dotbot; help@moz.com)"
20.171.207.200 - - [12/Oct/2025:04:01:15 +0200] "GET /item/23633774?fileloc=/data/www/welovefamily.at/welovefamily.at/htdocs/wp-login.php&path=/data/www/welovefamily.at/welovefamily.at/htdocs HTTP/1.1" 200 16020 "-" "Mozilla/5.0 AppleWebKit/537.36 (KHTML, like Gecko; compatible; GPTBot/1.2; +https://openai.com/gptbot)"
20.171.207.200 - - [12/Oct/2025:04:01:18 +0200] "GET /item/21907558?path=/data/www/welovefamily.at HTTP/1.1" 200 3035 "-" "Mozilla/5.0 AppleWebKit/537.36 (KHTML, like Gecko; compatible; GPTBot/1.2; +https://openai.com/gptbot)"
20.171.207.200 - - [12/Oct/2025:04:01:21 +0200] "GET /item/16462458?path=/data/www/welovefamily.at HTTP/1.1" 200 3035 "-" "Mozilla/5.0 AppleWebKit/537.36 (KHTML, like Gecko; compatible; GPTBot/1.2; +https://openai.com/gptbot)"
20.171.207.200 - - [12/Oct/2025:04:01:24 +0200] "GET /item/23784194?path=/data/www HTTP/1.1" 200 3019 "-" "Mozilla/5.0 AppleWebKit/537.36 (KHTML, like Gecko; compatible; GPTBot/1.2; +https://openai.com/gptbot)"
20.171.207.200 - - [12/Oct/2025:04:01:27 +0200] "GET /item/24529310 HTTP/1.1" 200 4420 "-" "Mozilla/5.0 AppleWebKit/537.36 (KHTML, like Gecko; compatible; GPTBot/1.2; +https://openai.com/gptbot)"
20.171.207.200 - - [12/Oct/2025:04:01:30 +0200] "GET /item/16089386?path=/data/www/welovefamily.at HTTP/1.1" 200 3035 "-" "Mozilla/5.0 AppleWebKit/537.36 (KHTML, like Gecko; compatible; GPTBot/1.2; +https://openai.com/gptbot)"
20.171.207.200 - - [12/Oct/2025:04:01:33 +0200] "GET /item/23784194?path=/data/www/welovefamily.at HTTP/1.1" 200 3035 "-" "Mozilla/5.0 AppleWebKit/537.36 (KHTML, like Gecko; compatible; GPTBot/1.2; +https://openai.com/gptbot)"
114.119.166.63 - - [12/Oct/2025:04:01:34 +0200] "GET /tipps-zur-besseren-organisation-des-familienalltags/ HTTP/1.1" 200 7781 "https://www.welove.family/tipps-zur-besseren-organisation-des-familienalltags/" "Mozilla/5.0 (Linux; Android 7.0;) AppleWebKit/537.36 (KHTML, like Gecko) Mobile Safari/537.36 (compatible; PetalBot;+https://webmaster.petalsearch.com/site/petalbot)"
20.171.207.200 - - [12/Oct/2025:04:01:36 +0200] "GET /item/23633774?path=/data/www/welovefamily.at HTTP/1.1" 200 3035 "-" "Mozilla/5.0 AppleWebKit/537.36 (KHTML, like Gecko; compatible; GPTBot/1.2; +https://openai.com/gptbot)"
85.208.96.197 - - [12/Oct/2025:04:01:37 +0200] "GET /ort/wanderweg-roithen-in-wels/ HTTP/1.1" 200 7781 "-" "Mozilla/5.0 (compatible; SemrushBot/7~bl; +http://www.semrush.com/bot.html)"
20.171.207.200 - - [12/Oct/2025:04:01:40 +0200] "GET /item/16089386?path=/ HTTP/1.1" 200 3001 "-" "Mozilla/5.0 AppleWebKit/537.36 (KHTML, like Gecko; compatible; GPTBot/1.2; +https://openai.com/gptbot)"
17.246.19.251 - - [12/Oct/2025:04:01:41 +0200] "GET /hochzeit-deine-hochzeit-checkliste/ HTTP/1.1" 200 7762 "-" "Mozilla/5.0 (Macintosh; Intel Mac OS X 10_15_7) AppleWebKit/605.1.15 (KHTML, like Gecko) Version/17.4 Safari/605.1.15 (Applebot/0.1; +http://www.apple.com/go/applebot)"
20.171.207.200 - - [12/Oct/2025:04:01:43 +0200] "GET /item/21907558?path=/ HTTP/1.1" 200 3001 "-" "Mozilla/5.0 AppleWebKit/537.36 (KHTML, like Gecko; compatible; GPTBot/1.2; +https://openai.com/gptbot)"
216.244.66.241 - - [12/Oct/2025:04:01:46 +0200] "GET /ort/kindergarten-hlgst-dreifaltigkeit-linz/ HTTP/1.1" 200 54476 "-" "Mozilla/5.0 (compatible; DotBot/1.2; +https://opensiteexplorer.org/dotbot; help@moz.com)"
20.171.207.200 - - [12/Oct/2025:04:01:46 +0200] "GET /item/24529310?path=/data/www/welovefamily.at HTTP/1.1" 200 3035 "-" "Mozilla/5.0 AppleWebKit/537.36 (KHTML, like Gecko; compatible; GPTBot/1.2; +https://openai.com/gptbot)"
20.171.207.200 - - [12/Oct/2025:04:01:49 +0200] "GET /item/21762898?path=/ HTTP/1.1" 200 3001 "-" "Mozilla/5.0 AppleWebKit/537.36 (KHTML, like Gecko; compatible; GPTBot/1.2; +https://openai.com/gptbot)"
20.171.207.200 - - [12/Oct/2025:04:01:52 +0200] "GET /item/24529310?path=/data/www HTTP/1.1" 200 3019 "-" "Mozilla/5.0 AppleWebKit/537.36 (KHTML, like Gecko; compatible; GPTBot/1.2; +https://openai.com/gptbot)"
51.195.215.89 - - [12/Oct/2025:04:01:55 +0200] "GET /rezept/gemuesepfanne-mit-bulgur/?fileloc=/data/www/welovefamily.at/welovefamily.at/htdocs/wp-cron.php&path=/data/www/welovefamily.at/welovefamily.at/htdocs HTTP/1.1" 200 8430 "-" "Mozilla/5.0 (compatible; AhrefsBot/7.0; +http://ahrefs.com/robot/)"
20.171.207.200 - - [12/Oct/2025:04:01:55 +0200] "GET /item/23633774?path=/ HTTP/1.1" 200 3001 "-" "Mozilla/5.0 AppleWebKit/537.36 (KHTML, like Gecko; compatible; GPTBot/1.2; +https://openai.com/gptbot)"
20.171.207.200 - - [12/Oct/2025:04:01:58 +0200] "GET /item/24529310?path=/ HTTP/1.1" 200 3001 "-" "Mozilla/5.0 AppleWebKit/537.36 (KHTML, like Gecko; compatible; GPTBot/1.2; +https://openai.com/gptbot)"
40.77.167.79 - - [12/Oct/2025:04:02:01 +0200] "GET /ort/hebamme-barbara-hofer-bsc/ HTTP/1.1" 404 58349 "-" "Mozilla/5.0 AppleWebKit/537.36 (KHTML, like Gecko; compatible; bingbot/2.0; +http://www.bing.com/bingbot.htm) Chrome/116.0.1938.76 Safari/537.36"
20.171.207.200 - - [12/Oct/2025:04:02:01 +0200] "GET /item/16462458?path=/ HTTP/1.1" 200 3001 "-" "Mozilla/5.0 AppleWebKit/537.36 (KHTML, like Gecko; compatible; GPTBot/1.2; +https://openai.com/gptbot)"
20.171.207.200 - - [12/Oct/2025:04:02:05 +0200] "GET /item/25535974 HTTP/1.1" 200 4420 "-" "Mozilla/5.0 AppleWebKit/537.36 (KHTML, like Gecko; compatible; GPTBot/1.2; +https://openai.com/gptbot)"
20.171.207.200 - - [12/Oct/2025:04:02:08 +0200] "GET /item/16930394 HTTP/1.1" 200 4420 "-" "Mozilla/5.0 AppleWebKit/537.36 (KHTML, like Gecko; compatible; GPTBot/1.2; +https://openai.com/gptbot)"
20.171.207.200 - - [12/Oct/2025:04:02:11 +0200] "GET /item/26447118 HTTP/1.1" 200 4420 "-" "Mozilla/5.0 AppleWebKit/537.36 (KHTML, like Gecko; compatible; GPTBot/1.2; +https://openai.com/gptbot)"
20.171.207.200 - - [12/Oct/2025:04:02:14 +0200] "GET /item/23784194?path=/ HTTP/1.1" 200 3001 "-" "Mozilla/5.0 AppleWebKit/537.36 (KHTML, like Gecko; compatible; GPTBot/1.2; +https://openai.com/gptbot)"
20.171.207.200 - - [12/Oct/2025:04:02:17 +0200] "GET /item/20877166 HTTP/1.1" 200 4420 "-" "Mozilla/5.0 AppleWebKit/537.36 (KHTML, like Gecko; compatible; GPTBot/1.2; +https://openai.com/gptbot)"
216.244.66.241 - - [12/Oct/2025:04:02:17 +0200] "GET /ort/restaurant-el-hans/ HTTP/1.1" 200 54476 "-" "Mozilla/5.0 (compatible; DotBot/1.2; +https://opensiteexplorer.org/dotbot; help@moz.com)"
20.171.207.200 - - [12/Oct/2025:04:02:20 +0200] "GET /item/22773506 HTTP/1.1" 200 4420 "-" "Mozilla/5.0 AppleWebKit/537.36 (KHTML, like Gecko; compatible; GPTBot/1.2; +https://openai.com/gptbot)"
20.171.207.200 - - [12/Oct/2025:04:02:23 +0200] "GET /item/16930394?path=/data/www HTTP/1.1" 200 3019 "-" "Mozilla/5.0 AppleWebKit/537.36 (KHTML, like Gecko; compatible; GPTBot/1.2; +https://openai.com/gptbot)"
20.171.207.200 - - [12/Oct/2025:04:02:26 +0200] "GET /item/26447118?path=/data/www HTTP/1.1" 200 3019 "-" "Mozilla/5.0 AppleWebKit/537.36 (KHTML, like Gecko; compatible; GPTBot/1.2; +https://openai.com/gptbot)"
20.171.207.200 - - [12/Oct/2025:04:02:29 +0200] "GET /item/25535974?path=/data/www HTTP/1.1" 200 3019 "-" "Mozilla/5.0 AppleWebKit/537.36 (KHTML, like Gecko; compatible; GPTBot/1.2; +https://openai.com/gptbot)"
52.167.144.206 - - [12/Oct/2025:04:02:32 +0200] "GET /w21025236 HTTP/1.1" 404 58349 "-" "Mozilla/5.0 AppleWebKit/537.36 (KHTML, like Gecko; compatible; bingbot/2.0; +http://www.bing.com/bingbot.htm) Chrome/116.0.1938.76 Safari/537.36"
20.171.207.200 - - [12/Oct/2025:04:02:32 +0200] "GET /item/22773506?path=/data/www HTTP/1.1" 200 3019 "-" "Mozilla/5.0 AppleWebKit/537.36 (KHTML, like Gecko; compatible; GPTBot/1.2; +https://openai.com/gptbot)"
20.171.207.200 - - [12/Oct/2025:04:02:36 +0200] "GET /item/20877166?path=/data/www HTTP/1.1" 200 3019 "-" "Mozilla/5.0 AppleWebKit/537.36 (KHTML, like Gecko; compatible; GPTBot/1.2; +https://openai.com/gptbot)"
20.171.207.200 - - [12/Oct/2025:04:02:39 +0200] "GET /item/22773506?path=/data/www/welovefamily.at HTTP/1.1" 200 3035 "-" "Mozilla/5.0 AppleWebKit/537.36 (KHTML, like Gecko; compatible; GPTBot/1.2; +https://openai.com/gptbot)"
20.171.207.200 - - [12/Oct/2025:04:02:42 +0200] "GET /item/26447118?path=/data/www/welovefamily.at HTTP/1.1" 200 3035 "-" "Mozilla/5.0 AppleWebKit/537.36 (KHTML, like Gecko; compatible; GPTBot/1.2; +https://openai.com/gptbot)"
17.22.245.44 - - [12/Oct/2025:04:02:42 +0200] "GET /ort/peinbauerhof/ HTTP/1.1" 200 7762 "-" "Mozilla/5.0 (Macintosh; Intel Mac OS X 10_15_7) AppleWebKit/605.1.15 (KHTML, like Gecko) Version/17.4 Safari/605.1.15 (Applebot/0.1; +http://www.apple.com/go/applebot)"
216.244.66.248 - - [12/Oct/2025:04:02:45 +0200] "GET /?post_type=wlf_recipe&s=Pizza HTTP/1.1" 404 54483 "-" "Mozilla/5.0 (compatible; DotBot/1.2; +https://opensiteexplorer.org/dotbot; help@moz.com)"
20.171.207.200 - - [12/Oct/2025:04:02:45 +0200] "GET /item/20877166?path=/data/www/welovefamily.at HTTP/1.1" 200 3035 "-" "Mozilla/5.0 AppleWebKit/537.36 (KHTML, like Gecko; compatible; GPTBot/1.2; +https://openai.com/gptbot)"
216.244.66.241 - - [12/Oct/2025:04:02:47 +0200] "GET /rezept/schwammerlgulasch/ HTTP/1.1" 200 54476 "-" "Mozilla/5.0 (compatible; DotBot/1.2; +https://opensiteexplorer.org/dotbot; help@moz.com)"
20.171.207.200 - - [12/Oct/2025:04:02:48 +0200] "GET /item/16930394?path=/data/www/welovefamily.at HTTP/1.1" 200 3035 "-" "Mozilla/5.0 AppleWebKit/537.36 (KHTML, like Gecko; compatible; GPTBot/1.2; +https://openai.com/gptbot)"
20.171.207.200 - - [12/Oct/2025:04:02:51 +0200] "GET /item/25535974?path=/data/www/welovefamily.at HTTP/1.1" 200 3035 "-" "Mozilla/5.0 AppleWebKit/537.36 (KHTML, like Gecko; compatible; GPTBot/1.2; +https://openai.com/gptbot)"
20.171.207.200 - - [12/Oct/2025:04:02:54 +0200] "GET /item/16930394?path=/ HTTP/1.1" 200 3001 "-" "Mozilla/5.0 AppleWebKit/537.36 (KHTML, like Gecko; compatible; GPTBot/1.2; +https://openai.com/gptbot)"
20.171.207.200 - - [12/Oct/2025:04:02:57 +0200] "GET /item/25535974?path=/ HTTP/1.1" 200 3001 "-" "Mozilla/5.0 AppleWebKit/537.36 (KHTML, like Gecko; compatible; GPTBot/1.2; +https://openai.com/gptbot)"
114.119.153.11 - - [12/Oct/2025:04:02:58 +0200] "GET /rezepte/page/23/ HTTP/1.1" 200 7781 "https://www.welove.family/rezepte/page/23/" "Mozilla/5.0 (Linux; Android 7.0;) AppleWebKit/537.36 (KHTML, like Gecko) Mobile Safari/537.36 (compatible; PetalBot;+https://webmaster.petalsearch.com/site/petalbot)"
20.171.207.200 - - [12/Oct/2025:04:03:00 +0200] "GET /item/22773506?path=/ HTTP/1.1" 200 3001 "-" "Mozilla/5.0 AppleWebKit/537.36 (KHTML, like Gecko; compatible; GPTBot/1.2; +https://openai.com/gptbot)"
20.171.207.200 - - [12/Oct/2025:04:03:04 +0200] "GET /item/20877166?path=/ HTTP/1.1" 200 3001 "-" "Mozilla/5.0 AppleWebKit/537.36 (KHTML, like Gecko; compatible; GPTBot/1.2; +https://openai.com/gptbot)"
20.171.207.200 - - [12/Oct/2025:04:03:07 +0200] "GET /item/26447118?path=/ HTTP/1.1" 200 3001 "-" "Mozilla/5.0 AppleWebKit/537.36 (KHTML, like Gecko; compatible; GPTBot/1.2; +https://openai.com/gptbot)"
20.171.207.200 - - [12/Oct/2025:04:03:10 +0200] "GET /item/15168462 HTTP/1.1" 200 4420 "-" "Mozilla/5.0 AppleWebKit/537.36 (KHTML, like Gecko; compatible; GPTBot/1.2; +https://openai.com/gptbot)"
17.22.245.57 - - [12/Oct/2025:04:03:11 +0200] "GET /rezept/kalbsrahmgulasch/ HTTP/1.1" 200 7762 "-" "Mozilla/5.0 (Macintosh; Intel Mac OS X 10_15_7) AppleWebKit/605.1.15 (KHTML, like Gecko) Version/17.4 Safari/605.1.15 (Applebot/0.1; +http://www.apple.com/go/applebot)"
13.215.229.29 - - [12/Oct/2025:04:03:13 +0200] "GET /wp-content/uploads/2016/03/Fettuccine-in-Fr%C3%83%C2%BChlingszwie-218x150.jpg HTTP/1.1" 200 7833 "-" "Mozilla/5.0 (compatible; crawler)"
20.171.207.200 - - [12/Oct/2025:04:03:13 +0200] "GET /item/16327178 HTTP/1.1" 200 4420 "-" "Mozilla/5.0 AppleWebKit/537.36 (KHTML, like Gecko; compatible; GPTBot/1.2; +https://openai.com/gptbot)"
20.171.207.200 - - [12/Oct/2025:04:03:16 +0200] "GET /item/26366962 HTTP/1.1" 200 4420 "-" "Mozilla/5.0 AppleWebKit/537.36 (KHTML, like Gecko; compatible; GPTBot/1.2; +https://openai.com/gptbot)"
20.171.207.200 - - [12/Oct/2025:04:03:19 +0200] "GET /item/24530186 HTTP/1.1" 200 4420 "-" "Mozilla/5.0 AppleWebKit/537.36 (KHTML, like Gecko; compatible; GPTBot/1.2; +https://openai.com/gptbot)"
20.171.207.200 - - [12/Oct/2025:04:03:23 +0200] "GET /item/15168462?path=/data/www/welovefamily.at/welovefamily.at HTTP/1.1" 200 4346 "-" "Mozilla/5.0 AppleWebKit/537.36 (KHTML, like Gecko; compatible; GPTBot/1.2; +https://openai.com/gptbot)"
66.249.68.130 - - [12/Oct/2025:04:03:24 +0200] "GET /item/14549634 HTTP/1.1" 200 29802 "-" "Mozilla/5.0 (Linux; Android 6.0.1; Nexus 5X Build/MMB29P) AppleWebKit/537.36 (KHTML, like Gecko) Chrome/140.0.7339.207 Mobile Safari/537.36 (compatible; Googlebot/2.1; +http://www.google.com/bot.html)"
20.171.207.200 - - [12/Oct/2025:04:03:26 +0200] "GET /item/15168462?path=/data/www HTTP/1.1" 200 3019 "-" "Mozilla/5.0 AppleWebKit/537.36 (KHTML, like Gecko; compatible; GPTBot/1.2; +https://openai.com/gptbot)"
20.171.207.200 - - [12/Oct/2025:04:03:29 +0200] "GET /item/16327178?path=/data/www HTTP/1.1" 200 3019 "-" "Mozilla/5.0 AppleWebKit/537.36 (KHTML, like Gecko; compatible; GPTBot/1.2; +https://openai.com/gptbot)"
20.171.207.200 - - [12/Oct/2025:04:03:32 +0200] "GET /item/24530186?path=/data/www HTTP/1.1" 200 3019 "-" "Mozilla/5.0 AppleWebKit/537.36 (KHTML, like Gecko; compatible; GPTBot/1.2; +https://openai.com/gptbot)"
20.171.207.200 - - [12/Oct/2025:04:03:35 +0200] "GET /item/26366962?path=/data/www HTTP/1.1" 200 3019 "-" "Mozilla/5.0 AppleWebKit/537.36 (KHTML, like Gecko; compatible; GPTBot/1.2; +https://openai.com/gptbot)"
176.31.139.5 - - [12/Oct/2025:04:03:36 +0200] "GET /ort/kaltenleutgeben-buecherei/ HTTP/1.1" 200 4398 "-" "Mozilla/5.0 (compatible; AhrefsBot/7.0; +http://ahrefs.com/robot/)"
20.171.207.200 - - [12/Oct/2025:04:03:38 +0200] "GET /item/15168462?path=/data/www/welovefamily.at/welovefamily.at/htdocs_infected HTTP/1.1" 200 4411 "-" "Mozilla/5.0 AppleWebKit/537.36 (KHTML, like Gecko; compatible; GPTBot/1.2; +https://openai.com/gptbot)"
20.171.207.200 - - [12/Oct/2025:04:03:41 +0200] "GET /item/24530186?path=/data/www/welovefamily.at HTTP/1.1" 200 3035 "-" "Mozilla/5.0 AppleWebKit/537.36 (KHTML, like Gecko; compatible; GPTBot/1.2; +https://openai.com/gptbot)"
20.171.207.200 - - [12/Oct/2025:04:03:44 +0200] "GET /item/16327178?path=/data/www/welovefamily.at HTTP/1.1" 200 3035 "-" "Mozilla/5.0 AppleWebKit/537.36 (KHTML, like Gecko; compatible; GPTBot/1.2; +https://openai.com/gptbot)"
20.171.207.200 - - [12/Oct/2025:04:03:48 +0200] "GET /item/15168462?path=/data/www/welovefamily.at HTTP/1.1" 200 3035 "-" "Mozilla/5.0 AppleWebKit/537.36 (KHTML, like Gecko; compatible; GPTBot/1.2; +https://openai.com/gptbot)"
20.171.207.200 - - [12/Oct/2025:04:03:51 +0200] "GET /item/26366962?path=/data/www/welovefamily.at HTTP/1.1" 200 3035 "-" "Mozilla/5.0 AppleWebKit/537.36 (KHTML, like Gecko; compatible; GPTBot/1.2; +https://openai.com/gptbot)"
20.171.207.200 - - [12/Oct/2025:04:03:54 +0200] "GET /item/25535974?path=/data/www/welovefamily.at/welovefamily.at HTTP/1.1" 200 4346 "-" "Mozilla/5.0 AppleWebKit/537.36 (KHTML, like Gecko; compatible; GPTBot/1.2; +https://openai.com/gptbot)"
20.171.207.200 - - [12/Oct/2025:04:03:57 +0200] "GET /item/15168462?path=/ HTTP/1.1" 200 3001 "-" "Mozilla/5.0 AppleWebKit/537.36 (KHTML, like Gecko; compatible; GPTBot/1.2; +https://openai.com/gptbot)"
185.191.171.14 - - [12/Oct/2025:04:03:59 +0200] "GET /rezept-typ/vorspeise/page/6/ HTTP/1.1" 200 7781 "-" "Mozilla/5.0 (compatible; SemrushBot/7~bl; +http://www.semrush.com/bot.html)"
20.171.207.200 - - [12/Oct/2025:04:04:00 +0200] "GET /item/24530186?path=/ HTTP/1.1" 200 3001 "-" "Mozilla/5.0 AppleWebKit/537.36 (KHTML, like Gecko; compatible; GPTBot/1.2; +https://openai.com/gptbot)"
47.128.121.80 - - [12/Oct/2025:04:04:01 +0200] "GET /weihnachtliche-traditionen-in-oesterreich-eine-feier-voller-festlichkeit-und-braeuche/ HTTP/1.1" 200 7833 "-" "Mozilla/5.0 (Linux; Android 5.0) AppleWebKit/537.36 (KHTML, like Gecko) Mobile Safari/537.36 (compatible; TikTokSpider; ttspider-feedback@tiktok.com)"
20.171.207.200 - - [12/Oct/2025:04:04:03 +0200] "GET /item/16327178?path=/ HTTP/1.1" 200 3001 "-" "Mozilla/5.0 AppleWebKit/537.36 (KHTML, like Gecko; compatible; GPTBot/1.2; +https://openai.com/gptbot)"
20.171.207.200 - - [12/Oct/2025:04:04:07 +0200] "GET /item/26366962?path=/ HTTP/1.1" 200 3001 "-" "Mozilla/5.0 AppleWebKit/537.36 (KHTML, like Gecko; compatible; GPTBot/1.2; +https://openai.com/gptbot)"
66.249.68.133 - - [12/Oct/2025:04:04:09 +0200] "GET /die-geschichte-vom-seestern/feed/ HTTP/1.1" 200 29010 "-" "Mozilla/5.0 (Linux; Android 6.0.1; Nexus 5X Build/MMB29P) AppleWebKit/537.36 (KHTML, like Gecko) Chrome/140.0.7339.207 Mobile Safari/537.36 (compatible; Googlebot/2.1; +http://www.google.com/bot.html)"
20.171.207.200 - - [12/Oct/2025:04:04:10 +0200] "GET /item/15247882 HTTP/1.1" 200 4420 "-" "Mozilla/5.0 AppleWebKit/537.36 (KHTML, like Gecko; compatible; GPTBot/1.2; +https://openai.com/gptbot)"
66.249.68.130 - - [12/Oct/2025:04:04:11 +0200] "GET /item/15073666 HTTP/1.1" 200 29612 "-" "Mozilla/5.0 (Linux; Android 6.0.1; Nexus 5X Build/MMB29P) AppleWebKit/537.36 (KHTML, like Gecko) Chrome/140.0.7339.207 Mobile Safari/537.36 (compatible; Googlebot/2.1; +http://www.google.com/bot.html)"
20.171.207.200 - - [12/Oct/2025:04:04:13 +0200] "GET /item/25010574 HTTP/1.1" 200 4420 "-" "Mozilla/5.0 AppleWebKit/537.36 (KHTML, like Gecko; compatible; GPTBot/1.2; +https://openai.com/gptbot)"
20.171.207.200 - - [12/Oct/2025:04:04:16 +0200] "GET /item/24178842 HTTP/1.1" 200 4420 "-" "Mozilla/5.0 AppleWebKit/537.36 (KHTML, like Gecko; compatible; GPTBot/1.2; +https://openai.com/gptbot)"
20.171.207.200 - - [12/Oct/2025:04:04:19 +0200] "GET /item/19165694 HTTP/1.1" 200 4420 "-" "Mozilla/5.0 AppleWebKit/537.36 (KHTML, like Gecko; compatible; GPTBot/1.2; +https://openai.com/gptbot)"
114.119.166.63 - - [12/Oct/2025:04:04:20 +0200] "GET /rezept/breznknoedel-mit-garnelen/ HTTP/1.1" 200 7781 "https://www.welove.family/rezept/breznknoedel-mit-garnelen/" "Mozilla/5.0 (Linux; Android 7.0;) AppleWebKit/537.36 (KHTML, like Gecko) Mobile Safari/537.36 (compatible; PetalBot;+https://webmaster.petalsearch.com/site/petalbot)"
20.171.207.200 - - [12/Oct/2025:04:04:22 +0200] "GET /item/24474162 HTTP/1.1" 200 4420 "-" "Mozilla/5.0 AppleWebKit/537.36 (KHTML, like Gecko; compatible; GPTBot/1.2; +https://openai.com/gptbot)"
216.73.216.83 - - [12/Oct/2025:04:04:24 +0200] "GET /robots.txt HTTP/1.1" 200 3753 "-" "Mozilla/5.0 AppleWebKit/537.36 (KHTML, like Gecko; compatible; ClaudeBot/1.0; +claudebot@anthropic.com)"
216.73.216.83 - - [12/Oct/2025:04:04:24 +0200] "GET /index.php/sitemap.xml HTTP/1.1" 404 54901 "-" "Mozilla/5.0 AppleWebKit/537.36 (KHTML, like Gecko; compatible; ClaudeBot/1.0; +claudebot@anthropic.com)"
20.171.207.200 - - [12/Oct/2025:04:04:26 +0200] "GET /item/23057522 HTTP/1.1" 200 4420 "-" "Mozilla/5.0 AppleWebKit/537.36 (KHTML, like Gecko; compatible; GPTBot/1.2; +https://openai.com/gptbot)"
20.171.207.200 - - [12/Oct/2025:04:04:29 +0200] "GET /item/15247882?path=/data/www HTTP/1.1" 200 3019 "-" "Mozilla/5.0 AppleWebKit/537.36 (KHTML, like Gecko; compatible; GPTBot/1.2; +https://openai.com/gptbot)"
17.241.219.87 - - [12/Oct/2025:04:04:30 +0200] "GET /ort/hebamme-monika-osazuwa/ HTTP/1.1" 200 7762 "-" "Mozilla/5.0 (Macintosh; Intel Mac OS X 10_15_7) AppleWebKit/605.1.15 (KHTML, like Gecko) Version/17.4 Safari/605.1.15 (Applebot/0.1; +http://www.apple.com/go/applebot)"
20.171.207.200 - - [12/Oct/2025:04:04:32 +0200] "GET /item/19165694?fileloc=/data/www/welovefamily.at/welovefamily.at/htdocs/readme.html&path=/data/www/welovefamily.at/welovefamily.at/htdocs HTTP/1.1" 200 6047 "-" "Mozilla/5.0 AppleWebKit/537.36 (KHTML, like Gecko; compatible; GPTBot/1.2; +https://openai.com/gptbot)"
17.241.75.243 - - [12/Oct/2025:04:04:34 +0200] "GET /mama-ist-dann-mal-weg-tausche-wickeltasche-gegen-clutch/ HTTP/1.1" 200 7762 "-" "Mozilla/5.0 (Macintosh; Intel Mac OS X 10_15_7) AppleWebKit/605.1.15 (KHTML, like Gecko) Version/17.4 Safari/605.1.15 (Applebot/0.1; +http://www.apple.com/go/applebot)"
20.171.207.200 - - [12/Oct/2025:04:04:35 +0200] "GET /item/24178842?path=/data/www HTTP/1.1" 200 3038 "-" "Mozilla/5.0 AppleWebKit/537.36 (KHTML, like Gecko; compatible; GPTBot/1.2; +https://openai.com/gptbot)"
20.171.207.200 - - [12/Oct/2025:04:04:38 +0200] "GET /item/25010574?path=/data/www HTTP/1.1" 200 6376 "-" "Mozilla/5.0 AppleWebKit/537.36 (KHTML, like Gecko; compatible; GPTBot/1.2; +https://openai.com/gptbot)"
87.250.224.105 - - [12/Oct/2025:04:04:40 +0200] "GET /ort/volksschule-ennsdorf/ HTTP/1.1" 200 7833 "-" "Mozilla/5.0 (compatible; YandexBot/3.0; +http://yandex.com/bots)"
216.244.66.248 - - [12/Oct/2025:04:04:41 +0200] "GET /ort/gartencafe-2/ HTTP/1.1" 404 54483 "-" "Mozilla/5.0 (compatible; DotBot/1.2; +https://opensiteexplorer.org/dotbot; help@moz.com)"
20.171.207.200 - - [12/Oct/2025:04:04:41 +0200] "GET /item/19165694?path=/data/www HTTP/1.1" 200 3019 "-" "Mozilla/5.0 AppleWebKit/537.36 (KHTML, like Gecko; compatible; GPTBot/1.2; +https://openai.com/gptbot)"
20.171.207.200 - - [12/Oct/2025:04:04:44 +0200] "GET /item/24474162?path=/data/www HTTP/1.1" 200 3019 "-" "Mozilla/5.0 AppleWebKit/537.36 (KHTML, like Gecko; compatible; GPTBot/1.2; +https://openai.com/gptbot)"
20.171.207.200 - - [12/Oct/2025:04:04:47 +0200] "GET /item/25010574?path=/data/www/welovefamily.at HTTP/1.1" 200 3035 "-" "Mozilla/5.0 AppleWebKit/537.36 (KHTML, like Gecko; compatible; GPTBot/1.2; +https://openai.com/gptbot)"
20.171.207.200 - - [12/Oct/2025:04:04:51 +0200] "GET /item/15247882?path=/data/www/welovefamily.at HTTP/1.1" 200 3035 "-" "Mozilla/5.0 AppleWebKit/537.36 (KHTML, like Gecko; compatible; GPTBot/1.2; +https://openai.com/gptbot)"
17.241.75.167 - - [12/Oct/2025:04:04:52 +0200] "GET /lauras-erster-schultag/ HTTP/1.1" 200 7762 "-" "Mozilla/5.0 (Macintosh; Intel Mac OS X 10_15_7) AppleWebKit/605.1.15 (KHTML, like Gecko) Version/17.4 Safari/605.1.15 (Applebot/0.1; +http://www.apple.com/go/applebot)"
20.171.207.200 - - [12/Oct/2025:04:04:54 +0200] "GET /item/23057522?path=/data/www/welovefamily.at HTTP/1.1" 200 3035 "-" "Mozilla/5.0 AppleWebKit/537.36 (KHTML, like Gecko; compatible; GPTBot/1.2; +https://openai.com/gptbot)"
17.241.75.217 - - [12/Oct/2025:04:04:55 +0200] "GET /ort/mal-oase-fuchs-in-hennersdorf-bei-wien-2/ HTTP/1.1" 200 4398 "-" "Mozilla/5.0 (Macintosh; Intel Mac OS X 10_15_7) AppleWebKit/605.1.15 (KHTML, like Gecko) Version/17.4 Safari/605.1.15 (Applebot/0.1; +http://www.apple.com/go/applebot)"
20.171.207.200 - - [12/Oct/2025:04:04:57 +0200] "GET /item/23057522?path=/data/www HTTP/1.1" 200 3019 "-" "Mozilla/5.0 AppleWebKit/537.36 (KHTML, like Gecko; compatible; GPTBot/1.2; +https://openai.com/gptbot)"
20.171.207.200 - - [12/Oct/2025:04:05:00 +0200] "GET /item/24474162?path=/data/www/welovefamily.at HTTP/1.1" 200 3035 "-" "Mozilla/5.0 AppleWebKit/537.36 (KHTML, like Gecko; compatible; GPTBot/1.2; +https://openai.com/gptbot)"
66.249.68.132 - - [12/Oct/2025:04:05:03 +0200] "GET /ort/steinzeitkeller-museum-in-platt-2/ HTTP/1.1" 200 29101 "-" "Mozilla/5.0 (Linux; Android 6.0.1; Nexus 5X Build/MMB29P) AppleWebKit/537.36 (KHTML, like Gecko) Chrome/140.0.7339.207 Mobile Safari/537.36 (compatible; Googlebot/2.1; +http://www.google.com/bot.html)"
20.171.207.200 - - [12/Oct/2025:04:05:03 +0200] "GET /item/19165694?path=/data/www/welovefamily.at HTTP/1.1" 200 3035 "-" "Mozilla/5.0 AppleWebKit/537.36 (KHTML, like Gecko; compatible; GPTBot/1.2; +https://openai.com/gptbot)"
20.171.207.200 - - [12/Oct/2025:04:05:06 +0200] "GET /item/24474162?path=/ HTTP/1.1" 200 3001 "-" "Mozilla/5.0 AppleWebKit/537.36 (KHTML, like Gecko; compatible; GPTBot/1.2; +https://openai.com/gptbot)"
17.22.253.235 - - [12/Oct/2025:04:05:06 +0200] "GET /ort/cinecity-kinderkino/ HTTP/1.1" 200 7762 "-" "Mozilla/5.0 (Macintosh; Intel Mac OS X 10_15_7) AppleWebKit/605.1.15 (KHTML, like Gecko) Version/17.4 Safari/605.1.15 (Applebot/0.1; +http://www.apple.com/go/applebot)"
17.22.253.235 - - [12/Oct/2025:04:05:07 +0200] "GET /rezept/zucchini-tomaten-auflauf/ HTTP/1.1" 200 4420 "-" "Mozilla/5.0 (Macintosh; Intel Mac OS X 10_15_7) AppleWebKit/605.1.15 (KHTML, like Gecko) Version/17.4 Safari/605.1.15 (Applebot/0.1; +http://www.apple.com/go/applebot)"
17.22.237.25 - - [12/Oct/2025:04:05:08 +0200] "GET /ort/edison-cafe-restaurant-bar/ HTTP/1.1" 200 4398 "-" "Mozilla/5.0 (Macintosh; Intel Mac OS X 10_15_7) AppleWebKit/605.1.15 (KHTML, like Gecko) Version/17.4 Safari/605.1.15 (Applebot/0.1; +http://www.apple.com/go/applebot)"
17.22.253.235 - - [12/Oct/2025:04:05:09 +0200] "GET /der-magische-zweite-advent/ HTTP/1.1" 200 4420 "-" "Mozilla/5.0 (Macintosh; Intel Mac OS X 10_15_7) AppleWebKit/605.1.15 (KHTML, like Gecko) Version/17.4 Safari/605.1.15 (Applebot/0.1; +http://www.apple.com/go/applebot)"
20.171.207.200 - - [12/Oct/2025:04:05:10 +0200] "GET /item/24178842?path=/ HTTP/1.1" 200 3001 "-" "Mozilla/5.0 AppleWebKit/537.36 (KHTML, like Gecko; compatible; GPTBot/1.2; +https://openai.com/gptbot)"
51.195.244.17 - - [12/Oct/2025:04:05:13 +0200] "GET /rezept/gemuesepfanne-mit-bulgur/?fileloc=/data/www/welovefamily.at/welovefamily.at/htdocs/license.txt&path=/data/www/welovefamily.at/welovefamily.at/htdocs HTTP/1.1" 200 13768 "-" "Mozilla/5.0 (compatible; AhrefsBot/7.0; +http://ahrefs.com/robot/)"
20.171.207.200 - - [12/Oct/2025:04:05:13 +0200] "GET /item/15247882?path=/ HTTP/1.1" 200 3001 "-" "Mozilla/5.0 AppleWebKit/537.36 (KHTML, like Gecko; compatible; GPTBot/1.2; +https://openai.com/gptbot)"
20.171.207.200 - - [12/Oct/2025:04:05:16 +0200] "GET /item/19165694?path=/ HTTP/1.1" 200 3001 "-" "Mozilla/5.0 AppleWebKit/537.36 (KHTML, like Gecko; compatible; GPTBot/1.2; +https://openai.com/gptbot)"
20.171.207.200 - - [12/Oct/2025:04:05:19 +0200] "GET /item/24178842?path=/data/www/welovefamily.at HTTP/1.1" 200 3035 "-" "Mozilla/5.0 AppleWebKit/537.36 (KHTML, like Gecko; compatible; GPTBot/1.2; +https://openai.com/gptbot)"
20.171.207.200 - - [12/Oct/2025:04:05:22 +0200] "GET /item/25010574?path=/ HTTP/1.1" 200 3001 "-" "Mozilla/5.0 AppleWebKit/537.36 (KHTML, like Gecko; compatible; GPTBot/1.2; +https://openai.com/gptbot)"
20.171.207.200 - - [12/Oct/2025:04:05:25 +0200] "GET /item/14960790 HTTP/1.1" 200 4420 "-" "Mozilla/5.0 AppleWebKit/537.36 (KHTML, like Gecko; compatible; GPTBot/1.2; +https://openai.com/gptbot)"
20.171.207.200 - - [12/Oct/2025:04:05:28 +0200] "GET /item/24702322 HTTP/1.1" 200 4420 "-" "Mozilla/5.0 AppleWebKit/537.36 (KHTML, like Gecko; compatible; GPTBot/1.2; +https://openai.com/gptbot)"
20.171.207.200 - - [12/Oct/2025:04:05:32 +0200] "GET /item/21975358 HTTP/1.1" 200 4420 "-" "Mozilla/5.0 AppleWebKit/537.36 (KHTML, like Gecko; compatible; GPTBot/1.2; +https://openai.com/gptbot)"
17.22.237.118 - - [12/Oct/2025:04:05:34 +0200] "GET /ort/hebamme-eva-maria-hartlieb/ HTTP/1.1" 200 7762 "-" "Mozilla/5.0 (Macintosh; Intel Mac OS X 10_15_7) AppleWebKit/605.1.15 (KHTML, like Gecko) Version/17.4 Safari/605.1.15 (Applebot/0.1; +http://www.apple.com/go/applebot)"
20.171.207.200 - - [12/Oct/2025:04:05:35 +0200] "GET /item/23057522?path=/ HTTP/1.1" 200 3001 "-" "Mozilla/5.0 AppleWebKit/537.36 (KHTML, like Gecko; compatible; GPTBot/1.2; +https://openai.com/gptbot)"
20.171.207.200 - - [12/Oct/2025:04:05:38 +0200] "GET /item/21966718 HTTP/1.1" 200 4420 "-" "Mozilla/5.0 AppleWebKit/537.36 (KHTML, like Gecko; compatible; GPTBot/1.2; +https://openai.com/gptbot)"
20.171.207.200 - - [12/Oct/2025:04:05:41 +0200] "GET /item/16841290 HTTP/1.1" 200 4420 "-" "Mozilla/5.0 AppleWebKit/537.36 (KHTML, like Gecko; compatible; GPTBot/1.2; +https://openai.com/gptbot)"
20.171.207.200 - - [12/Oct/2025:04:05:44 +0200] "GET /item/14960790?path=/data/www HTTP/1.1" 200 3019 "-" "Mozilla/5.0 AppleWebKit/537.36 (KHTML, like Gecko; compatible; GPTBot/1.2; +https://openai.com/gptbot)"
114.119.152.50 - - [12/Oct/2025:04:05:45 +0200] "GET /ort/zehentnerhof/ HTTP/1.1" 200 7781 "https://www.welove.family/ort/zehentnerhof/" "Mozilla/5.0 (Linux; Android 7.0;) AppleWebKit/537.36 (KHTML, like Gecko) Mobile Safari/537.36 (compatible; PetalBot;+https://webmaster.petalsearch.com/site/petalbot)"
20.171.207.200 - - [12/Oct/2025:04:05:47 +0200] "GET /item/24702322?fileloc=/data/www/welovefamily.at/welovefamily.at/htdocs/index.php&path=/data/www/welovefamily.at/welovefamily.at/htdocs HTTP/1.1" 200 11165 "-" "Mozilla/5.0 AppleWebKit/537.36 (KHTML, like Gecko; compatible; GPTBot/1.2; +https://openai.com/gptbot)"
20.171.207.200 - - [12/Oct/2025:04:05:51 +0200] "GET /item/21966718?path=/data/www HTTP/1.1" 200 3019 "-" "Mozilla/5.0 AppleWebKit/537.36 (KHTML, like Gecko; compatible; GPTBot/1.2; +https://openai.com/gptbot)"
20.171.207.200 - - [12/Oct/2025:04:05:54 +0200] "GET /item/16841290?path=/data/www HTTP/1.1" 200 3019 "-" "Mozilla/5.0 AppleWebKit/537.36 (KHTML, like Gecko; compatible; GPTBot/1.2; +https://openai.com/gptbot)"
20.171.207.200 - - [12/Oct/2025:04:05:57 +0200] "GET /item/24702322?path=/data/www HTTP/1.1" 200 3019 "-" "Mozilla/5.0 AppleWebKit/537.36 (KHTML, like Gecko; compatible; GPTBot/1.2; +https://openai.com/gptbot)"
66.249.68.132 - - [12/Oct/2025:04:05:59 +0200] "GET / HTTP/1.1" 200 29774 "-" "Mozilla/5.0 (compatible; Googlebot/2.1; +http://www.google.com/bot.html)"
20.171.207.200 - - [12/Oct/2025:04:06:00 +0200] "GET /item/21975358?path=/data/www/welovefamily.at HTTP/1.1" 200 3035 "-" "Mozilla/5.0 AppleWebKit/537.36 (KHTML, like Gecko; compatible; GPTBot/1.2; +https://openai.com/gptbot)"
20.171.207.200 - - [12/Oct/2025:04:06:03 +0200] "GET /item/21975358?path=/data/www HTTP/1.1" 200 3019 "-" "Mozilla/5.0 AppleWebKit/537.36 (KHTML, like Gecko; compatible; GPTBot/1.2; +https://openai.com/gptbot)"
20.171.207.200 - - [12/Oct/2025:04:06:06 +0200] "GET /item/16841290?path=/data/www/welovefamily.at HTTP/1.1" 200 3035 "-" "Mozilla/5.0 AppleWebKit/537.36 (KHTML, like Gecko; compatible; GPTBot/1.2; +https://openai.com/gptbot)"
20.171.207.200 - - [12/Oct/2025:04:06:09 +0200] "GET /item/21966718?path=/data/www/welovefamily.at HTTP/1.1" 200 3035 "-" "Mozilla/5.0 AppleWebKit/537.36 (KHTML, like Gecko; compatible; GPTBot/1.2; +https://openai.com/gptbot)"
20.171.207.200 - - [12/Oct/2025:04:06:13 +0200] "GET /item/14960790?path=/data/www/welovefamily.at HTTP/1.1" 200 3035 "-" "Mozilla/5.0 AppleWebKit/537.36 (KHTML, like Gecko; compatible; GPTBot/1.2; +https://openai.com/gptbot)"
20.171.207.200 - - [12/Oct/2025:04:06:16 +0200] "GET /item/24702322?path=/data/www/welovefamily.at HTTP/1.1" 200 3035 "-" "Mozilla/5.0 AppleWebKit/537.36 (KHTML, like Gecko; compatible; GPTBot/1.2; +https://openai.com/gptbot)"
157.55.39.53 - - [12/Oct/2025:04:06:16 +0200] "GET /j/223635455.shtm HTTP/1.1" 200 28856 "-" "Mozilla/5.0 AppleWebKit/537.36 (KHTML, like Gecko; compatible; bingbot/2.0; +http://www.bing.com/bingbot.htm) Chrome/116.0.1938.76 Safari/537.36"
20.171.207.200 - - [12/Oct/2025:04:06:19 +0200] "GET /item/16841290?path=/ HTTP/1.1" 200 3001 "-" "Mozilla/5.0 AppleWebKit/537.36 (KHTML, like Gecko; compatible; GPTBot/1.2; +https://openai.com/gptbot)"
20.171.207.200 - - [12/Oct/2025:04:06:22 +0200] "GET /item/21975358?path=/ HTTP/1.1" 200 3001 "-" "Mozilla/5.0 AppleWebKit/537.36 (KHTML, like Gecko; compatible; GPTBot/1.2; +https://openai.com/gptbot)"
20.171.207.200 - - [12/Oct/2025:04:06:25 +0200] "GET /item/14960790?path=/ HTTP/1.1" 200 3001 "-" "Mozilla/5.0 AppleWebKit/537.36 (KHTML, like Gecko; compatible; GPTBot/1.2; +https://openai.com/gptbot)"
20.171.207.200 - - [12/Oct/2025:04:06:28 +0200] "GET /item/21966718?path=/ HTTP/1.1" 200 3001 "-" "Mozilla/5.0 AppleWebKit/537.36 (KHTML, like Gecko; compatible; GPTBot/1.2; +https://openai.com/gptbot)"
51.68.247.222 - - [12/Oct/2025:04:06:31 +0200] "GET /ort/bibliothek-edlitz/ HTTP/1.1" 200 4398 "-" "Mozilla/5.0 (compatible; AhrefsBot/7.0; +http://ahrefs.com/robot/)"
20.171.207.200 - - [12/Oct/2025:04:06:31 +0200] "GET /item/20437318 HTTP/1.1" 200 4420 "-" "Mozilla/5.0 AppleWebKit/537.36 (KHTML, like Gecko; compatible; GPTBot/1.2; +https://openai.com/gptbot)"
20.171.207.200 - - [12/Oct/2025:04:06:34 +0200] "GET /item/22993006 HTTP/1.1" 200 4420 "-" "Mozilla/5.0 AppleWebKit/537.36 (KHTML, like Gecko; compatible; GPTBot/1.2; +https://openai.com/gptbot)"
20.171.207.200 - - [12/Oct/2025:04:06:38 +0200] "GET /item/26434862 HTTP/1.1" 200 4420 "-" "Mozilla/5.0 AppleWebKit/537.36 (KHTML, like Gecko; compatible; GPTBot/1.2; +https://openai.com/gptbot)"
20.171.207.200 - - [12/Oct/2025:04:06:41 +0200] "GET /item/24702322?path=/ HTTP/1.1" 200 3001 "-" "Mozilla/5.0 AppleWebKit/537.36 (KHTML, like Gecko; compatible; GPTBot/1.2; +https://openai.com/gptbot)"
20.171.207.200 - - [12/Oct/2025:04:06:44 +0200] "GET /item/24285162 HTTP/1.1" 200 4420 "-" "Mozilla/5.0 AppleWebKit/537.36 (KHTML, like Gecko; compatible; GPTBot/1.2; +https://openai.com/gptbot)"
20.171.207.200 - - [12/Oct/2025:04:06:47 +0200] "GET /item/19209454 HTTP/1.1" 200 4420 "-" "Mozilla/5.0 AppleWebKit/537.36 (KHTML, like Gecko; compatible; GPTBot/1.2; +https://openai.com/gptbot)"
20.171.207.200 - - [12/Oct/2025:04:06:50 +0200] "GET /item/22993006?path=/ HTTP/1.1" 200 3001 "-" "Mozilla/5.0 AppleWebKit/537.36 (KHTML, like Gecko; compatible; GPTBot/1.2; +https://openai.com/gptbot)"
20.171.207.200 - - [12/Oct/2025:04:06:53 +0200] "GET /item/20437318?path=/data/www/welovefamily.at HTTP/1.1" 200 3035 "-" "Mozilla/5.0 AppleWebKit/537.36 (KHTML, like Gecko; compatible; GPTBot/1.2; +https://openai.com/gptbot)"
220.181.108.158 - - [12/Oct/2025:04:06:53 +0200] "GET /interview-mit-dr-renz-polster-das-passiert-wenn-du-dein-baby-schreien-laesst/ HTTP/1.1" 200 7579 "-" "Mozilla/5.0 (compatible; Baiduspider/2.0; +http://www.baidu.com/search/spider.html)"
198.244.168.154 - - [12/Oct/2025:04:06:54 +0200] "GET /7-diaet-mythen-im-check/ HTTP/1.1" 404 58258 "-" "Mozilla/5.0 (compatible; AhrefsBot/7.0; +http://ahrefs.com/robot/)"
20.171.207.200 - - [12/Oct/2025:04:06:56 +0200] "GET /item/20437318?path=/data/www HTTP/1.1" 200 3019 "-" "Mozilla/5.0 AppleWebKit/537.36 (KHTML, like Gecko; compatible; GPTBot/1.2; +https://openai.com/gptbot)"
20.171.207.200 - - [12/Oct/2025:04:06:59 +0200] "GET /item/22993006?path=/data/www HTTP/1.1" 200 3019 "-" "Mozilla/5.0 AppleWebKit/537.36 (KHTML, like Gecko; compatible; GPTBot/1.2; +https://openai.com/gptbot)"
20.171.207.200 - - [12/Oct/2025:04:07:02 +0200] "GET /item/24285162?path=/data/www HTTP/1.1" 200 3019 "-" "Mozilla/5.0 AppleWebKit/537.36 (KHTML, like Gecko; compatible; GPTBot/1.2; +https://openai.com/gptbot)"
216.244.66.241 - - [12/Oct/2025:04:07:04 +0200] "GET /rezept/polentapizza/ HTTP/1.1" 200 54476 "-" "Mozilla/5.0 (compatible; DotBot/1.2; +https://opensiteexplorer.org/dotbot; help@moz.com)"
20.171.207.200 - - [12/Oct/2025:04:07:06 +0200] "GET /item/26434862?path=/data/www HTTP/1.1" 200 3019 "-" "Mozilla/5.0 AppleWebKit/537.36 (KHTML, like Gecko; compatible; GPTBot/1.2; +https://openai.com/gptbot)"
20.171.207.200 - - [12/Oct/2025:04:07:09 +0200] "GET /item/24285162?path=/data/www/welovefamily.at HTTP/1.1" 200 3035 "-" "Mozilla/5.0 AppleWebKit/537.36 (KHTML, like Gecko; compatible; GPTBot/1.2; +https://openai.com/gptbot)"
104.198.36.41 - - [12/Oct/2025:04:07:09 +0200] "HEAD /item/22971630 HTTP/1.1" 200 3491 "-" "Mozilla/5.0 AppleWebKit/537.36 (KHTML, like Gecko); compatible; ShapBot/0.1.0"
104.198.36.41 - - [12/Oct/2025:04:07:10 +0200] "GET /item/22971630 HTTP/1.1" 200 4420 "-" "Mozilla/5.0 AppleWebKit/537.36 (KHTML, like Gecko); compatible; ShapBot/0.1.0"
114.119.152.50 - - [12/Oct/2025:04:07:10 +0200] "GET /ort/zanoni-zanoni/ HTTP/1.1" 200 7781 "https://www.welovefamily.at/ort/pfarrkindergarten-micheldorf/" "Mozilla/5.0 (Linux; Android 7.0;) AppleWebKit/537.36 (KHTML, like Gecko) Mobile Safari/537.36 (compatible; PetalBot;+https://webmaster.petalsearch.com/site/petalbot)"
20.171.207.200 - - [12/Oct/2025:04:07:12 +0200] "GET /item/19209454?path=/data/www/welovefamily.at HTTP/1.1" 200 3035 "-" "Mozilla/5.0 AppleWebKit/537.36 (KHTML, like Gecko; compatible; GPTBot/1.2; +https://openai.com/gptbot)"
20.171.207.200 - - [12/Oct/2025:04:07:15 +0200] "GET /item/26434862?path=/data/www/welovefamily.at HTTP/1.1" 200 3035 "-" "Mozilla/5.0 AppleWebKit/537.36 (KHTML, like Gecko; compatible; GPTBot/1.2; +https://openai.com/gptbot)"
20.171.207.200 - - [12/Oct/2025:04:07:18 +0200] "GET /item/19209454?path=/data/www HTTP/1.1" 200 3019 "-" "Mozilla/5.0 AppleWebKit/537.36 (KHTML, like Gecko; compatible; GPTBot/1.2; +https://openai.com/gptbot)"
20.171.207.200 - - [12/Oct/2025:04:07:21 +0200] "GET /item/22993006?path=/data/www/welovefamily.at HTTP/1.1" 200 3035 "-" "Mozilla/5.0 AppleWebKit/537.36 (KHTML, like Gecko; compatible; GPTBot/1.2; +https://openai.com/gptbot)"
213.186.1.154 - - [12/Oct/2025:04:07:23 +0200] "GET / HTTP/1.1" 404 58299 "-" "Mediatoolkitbot (complaints@mediatoolkit.com)"
20.171.207.200 - - [12/Oct/2025:04:07:24 +0200] "GET /item/24285162?path=/ HTTP/1.1" 200 3001 "-" "Mozilla/5.0 AppleWebKit/537.36 (KHTML, like Gecko; compatible; GPTBot/1.2; +https://openai.com/gptbot)"
185.191.171.17 - - [12/Oct/2025:04:07:28 +0200] "GET /hochsensibilitaet-was-ist-das-ueberhaupt/ HTTP/1.1" 404 58262 "-" "Mozilla/5.0 (compatible; SemrushBot/7~bl; +http://www.semrush.com/bot.html)"
20.171.207.200 - - [12/Oct/2025:04:07:29 +0200] "GET /item/20437318?path=/ HTTP/1.1" 200 3001 "-" "Mozilla/5.0 AppleWebKit/537.36 (KHTML, like Gecko; compatible; GPTBot/1.2; +https://openai.com/gptbot)"
20.171.207.200 - - [12/Oct/2025:04:07:35 +0200] "GET /item/26434862?path=/ HTTP/1.1" 200 3001 "-" "Mozilla/5.0 AppleWebKit/537.36 (KHTML, like Gecko; compatible; GPTBot/1.2; +https://openai.com/gptbot)"
20.171.207.200 - - [12/Oct/2025:04:07:42 +0200] "GET /item/24492682 HTTP/1.1" 200 4420 "-" "Mozilla/5.0 AppleWebKit/537.36 (KHTML, like Gecko; compatible; GPTBot/1.2; +https://openai.com/gptbot)"
17.241.219.135 - - [12/Oct/2025:04:07:51 +0200] "GET /robots.txt HTTP/1.1" 200 3738 "-" "Mozilla/5.0 (Macintosh; Intel Mac OS X 10_15_7) AppleWebKit/605.1.15 (KHTML, like Gecko) Version/17.4 Safari/605.1.15 (Applebot/0.1; +http://www.apple.com/go/applebot)"
20.171.207.200 - - [12/Oct/2025:04:07:50 +0200] "GET /item/15164690 HTTP/1.1" 200 4420 "-" "Mozilla/5.0 AppleWebKit/537.36 (KHTML, like Gecko; compatible; GPTBot/1.2; +https://openai.com/gptbot)"
17.241.219.135 - - [12/Oct/2025:04:07:51 +0200] "GET /tina-und-der-riesenvogel/ HTTP/1.1" 200 4420 "-" "Mozilla/5.0 (Macintosh; Intel Mac OS X 10_15_7) AppleWebKit/605.1.15 (KHTML, like Gecko) Version/17.4 Safari/605.1.15 (Applebot/0.1; +http://www.apple.com/go/applebot)"
57.141.0.14 - - [12/Oct/2025:04:07:57 +0200] "GET /8-tipps-fuer-weihnachten-mal-anders/ HTTP/1.1" 200 58307 "-" "meta-externalagent/1.1 (+https://developers.facebook.com/docs/sharing/webmasters/crawler)"
20.171.207.200 - - [12/Oct/2025:04:08:01 +0200] "GET /item/24544962 HTTP/1.1" 200 4420 "-" "Mozilla/5.0 AppleWebKit/537.36 (KHTML, like Gecko; compatible; GPTBot/1.2; +https://openai.com/gptbot)"
216.244.66.248 - - [12/Oct/2025:04:08:04 +0200] "GET /geschenk-zum-zeugnis-zeit-statt-zeug/ HTTP/1.1" 404 54483 "-" "Mozilla/5.0 (compatible; DotBot/1.2; +https://opensiteexplorer.org/dotbot; help@moz.com)"
104.154.193.69 - - [12/Oct/2025:04:08:04 +0200] "HEAD /item/26039258 HTTP/1.1" 200 3491 "-" "Mozilla/5.0 AppleWebKit/537.36 (KHTML, like Gecko); compatible; ShapBot/0.1.0"
51.89.129.248 - - [12/Oct/2025:04:08:06 +0200] "GET /rezept/gemuesepfanne-mit-bulgur/?fileloc=/data/www/welovefamily.at/welovefamily.at/htdocs/.htaccess&path=/data/www/welovefamily.at/welovefamily.at/htdocs HTTP/1.1" 200 7139 "-" "Mozilla/5.0 (compatible; AhrefsBot/7.0; +http://ahrefs.com/robot/)"
66.249.68.134 - - [12/Oct/2025:04:08:03 +0200] "GET /die-elfenkoenigin-hat-geburtstag/ HTTP/1.1" 200 28666 "-" "Mozilla/5.0 (Linux; Android 6.0.1; Nexus 5X Build/MMB29P) AppleWebKit/537.36 (KHTML, like Gecko) Chrome/140.0.7339.207 Mobile Safari/537.36 (compatible; Googlebot/2.1; +http://www.google.com/bot.html)"
66.249.68.133 - - [12/Oct/2025:04:08:12 +0200] "GET /item/22666594 HTTP/1.1" 200 30540 "-" "Mozilla/5.0 (Linux; Android 6.0.1; Nexus 5X Build/MMB29P) AppleWebKit/537.36 (KHTML, like Gecko) Chrome/140.0.7339.207 Mobile Safari/537.36 (compatible; Googlebot/2.1; +http://www.google.com/bot.html)"
20.171.207.200 - - [12/Oct/2025:04:08:15 +0200] "GET /item/16089386?path=/data/www HTTP/1.1" 200 3019 "-" "Mozilla/5.0 AppleWebKit/537.36 (KHTML, like Gecko; compatible; GPTBot/1.2; +https://openai.com/gptbot)"
104.154.193.69 - - [12/Oct/2025:04:08:16 +0200] "GET /item/26039258 HTTP/1.1" 200 4420 "-" "Mozilla/5.0 AppleWebKit/537.36 (KHTML, like Gecko); compatible; ShapBot/0.1.0"
17.246.15.59 - - [12/Oct/2025:04:08:30 +0200] "GET /inkontinenz-und-blasenschwaeche-nach-der-geburt/ HTTP/1.1" 200 7762 "-" "Mozilla/5.0 (Macintosh; Intel Mac OS X 10_15_7) AppleWebKit/605.1.15 (KHTML, like Gecko) Version/17.4 Safari/605.1.15 (Applebot/0.1; +http://www.apple.com/go/applebot)"
114.119.166.63 - - [12/Oct/2025:04:08:32 +0200] "GET /ort/wirt-in-pesenbach/ HTTP/1.1" 200 7781 "https://www.welove.family/ort/pozis-cafe-restaurant/" "Mozilla/5.0 (Linux; Android 7.0;) AppleWebKit/537.36 (KHTML, like Gecko) Mobile Safari/537.36 (compatible; PetalBot;+https://webmaster.petalsearch.com/site/petalbot)"
20.171.207.200 - - [12/Oct/2025:04:08:32 +0200] "GET /item/20711618 HTTP/1.1" 200 4420 "-" "Mozilla/5.0 AppleWebKit/537.36 (KHTML, like Gecko; compatible; GPTBot/1.2; +https://openai.com/gptbot)"
17.246.23.17 - - [12/Oct/2025:04:08:35 +0200] "GET /bachexkursion-wir-entdecken-den-bach-spielideen/ HTTP/1.1" 200 7762 "-" "Mozilla/5.0 (Macintosh; Intel Mac OS X 10_15_7) AppleWebKit/605.1.15 (KHTML, like Gecko) Version/17.4 Safari/605.1.15 (Applebot/0.1; +http://www.apple.com/go/applebot)"
20.171.207.200 - - [12/Oct/2025:04:08:35 +0200] "GET /item/18040706 HTTP/1.1" 200 4420 "-" "Mozilla/5.0 AppleWebKit/537.36 (KHTML, like Gecko; compatible; GPTBot/1.2; +https://openai.com/gptbot)"
20.171.207.200 - - [12/Oct/2025:04:08:39 +0200] "GET /item/19745522 HTTP/1.1" 200 4420 "-" "Mozilla/5.0 AppleWebKit/537.36 (KHTML, like Gecko; compatible; GPTBot/1.2; +https://openai.com/gptbot)"
20.171.207.200 - - [12/Oct/2025:04:08:42 +0200] "GET /sitemap.xml HTTP/1.1" 200 21836 "-" "Mozilla/5.0 AppleWebKit/537.36 (KHTML, like Gecko; compatible; GPTBot/1.2; +https://openai.com/gptbot)"
20.171.207.200 - - [12/Oct/2025:04:08:45 +0200] "GET /item/19209454?path=/ HTTP/1.1" 200 3001 "-" "Mozilla/5.0 AppleWebKit/537.36 (KHTML, like Gecko; compatible; GPTBot/1.2; +https://openai.com/gptbot)"
20.171.207.200 - - [12/Oct/2025:04:08:48 +0200] "GET /item/21762898?path=/data/www HTTP/1.1" 200 3019 "-" "Mozilla/5.0 AppleWebKit/537.36 (KHTML, like Gecko; compatible; GPTBot/1.2; +https://openai.com/gptbot)"
17.246.19.247 - - [12/Oct/2025:04:08:51 +0200] "GET /ort/murradweg-radtour-vom-lungau-bis-nach-bad-radkersburg/ HTTP/1.1" 200 4398 "-" "Mozilla/5.0 (Macintosh; Intel Mac OS X 10_15_7) AppleWebKit/605.1.15 (KHTML, like Gecko) Version/17.4 Safari/605.1.15 (Applebot/0.1; +http://www.apple.com/go/applebot)"
20.171.207.200 - - [12/Oct/2025:04:08:51 +0200] "GET /item/24492682?fileloc=/data/www/welovefamily.at/welovefamily.at/htdocs/wp-trackback.php&path=/data/www/welovefamily.at/welovefamily.at/htdocs HTTP/1.1" 200 4825 "-" "Mozilla/5.0 AppleWebKit/537.36 (KHTML, like Gecko; compatible; GPTBot/1.2; +https://openai.com/gptbot)"
52.167.144.147 - - [12/Oct/2025:04:08:52 +0200] "GET /familienausflug-ein-drama-in-drei-akten/ HTTP/1.1" 200 29036 "-" "Mozilla/5.0 AppleWebKit/537.36 (KHTML, like Gecko; compatible; bingbot/2.0; +http://www.bing.com/bingbot.htm) Chrome/116.0.1938.76 Safari/537.36"
20.171.207.200 - - [12/Oct/2025:04:08:54 +0200] "GET /item/15164690?path=/data/www HTTP/1.1" 200 3019 "-" "Mozilla/5.0 AppleWebKit/537.36 (KHTML, like Gecko; compatible; GPTBot/1.2; +https://openai.com/gptbot)"
20.171.207.200 - - [12/Oct/2025:04:08:57 +0200] "GET /item/19874546 HTTP/1.1" 200 4420 "-" "Mozilla/5.0 AppleWebKit/537.36 (KHTML, like Gecko; compatible; GPTBot/1.2; +https://openai.com/gptbot)"
20.171.207.200 - - [12/Oct/2025:04:09:01 +0200] "GET /item/18040706?path=/data/www HTTP/1.1" 200 3019 "-" "Mozilla/5.0 AppleWebKit/537.36 (KHTML, like Gecko; compatible; GPTBot/1.2; +https://openai.com/gptbot)"
20.171.207.200 - - [12/Oct/2025:04:09:04 +0200] "GET /item/16905006 HTTP/1.1" 200 4420 "-" "Mozilla/5.0 AppleWebKit/537.36 (KHTML, like Gecko; compatible; GPTBot/1.2; +https://openai.com/gptbot)"
20.171.207.200 - - [12/Oct/2025:04:09:07 +0200] "GET /item/19745522?path=/data/www HTTP/1.1" 200 3019 "-" "Mozilla/5.0 AppleWebKit/537.36 (KHTML, like Gecko; compatible; GPTBot/1.2; +https://openai.com/gptbot)"
