66.249.68.133 - - [12/Oct/2025:03:48:01 +0200] "GET /item/17102266 HTTP/1.1" 200 29182 "-" "Mozilla/5.0 (Linux; Android 6.0.1; Nexus 5X Build/MMB29P) AppleWebKit/537.36 (KHTML, like Gecko) Chrome/140.0.7339.207 Mobile Safari/537.36 (compatible; Googlebot/2.1; +http://www.google.com/bot.html)"
182.22.28.125 - - [12/Oct/2025:03:48:02 +0200] "GET /item/15718794 HTTP/1.1" 200 28598 "-" "Y!J-ASR/1.0 crawler (https://support.yahoo-net.jp/PccSearch/s/article/H000007955)"
20.171.207.200 - - [12/Oct/2025:03:48:04 +0200] "GET /item/16178902?path=/data/www HTTP/1.1" 200 6376 "-" "Mozilla/5.0 AppleWebKit/537.36 (KHTML, like Gecko; compatible; GPTBot/1.2; +https://openai.com/gptbot)"
223.109.255.233 - - [12/Oct/2025:03:48:05 +0200] "GET /wp-content/uploads/2023/03/66329-bild-7-265x198.jpeg HTTP/1.1" 200 7579 "http://pic.sogou.com" "Sogou Pic Spider/3.0(+http://www.sogou.com/docs/help/webmasters.htm#07)"
20.171.207.200 - - [12/Oct/2025:03:48:07 +0200] "GET /item/25845774?path=/data/www HTTP/1.1" 200 3019 "-" "Mozilla/5.0 AppleWebKit/537.36 (KHTML, like Gecko; compatible; GPTBot/1.2; +https://openai.com/gptbot)"
182.22.28.84 - - [12/Oct/2025:03:48:07 +0200] "GET /item/22811386 HTTP/1.1" 200 26728 "-" "Y!J-ASR/1.0 crawler (https://support.yahoo-net.jp/PccSearch/s/article/H000007955)"
20.171.207.200 - - [12/Oct/2025:03:48:10 +0200] "GET /item/17686706?fileloc=/data/www/welovefamily.at/welovefamily.at/htdocs/.maintenance&path=/data/www/welovefamily.at/welovefamily.at/htdocs HTTP/1.1" 200 3000 "-" "Mozilla/5.0 AppleWebKit/537.36 (KHTML, like Gecko; compatible; GPTBot/1.2; +https://openai.com/gptbot)"
182.22.28.105 - - [12/Oct/2025:03:48:10 +0200] "GET /item/20165746 HTTP/1.1" 200 30251 "-" "Y!J-ASR/1.0 crawler (https://support.yahoo-net.jp/PccSearch/s/article/H000007955)"
20.171.207.200 - - [12/Oct/2025:03:48:14 +0200] "GET /item/15772534?path=/data/www/welovefamily.at HTTP/1.1" 200 3035 "-" "Mozilla/5.0 AppleWebKit/537.36 (KHTML, like Gecko; compatible; GPTBot/1.2; +https://openai.com/gptbot)"
182.22.28.98 - - [12/Oct/2025:03:48:14 +0200] "GET /item/24744682 HTTP/1.1" 200 29885 "-" "Y!J-ASR/1.0 crawler (https://support.yahoo-net.jp/PccSearch/s/article/H000007955)"
185.191.171.6 - - [12/Oct/2025:03:48:16 +0200] "GET /mythos-babys-brauchen-mit-6-monaten-keine-nahrung-mehr/ HTTP/1.1" 404 58262 "-" "Mozilla/5.0 (compatible; SemrushBot/7~bl; +http://www.semrush.com/bot.html)"
20.171.207.200 - - [12/Oct/2025:03:48:17 +0200] "GET /item/15772534?path=/data/www HTTP/1.1" 200 3019 "-" "Mozilla/5.0 AppleWebKit/537.36 (KHTML, like Gecko; compatible; GPTBot/1.2; +https://openai.com/gptbot)"
182.22.28.78 - - [12/Oct/2025:03:48:19 +0200] "GET /item/14880586 HTTP/1.1" 200 28847 "-" "Y!J-ASR/1.0 crawler (https://support.yahoo-net.jp/PccSearch/s/article/H000007955)"
20.171.207.200 - - [12/Oct/2025:03:48:20 +0200] "GET /item/16178902?path=/data/www/welovefamily.at HTTP/1.1" 200 3035 "-" "Mozilla/5.0 AppleWebKit/537.36 (KHTML, like Gecko; compatible; GPTBot/1.2; +https://openai.com/gptbot)"
182.22.28.115 - - [12/Oct/2025:03:48:23 +0200] "GET /item/25569502 HTTP/1.1" 200 28992 "-" "Y!J-ASR/1.0 crawler (https://support.yahoo-net.jp/PccSearch/s/article/H000007955)"
20.171.207.200 - - [12/Oct/2025:03:48:23 +0200] "GET /item/25845774?path=/data/www/welovefamily.at HTTP/1.1" 200 3035 "-" "Mozilla/5.0 AppleWebKit/537.36 (KHTML, like Gecko; compatible; GPTBot/1.2; +https://openai.com/gptbot)"
20.171.207.200 - - [12/Oct/2025:03:48:26 +0200] "GET /item/17686706?path=/data/www/welovefamily.at HTTP/1.1" 200 3035 "-" "Mozilla/5.0 AppleWebKit/537.36 (KHTML, like Gecko; compatible; GPTBot/1.2; +https://openai.com/gptbot)"
182.22.28.111 - - [12/Oct/2025:03:48:27 +0200] "GET /item/14988678 HTTP/1.1" 200 30887 "-" "Y!J-ASR/1.0 crawler (https://support.yahoo-net.jp/PccSearch/s/article/H000007955)"
20.171.207.200 - - [12/Oct/2025:03:48:29 +0200] "GET /item/17686706?path=/ HTTP/1.1" 200 3001 "-" "Mozilla/5.0 AppleWebKit/537.36 (KHTML, like Gecko; compatible; GPTBot/1.2; +https://openai.com/gptbot)"
182.22.28.98 - - [12/Oct/2025:03:48:32 +0200] "GET /item/26366866 HTTP/1.1" 200 29374 "-" "Y!J-ASR/1.0 crawler (https://support.yahoo-net.jp/PccSearch/s/article/H000007955)"
20.171.207.200 - - [12/Oct/2025:03:48:32 +0200] "GET /item/15772534?path=/ HTTP/1.1" 200 3001 "-" "Mozilla/5.0 AppleWebKit/537.36 (KHTML, like Gecko; compatible; GPTBot/1.2; +https://openai.com/gptbot)"
182.22.28.97 - - [12/Oct/2025:03:48:35 +0200] "GET /item/16597602 HTTP/1.1" 200 28787 "-" "Y!J-ASR/1.0 crawler (https://support.yahoo-net.jp/PccSearch/s/article/H000007955)"
20.171.207.200 - - [12/Oct/2025:03:48:36 +0200] "GET /item/25735418 HTTP/1.1" 200 4420 "-" "Mozilla/5.0 AppleWebKit/537.36 (KHTML, like Gecko; compatible; GPTBot/1.2; +https://openai.com/gptbot)"
20.171.207.200 - - [12/Oct/2025:03:48:39 +0200] "GET /item/25845774?path=/ HTTP/1.1" 200 3001 "-" "Mozilla/5.0 AppleWebKit/537.36 (KHTML, like Gecko; compatible; GPTBot/1.2; +https://openai.com/gptbot)"
182.22.28.79 - - [12/Oct/2025:03:48:39 +0200] "GET /item/17293754 HTTP/1.1" 200 25560 "-" "Y!J-ASR/1.0 crawler (https://support.yahoo-net.jp/PccSearch/s/article/H000007955)"
20.171.207.200 - - [12/Oct/2025:03:48:42 +0200] "GET /item/22725794 HTTP/1.1" 200 4420 "-" "Mozilla/5.0 AppleWebKit/537.36 (KHTML, like Gecko; compatible; GPTBot/1.2; +https://openai.com/gptbot)"
182.22.28.82 - - [12/Oct/2025:03:48:43 +0200] "GET /item/14902618 HTTP/1.1" 200 25801 "-" "Y!J-ASR/1.0 crawler (https://support.yahoo-net.jp/PccSearch/s/article/H000007955)"
20.171.207.200 - - [12/Oct/2025:03:48:45 +0200] "GET /item/26330898 HTTP/1.1" 200 4420 "-" "Mozilla/5.0 AppleWebKit/537.36 (KHTML, like Gecko; compatible; GPTBot/1.2; +https://openai.com/gptbot)"
20.171.207.200 - - [12/Oct/2025:03:48:48 +0200] "GET /item/25735418?path=/data/www HTTP/1.1" 200 3019 "-" "Mozilla/5.0 AppleWebKit/537.36 (KHTML, like Gecko; compatible; GPTBot/1.2; +https://openai.com/gptbot)"
17.241.227.199 - - [12/Oct/2025:03:48:48 +0200] "GET /10-rituale-fuer-ein-entspanntes-familienleben/ HTTP/1.1" 404 58243 "-" "Mozilla/5.0 (Macintosh; Intel Mac OS X 10_15_7) AppleWebKit/605.1.15 (KHTML, like Gecko) Version/17.4 Safari/605.1.15 (Applebot/0.1; +http://www.apple.com/go/applebot)"
182.22.28.74 - - [12/Oct/2025:03:48:48 +0200] "GET /item/25186898 HTTP/1.1" 200 25735 "-" "Y!J-ASR/1.0 crawler (https://support.yahoo-net.jp/PccSearch/s/article/H000007955)"
17.246.23.244 - - [12/Oct/2025:03:48:48 +0200] "GET /diese-dinge-gehoeren-in-die-schultuete/ HTTP/1.1" 404 58243 "-" "Mozilla/5.0 (Macintosh; Intel Mac OS X 10_15_7) AppleWebKit/605.1.15 (KHTML, like Gecko) Version/17.4 Safari/605.1.15 (Applebot/0.1; +http://www.apple.com/go/applebot)"
66.249.68.132 - - [12/Oct/2025:03:48:50 +0200] "GET /item/25620126 HTTP/1.1" 200 29912 "-" "Mozilla/5.0 (Linux; Android 6.0.1; Nexus 5X Build/MMB29P) AppleWebKit/537.36 (KHTML, like Gecko) Chrome/140.0.7339.207 Mobile Safari/537.36 (compatible; Googlebot/2.1; +http://www.google.com/bot.html)"
20.171.207.200 - - [12/Oct/2025:03:48:51 +0200] "GET /item/25735418?path=/data/www/welovefamily.at HTTP/1.1" 200 3035 "-" "Mozilla/5.0 AppleWebKit/537.36 (KHTML, like Gecko; compatible; GPTBot/1.2; +https://openai.com/gptbot)"
66.249.68.132 - - [12/Oct/2025:03:48:51 +0200] "GET /ort/noe-landeskindergarten-martinsdorf/ HTTP/1.1" 200 26073 "-" "Mozilla/5.0 (Linux; Android 6.0.1; Nexus 5X Build/MMB29P) AppleWebKit/537.36 (KHTML, like Gecko) Chrome/140.0.7339.207 Mobile Safari/537.36 (compatible; Googlebot/2.1; +http://www.google.com/bot.html)"
182.22.28.82 - - [12/Oct/2025:03:48:51 +0200] "GET /item/18446554 HTTP/1.1" 200 29077 "-" "Y!J-ASR/1.0 crawler (https://support.yahoo-net.jp/PccSearch/s/article/H000007955)"
66.249.68.130 - - [12/Oct/2025:03:48:51 +0200] "GET /item/19498458 HTTP/1.1" 200 28674 "-" "Mozilla/5.0 (Linux; Android 6.0.1; Nexus 5X Build/MMB29P) AppleWebKit/537.36 (KHTML, like Gecko) Chrome/140.0.7339.207 Mobile Safari/537.36 (compatible; Googlebot/2.1; +http://www.google.com/bot.html)"
66.249.68.128 - - [12/Oct/2025:03:48:52 +0200] "GET /item/15944062 HTTP/1.1" 200 28587 "-" "Mozilla/5.0 (Linux; Android 6.0.1; Nexus 5X Build/MMB29P) AppleWebKit/537.36 (KHTML, like Gecko) Chrome/140.0.7339.207 Mobile Safari/537.36 (compatible; Googlebot/2.1; +http://www.google.com/bot.html)"
51.68.247.223 - - [12/Oct/2025:03:48:53 +0200] "GET /ort/stadtbuecherei-14/ HTTP/1.1" 200 4398 "-" "Mozilla/5.0 (compatible; AhrefsBot/7.0; +http://ahrefs.com/robot/)"
20.171.207.200 - - [12/Oct/2025:03:48:54 +0200] "GET /item/22725794?path=/data/www HTTP/1.1" 200 3019 "-" "Mozilla/5.0 AppleWebKit/537.36 (KHTML, like Gecko; compatible; GPTBot/1.2; +https://openai.com/gptbot)"
114.119.151.108 - - [12/Oct/2025:03:48:55 +0200] "GET /ort/safa-kindergarten-verein-donya/ HTTP/1.1" 200 7781 "https://www.welove.family/ort/safa-kindergarten-verein-donya/" "Mozilla/5.0 (Linux; Android 7.0;) AppleWebKit/537.36 (KHTML, like Gecko) Mobile Safari/537.36 (compatible; PetalBot;+https://webmaster.petalsearch.com/site/petalbot)"
182.22.28.89 - - [12/Oct/2025:03:48:55 +0200] "GET /item/15622798 HTTP/1.1" 200 25451 "-" "Y!J-ASR/1.0 crawler (https://support.yahoo-net.jp/PccSearch/s/article/H000007955)"
20.171.207.200 - - [12/Oct/2025:03:48:57 +0200] "GET /item/26330898?path=/data/www HTTP/1.1" 200 3019 "-" "Mozilla/5.0 AppleWebKit/537.36 (KHTML, like Gecko; compatible; GPTBot/1.2; +https://openai.com/gptbot)"
182.22.28.89 - - [12/Oct/2025:03:48:59 +0200] "GET /item/15802750 HTTP/1.1" 200 26221 "-" "Y!J-ASR/1.0 crawler (https://support.yahoo-net.jp/PccSearch/s/article/H000007955)"
20.171.207.200 - - [12/Oct/2025:03:49:01 +0200] "GET /item/26330898?path=/data/www/welovefamily.at HTTP/1.1" 200 3035 "-" "Mozilla/5.0 AppleWebKit/537.36 (KHTML, like Gecko; compatible; GPTBot/1.2; +https://openai.com/gptbot)"
182.22.28.109 - - [12/Oct/2025:03:49:03 +0200] "GET /item/24600882 HTTP/1.1" 200 26546 "-" "Y!J-ASR/1.0 crawler (https://support.yahoo-net.jp/PccSearch/s/article/H000007955)"
20.171.207.200 - - [12/Oct/2025:03:49:04 +0200] "GET /item/22725794?path=/data/www/welovefamily.at HTTP/1.1" 200 3035 "-" "Mozilla/5.0 AppleWebKit/537.36 (KHTML, like Gecko; compatible; GPTBot/1.2; +https://openai.com/gptbot)"
20.171.207.200 - - [12/Oct/2025:03:49:07 +0200] "GET /item/26109950 HTTP/1.1" 200 4420 "-" "Mozilla/5.0 AppleWebKit/537.36 (KHTML, like Gecko; compatible; GPTBot/1.2; +https://openai.com/gptbot)"
182.22.28.75 - - [12/Oct/2025:03:49:08 +0200] "GET /item/25794722 HTTP/1.1" 200 29405 "-" "Y!J-ASR/1.0 crawler (https://support.yahoo-net.jp/PccSearch/s/article/H000007955)"
20.171.207.200 - - [12/Oct/2025:03:49:10 +0200] "GET /item/22725794?path=/ HTTP/1.1" 200 3001 "-" "Mozilla/5.0 AppleWebKit/537.36 (KHTML, like Gecko; compatible; GPTBot/1.2; +https://openai.com/gptbot)"
182.22.28.79 - - [12/Oct/2025:03:49:12 +0200] "GET /item/16521742 HTTP/1.1" 200 28542 "-" "Y!J-ASR/1.0 crawler (https://support.yahoo-net.jp/PccSearch/s/article/H000007955)"
20.171.207.200 - - [12/Oct/2025:03:49:13 +0200] "GET /item/25735418?path=/ HTTP/1.1" 200 3001 "-" "Mozilla/5.0 AppleWebKit/537.36 (KHTML, like Gecko; compatible; GPTBot/1.2; +https://openai.com/gptbot)"
20.171.207.200 - - [12/Oct/2025:03:49:16 +0200] "GET /item/26330898?path=/ HTTP/1.1" 200 3001 "-" "Mozilla/5.0 AppleWebKit/537.36 (KHTML, like Gecko; compatible; GPTBot/1.2; +https://openai.com/gptbot)"
182.22.28.118 - - [12/Oct/2025:03:49:17 +0200] "GET /item/26106038 HTTP/1.1" 200 28480 "-" "Y!J-ASR/1.0 crawler (https://support.yahoo-net.jp/PccSearch/s/article/H000007955)"
20.171.207.200 - - [12/Oct/2025:03:49:19 +0200] "GET /item/26109950?path=/data/www HTTP/1.1" 200 3019 "-" "Mozilla/5.0 AppleWebKit/537.36 (KHTML, like Gecko; compatible; GPTBot/1.2; +https://openai.com/gptbot)"
182.22.28.99 - - [12/Oct/2025:03:49:21 +0200] "GET /item/24072318 HTTP/1.1" 200 25841 "-" "Y!J-ASR/1.0 crawler (https://support.yahoo-net.jp/PccSearch/s/article/H000007955)"
20.171.207.200 - - [12/Oct/2025:03:49:22 +0200] "GET /item/24896238 HTTP/1.1" 200 4420 "-" "Mozilla/5.0 AppleWebKit/537.36 (KHTML, like Gecko; compatible; GPTBot/1.2; +https://openai.com/gptbot)"
20.171.207.200 - - [12/Oct/2025:03:49:26 +0200] "GET /item/26109950?path=/ HTTP/1.1" 200 3001 "-" "Mozilla/5.0 AppleWebKit/537.36 (KHTML, like Gecko; compatible; GPTBot/1.2; +https://openai.com/gptbot)"
182.22.28.80 - - [12/Oct/2025:03:49:26 +0200] "GET /item/23684734 HTTP/1.1" 200 25742 "-" "Y!J-ASR/1.0 crawler (https://support.yahoo-net.jp/PccSearch/s/article/H000007955)"
20.171.207.200 - - [12/Oct/2025:03:49:29 +0200] "GET /item/26109950?path=/data/www/welovefamily.at HTTP/1.1" 200 3035 "-" "Mozilla/5.0 AppleWebKit/537.36 (KHTML, like Gecko; compatible; GPTBot/1.2; +https://openai.com/gptbot)"
182.22.28.111 - - [12/Oct/2025:03:49:30 +0200] "GET /item/23117942 HTTP/1.1" 200 29363 "-" "Y!J-ASR/1.0 crawler (https://support.yahoo-net.jp/PccSearch/s/article/H000007955)"
20.171.207.200 - - [12/Oct/2025:03:49:32 +0200] "GET /item/17792738 HTTP/1.1" 200 4420 "-" "Mozilla/5.0 AppleWebKit/537.36 (KHTML, like Gecko; compatible; GPTBot/1.2; +https://openai.com/gptbot)"
182.22.28.85 - - [12/Oct/2025:03:49:33 +0200] "GET /item/24664234 HTTP/1.1" 200 26535 "-" "Y!J-ASR/1.0 crawler (https://support.yahoo-net.jp/PccSearch/s/article/H000007955)"
198.244.183.152 - - [12/Oct/2025:03:49:34 +0200] "GET /ort/ullmanns-zuckerbaeckerei/ HTTP/1.1" 404 58258 "-" "Mozilla/5.0 (compatible; AhrefsBot/7.0; +http://ahrefs.com/robot/)"
20.171.207.200 - - [12/Oct/2025:03:49:35 +0200] "GET /item/15830386 HTTP/1.1" 200 4420 "-" "Mozilla/5.0 AppleWebKit/537.36 (KHTML, like Gecko; compatible; GPTBot/1.2; +https://openai.com/gptbot)"
40.77.167.132 - - [12/Oct/2025:03:49:38 +0200] "GET /w31623935 HTTP/1.1" 404 58349 "-" "Mozilla/5.0 AppleWebKit/537.36 (KHTML, like Gecko; compatible; bingbot/2.0; +http://www.bing.com/bingbot.htm) Chrome/116.0.1938.76 Safari/537.36"
182.22.28.88 - - [12/Oct/2025:03:49:38 +0200] "GET /item/16928394 HTTP/1.1" 200 29487 "-" "Y!J-ASR/1.0 crawler (https://support.yahoo-net.jp/PccSearch/s/article/H000007955)"
20.171.207.200 - - [12/Oct/2025:03:49:38 +0200] "GET /item/24896238?path=/data/www HTTP/1.1" 200 3019 "-" "Mozilla/5.0 AppleWebKit/537.36 (KHTML, like Gecko; compatible; GPTBot/1.2; +https://openai.com/gptbot)"
20.171.207.200 - - [12/Oct/2025:03:49:41 +0200] "GET /sitemap/article-20240810-1.xml HTTP/1.1" 200 21695 "-" "Mozilla/5.0 AppleWebKit/537.36 (KHTML, like Gecko; compatible; GPTBot/1.2; +https://openai.com/gptbot)"
182.22.28.80 - - [12/Oct/2025:03:49:42 +0200] "GET /item/15046894 HTTP/1.1" 200 28943 "-" "Y!J-ASR/1.0 crawler (https://support.yahoo-net.jp/PccSearch/s/article/H000007955)"
20.171.207.200 - - [12/Oct/2025:03:49:44 +0200] "GET /item/24896238?path=/data/www/welovefamily.at HTTP/1.1" 200 3035 "-" "Mozilla/5.0 AppleWebKit/537.36 (KHTML, like Gecko; compatible; GPTBot/1.2; +https://openai.com/gptbot)"
20.171.207.200 - - [12/Oct/2025:03:49:47 +0200] "GET /item/24896238?path=/ HTTP/1.1" 200 3001 "-" "Mozilla/5.0 AppleWebKit/537.36 (KHTML, like Gecko; compatible; GPTBot/1.2; +https://openai.com/gptbot)"
182.22.28.99 - - [12/Oct/2025:03:49:49 +0200] "GET /item/18436066 HTTP/1.1" 200 25584 "-" "Y!J-ASR/1.0 crawler (https://support.yahoo-net.jp/PccSearch/s/article/H000007955)"
5.255.231.49 - - [12/Oct/2025:03:49:50 +0200] "GET /weihnachtsgeschenke-fuer-kinder-finden-2/ HTTP/1.1" 200 7833 "-" "Mozilla/5.0 (compatible; YandexBot/3.0; +http://yandex.com/bots)"
20.171.207.200 - - [12/Oct/2025:03:49:51 +0200] "GET /item/15830386?path=/data/www HTTP/1.1" 200 3019 "-" "Mozilla/5.0 AppleWebKit/537.36 (KHTML, like Gecko; compatible; GPTBot/1.2; +https://openai.com/gptbot)"
182.22.28.85 - - [12/Oct/2025:03:49:54 +0200] "GET /item/14653686 HTTP/1.1" 200 25556 "-" "Y!J-ASR/1.0 crawler (https://support.yahoo-net.jp/PccSearch/s/article/H000007955)"
20.171.207.200 - - [12/Oct/2025:03:49:54 +0200] "GET /item/15830386?path=/data/www/welovefamily.at HTTP/1.1" 200 3035 "-" "Mozilla/5.0 AppleWebKit/537.36 (KHTML, like Gecko; compatible; GPTBot/1.2; +https://openai.com/gptbot)"
20.171.207.200 - - [12/Oct/2025:03:49:57 +0200] "GET /item/23764746 HTTP/1.1" 200 4420 "-" "Mozilla/5.0 AppleWebKit/537.36 (KHTML, like Gecko; compatible; GPTBot/1.2; +https://openai.com/gptbot)"
182.22.28.95 - - [12/Oct/2025:03:49:59 +0200] "GET /item/17736462 HTTP/1.1" 200 28629 "-" "Y!J-ASR/1.0 crawler (https://support.yahoo-net.jp/PccSearch/s/article/H000007955)"
20.171.207.200 - - [12/Oct/2025:03:50:00 +0200] "GET /item/17792738?path=/data/www HTTP/1.1" 200 3019 "-" "Mozilla/5.0 AppleWebKit/537.36 (KHTML, like Gecko; compatible; GPTBot/1.2; +https://openai.com/gptbot)"
182.22.28.85 - - [12/Oct/2025:03:50:02 +0200] "GET /item/19962642 HTTP/1.1" 200 26336 "-" "Y!J-ASR/1.0 crawler (https://support.yahoo-net.jp/PccSearch/s/article/H000007955)"
20.171.207.200 - - [12/Oct/2025:03:50:03 +0200] "GET /item/18204326 HTTP/1.1" 200 4420 "-" "Mozilla/5.0 AppleWebKit/537.36 (KHTML, like Gecko; compatible; GPTBot/1.2; +https://openai.com/gptbot)"
20.171.207.200 - - [12/Oct/2025:03:50:06 +0200] "GET /item/26358738 HTTP/1.1" 200 4420 "-" "Mozilla/5.0 AppleWebKit/537.36 (KHTML, like Gecko; compatible; GPTBot/1.2; +https://openai.com/gptbot)"
182.22.28.114 - - [12/Oct/2025:03:50:06 +0200] "GET /item/15338986 HTTP/1.1" 200 29125 "-" "Y!J-ASR/1.0 crawler (https://support.yahoo-net.jp/PccSearch/s/article/H000007955)"
20.171.207.200 - - [12/Oct/2025:03:50:10 +0200] "GET /item/20474894 HTTP/1.1" 200 4420 "-" "Mozilla/5.0 AppleWebKit/537.36 (KHTML, like Gecko; compatible; GPTBot/1.2; +https://openai.com/gptbot)"
182.22.28.119 - - [12/Oct/2025:03:50:11 +0200] "GET /item/19514278 HTTP/1.1" 200 26012 "-" "Y!J-ASR/1.0 crawler (https://support.yahoo-net.jp/PccSearch/s/article/H000007955)"
20.171.207.200 - - [12/Oct/2025:03:50:13 +0200] "GET /item/16384126 HTTP/1.1" 200 4420 "-" "Mozilla/5.0 AppleWebKit/537.36 (KHTML, like Gecko; compatible; GPTBot/1.2; +https://openai.com/gptbot)"
57.141.0.56 - - [12/Oct/2025:03:50:14 +0200] "GET /chill-mal-mama-10-tipps-fuer-muede-und-gestresste-muetter/ HTTP/1.1" 404 54539 "-" "meta-externalagent/1.1 (+https://developers.facebook.com/docs/sharing/webmasters/crawler)"
182.22.28.101 - - [12/Oct/2025:03:50:15 +0200] "GET /item/18706446 HTTP/1.1" 200 29732 "-" "Y!J-ASR/1.0 crawler (https://support.yahoo-net.jp/PccSearch/s/article/H000007955)"
20.171.207.200 - - [12/Oct/2025:03:50:16 +0200] "GET /item/23712094 HTTP/1.1" 200 4420 "-" "Mozilla/5.0 AppleWebKit/537.36 (KHTML, like Gecko; compatible; GPTBot/1.2; +https://openai.com/gptbot)"
20.171.207.200 - - [12/Oct/2025:03:50:19 +0200] "GET /item/16850054 HTTP/1.1" 200 4420 "-" "Mozilla/5.0 AppleWebKit/537.36 (KHTML, like Gecko; compatible; GPTBot/1.2; +https://openai.com/gptbot)"
114.119.152.50 - - [12/Oct/2025:03:50:19 +0200] "GET /ort/rieder-wirt/ HTTP/1.1" 200 7781 "https://www.welove.family/ort/pfarrkindergarten-st-margarethen-an-der-raab/" "Mozilla/5.0 (Linux; Android 7.0;) AppleWebKit/537.36 (KHTML, like Gecko) Mobile Safari/537.36 (compatible; PetalBot;+https://webmaster.petalsearch.com/site/petalbot)"
182.22.28.76 - - [12/Oct/2025:03:50:20 +0200] "GET /item/21462238 HTTP/1.1" 200 25550 "-" "Y!J-ASR/1.0 crawler (https://support.yahoo-net.jp/PccSearch/s/article/H000007955)"
20.171.207.200 - - [12/Oct/2025:03:50:22 +0200] "GET /item/21134254 HTTP/1.1" 200 4420 "-" "Mozilla/5.0 AppleWebKit/537.36 (KHTML, like Gecko; compatible; GPTBot/1.2; +https://openai.com/gptbot)"
182.22.28.86 - - [12/Oct/2025:03:50:24 +0200] "GET /item/26073478 HTTP/1.1" 200 26410 "-" "Y!J-ASR/1.0 crawler (https://support.yahoo-net.jp/PccSearch/s/article/H000007955)"
20.171.207.200 - - [12/Oct/2025:03:50:25 +0200] "GET /item/17899018 HTTP/1.1" 200 4420 "-" "Mozilla/5.0 AppleWebKit/537.36 (KHTML, like Gecko; compatible; GPTBot/1.2; +https://openai.com/gptbot)"
182.22.28.97 - - [12/Oct/2025:03:50:28 +0200] "GET /item/21710422 HTTP/1.1" 200 26108 "-" "Y!J-ASR/1.0 crawler (https://support.yahoo-net.jp/PccSearch/s/article/H000007955)"
20.171.207.200 - - [12/Oct/2025:03:50:28 +0200] "GET /item/22633442 HTTP/1.1" 200 4420 "-" "Mozilla/5.0 AppleWebKit/537.36 (KHTML, like Gecko; compatible; GPTBot/1.2; +https://openai.com/gptbot)"
51.89.129.42 - - [12/Oct/2025:03:50:29 +0200] "GET /rezept/gemuesepfanne-mit-bulgur/?path=/data/www/welovefamily.at/welovefamily.at/htdocs/wp-admin HTTP/1.1" 200 10347 "-" "Mozilla/5.0 (compatible; AhrefsBot/7.0; +http://ahrefs.com/robot/)"
20.171.207.200 - - [12/Oct/2025:03:50:32 +0200] "GET /item/18037026 HTTP/1.1" 200 4420 "-" "Mozilla/5.0 AppleWebKit/537.36 (KHTML, like Gecko; compatible; GPTBot/1.2; +https://openai.com/gptbot)"
182.22.28.99 - - [12/Oct/2025:03:50:33 +0200] "GET /item/15437454 HTTP/1.1" 200 28906 "-" "Y!J-ASR/1.0 crawler (https://support.yahoo-net.jp/PccSearch/s/article/H000007955)"
66.249.68.130 - - [12/Oct/2025:03:50:33 +0200] "GET /item/18276506 HTTP/1.1" 200 28677 "-" "Mozilla/5.0 (Linux; Android 6.0.1; Nexus 5X Build/MMB29P) AppleWebKit/537.36 (KHTML, like Gecko) Chrome/140.0.7339.207 Mobile Safari/537.36 (compatible; Googlebot/2.1; +http://www.google.com/bot.html)"
20.171.207.200 - - [12/Oct/2025:03:50:35 +0200] "GET /item/18714682 HTTP/1.1" 200 4420 "-" "Mozilla/5.0 AppleWebKit/537.36 (KHTML, like Gecko; compatible; GPTBot/1.2; +https://openai.com/gptbot)"
182.22.28.72 - - [12/Oct/2025:03:50:38 +0200] "GET /item/18710802 HTTP/1.1" 200 31045 "-" "Y!J-ASR/1.0 crawler (https://support.yahoo-net.jp/PccSearch/s/article/H000007955)"
20.171.207.200 - - [12/Oct/2025:03:50:38 +0200] "GET /item/15677918 HTTP/1.1" 200 4420 "-" "Mozilla/5.0 AppleWebKit/537.36 (KHTML, like Gecko; compatible; GPTBot/1.2; +https://openai.com/gptbot)"
20.171.207.200 - - [12/Oct/2025:03:50:41 +0200] "GET /item/17237502 HTTP/1.1" 200 4420 "-" "Mozilla/5.0 AppleWebKit/537.36 (KHTML, like Gecko; compatible; GPTBot/1.2; +https://openai.com/gptbot)"
182.22.28.111 - - [12/Oct/2025:03:50:42 +0200] "GET /item/18866378 HTTP/1.1" 200 28709 "-" "Y!J-ASR/1.0 crawler (https://support.yahoo-net.jp/PccSearch/s/article/H000007955)"
52.167.144.219 - - [12/Oct/2025:03:50:43 +0200] "GET /w286420 HTTP/1.1" 404 58349 "-" "Mozilla/5.0 AppleWebKit/537.36 (KHTML, like Gecko; compatible; bingbot/2.0; +http://www.bing.com/bingbot.htm) Chrome/116.0.1938.76 Safari/537.36"
20.171.207.200 - - [12/Oct/2025:03:50:44 +0200] "GET /item/26436206 HTTP/1.1" 200 4420 "-" "Mozilla/5.0 AppleWebKit/537.36 (KHTML, like Gecko; compatible; GPTBot/1.2; +https://openai.com/gptbot)"
182.22.28.86 - - [12/Oct/2025:03:50:46 +0200] "GET /item/21194558 HTTP/1.1" 200 25522 "-" "Y!J-ASR/1.0 crawler (https://support.yahoo-net.jp/PccSearch/s/article/H000007955)"
20.171.207.200 - - [12/Oct/2025:03:50:47 +0200] "GET /item/25863022 HTTP/1.1" 200 4420 "-" "Mozilla/5.0 AppleWebKit/537.36 (KHTML, like Gecko; compatible; GPTBot/1.2; +https://openai.com/gptbot)"
52.167.144.219 - - [12/Oct/2025:03:50:47 +0200] "GET /w38420601 HTTP/1.1" 404 54901 "-" "Mozilla/5.0 AppleWebKit/537.36 (KHTML, like Gecko; compatible; bingbot/2.0; +http://www.bing.com/bingbot.htm) Chrome/116.0.1938.76 Safari/537.36"
20.171.207.200 - - [12/Oct/2025:03:50:50 +0200] "GET /item/18717810 HTTP/1.1" 200 4420 "-" "Mozilla/5.0 AppleWebKit/537.36 (KHTML, like Gecko; compatible; GPTBot/1.2; +https://openai.com/gptbot)"
182.22.28.112 - - [12/Oct/2025:03:50:51 +0200] "GET /item/14654550 HTTP/1.1" 200 28712 "-" "Y!J-ASR/1.0 crawler (https://support.yahoo-net.jp/PccSearch/s/article/H000007955)"
20.171.207.200 - - [12/Oct/2025:03:50:54 +0200] "GET /item/18037026?fileloc=/data/www/welovefamily.at/welovefamily.at/htdocs/wp-settings.php&path=/data/www/welovefamily.at/welovefamily.at/htdocs HTTP/1.1" 200 9208 "-" "Mozilla/5.0 AppleWebKit/537.36 (KHTML, like Gecko; compatible; GPTBot/1.2; +https://openai.com/gptbot)"
182.22.28.72 - - [12/Oct/2025:03:50:55 +0200] "GET /item/23085010 HTTP/1.1" 200 30629 "-" "Y!J-ASR/1.0 crawler (https://support.yahoo-net.jp/PccSearch/s/article/H000007955)"
66.249.68.133 - - [12/Oct/2025:03:50:56 +0200] "GET / HTTP/1.1" 200 29687 "-" "Mozilla/5.0 (compatible; Googlebot/2.1; +http://www.google.com/bot.html)"
20.171.207.200 - - [12/Oct/2025:03:50:57 +0200] "GET /item/17237502?path=/data/www/welovefamily.at/welovefamily.at/htdocs/.tmb HTTP/1.1" 200 3333 "-" "Mozilla/5.0 AppleWebKit/537.36 (KHTML, like Gecko; compatible; GPTBot/1.2; +https://openai.com/gptbot)"
182.22.28.118 - - [12/Oct/2025:03:50:59 +0200] "GET /item/19239034 HTTP/1.1" 200 26337 "-" "Y!J-ASR/1.0 crawler (https://support.yahoo-net.jp/PccSearch/s/article/H000007955)"
17.241.75.207 - - [12/Oct/2025:03:51:00 +0200] "GET /ort/mostbirnhaus-das-erlebnis-und-genusszentrum-stift-ardagger/ HTTP/1.1" 200 4398 "-" "Mozilla/5.0 (Macintosh; Intel Mac OS X 10_15_7) AppleWebKit/605.1.15 (KHTML, like Gecko) Version/17.4 Safari/605.1.15 (Applebot/0.1; +http://www.apple.com/go/applebot)"
20.171.207.200 - - [12/Oct/2025:03:51:00 +0200] "GET /item/23689898 HTTP/1.1" 200 4420 "-" "Mozilla/5.0 AppleWebKit/537.36 (KHTML, like Gecko; compatible; GPTBot/1.2; +https://openai.com/gptbot)"
20.171.207.200 - - [12/Oct/2025:03:51:03 +0200] "GET /item/25412594 HTTP/1.1" 200 4420 "-" "Mozilla/5.0 AppleWebKit/537.36 (KHTML, like Gecko; compatible; GPTBot/1.2; +https://openai.com/gptbot)"
182.22.28.120 - - [12/Oct/2025:03:51:04 +0200] "GET /item/18341734 HTTP/1.1" 200 25900 "-" "Y!J-ASR/1.0 crawler (https://support.yahoo-net.jp/PccSearch/s/article/H000007955)"
20.171.207.200 - - [12/Oct/2025:03:51:06 +0200] "GET /item/15677918?path=/data/www HTTP/1.1" 200 3019 "-" "Mozilla/5.0 AppleWebKit/537.36 (KHTML, like Gecko; compatible; GPTBot/1.2; +https://openai.com/gptbot)"
182.22.28.76 - - [12/Oct/2025:03:51:09 +0200] "GET /item/24887978 HTTP/1.1" 200 25688 "-" "Y!J-ASR/1.0 crawler (https://support.yahoo-net.jp/PccSearch/s/article/H000007955)"
20.171.207.200 - - [12/Oct/2025:03:51:09 +0200] "GET /item/18037026?path=/data/www HTTP/1.1" 200 3019 "-" "Mozilla/5.0 AppleWebKit/537.36 (KHTML, like Gecko; compatible; GPTBot/1.2; +https://openai.com/gptbot)"
20.171.207.200 - - [12/Oct/2025:03:51:12 +0200] "GET /item/18204326?path=/data/www HTTP/1.1" 200 3019 "-" "Mozilla/5.0 AppleWebKit/537.36 (KHTML, like Gecko; compatible; GPTBot/1.2; +https://openai.com/gptbot)"
182.22.28.82 - - [12/Oct/2025:03:51:14 +0200] "GET /item/16902302 HTTP/1.1" 200 28802 "-" "Y!J-ASR/1.0 crawler (https://support.yahoo-net.jp/PccSearch/s/article/H000007955)"
47.128.121.90 - - [12/Oct/2025:03:51:14 +0200] "GET /ort/naturbadesee-schlitters/ HTTP/1.1" 200 7833 "-" "Mozilla/5.0 (Linux; Android 5.0) AppleWebKit/537.36 (KHTML, like Gecko) Mobile Safari/537.36 (compatible; TikTokSpider; ttspider-feedback@tiktok.com)"
20.171.207.200 - - [12/Oct/2025:03:51:15 +0200] "GET /item/23712094?path=/data/www HTTP/1.1" 200 3019 "-" "Mozilla/5.0 AppleWebKit/537.36 (KHTML, like Gecko; compatible; GPTBot/1.2; +https://openai.com/gptbot)"
182.22.28.87 - - [12/Oct/2025:03:51:17 +0200] "GET /item/17324550 HTTP/1.1" 200 29585 "-" "Y!J-ASR/1.0 crawler (https://support.yahoo-net.jp/PccSearch/s/article/H000007955)"
20.171.207.200 - - [12/Oct/2025:03:51:18 +0200] "GET /item/23689898?path=/data/www HTTP/1.1" 200 3019 "-" "Mozilla/5.0 AppleWebKit/537.36 (KHTML, like Gecko; compatible; GPTBot/1.2; +https://openai.com/gptbot)"
182.22.28.117 - - [12/Oct/2025:03:51:21 +0200] "GET /item/23815194 HTTP/1.1" 200 29597 "-" "Y!J-ASR/1.0 crawler (https://support.yahoo-net.jp/PccSearch/s/article/H000007955)"
20.171.207.200 - - [12/Oct/2025:03:51:22 +0200] "GET /item/16384126?path=/data/www HTTP/1.1" 200 3019 "-" "Mozilla/5.0 AppleWebKit/537.36 (KHTML, like Gecko; compatible; GPTBot/1.2; +https://openai.com/gptbot)"
20.171.207.200 - - [12/Oct/2025:03:51:25 +0200] "GET /item/17237502?path=/data/www HTTP/1.1" 200 3019 "-" "Mozilla/5.0 AppleWebKit/537.36 (KHTML, like Gecko; compatible; GPTBot/1.2; +https://openai.com/gptbot)"
182.22.28.122 - - [12/Oct/2025:03:51:25 +0200] "GET /item/19112010 HTTP/1.1" 200 26265 "-" "Y!J-ASR/1.0 crawler (https://support.yahoo-net.jp/PccSearch/s/article/H000007955)"
20.171.207.200 - - [12/Oct/2025:03:51:28 +0200] "GET /item/25412594?path=/data/www HTTP/1.1" 200 3019 "-" "Mozilla/5.0 AppleWebKit/537.36 (KHTML, like Gecko; compatible; GPTBot/1.2; +https://openai.com/gptbot)"
182.22.28.112 - - [12/Oct/2025:03:51:30 +0200] "GET /item/23247786 HTTP/1.1" 200 25938 "-" "Y!J-ASR/1.0 crawler (https://support.yahoo-net.jp/PccSearch/s/article/H000007955)"
20.171.207.200 - - [12/Oct/2025:03:51:31 +0200] "GET /item/18714682?path=/data/www HTTP/1.1" 200 3019 "-" "Mozilla/5.0 AppleWebKit/537.36 (KHTML, like Gecko; compatible; GPTBot/1.2; +https://openai.com/gptbot)"
20.171.207.200 - - [12/Oct/2025:03:51:34 +0200] "GET /item/17899018?path=/data/www HTTP/1.1" 200 3019 "-" "Mozilla/5.0 AppleWebKit/537.36 (KHTML, like Gecko; compatible; GPTBot/1.2; +https://openai.com/gptbot)"
182.22.28.114 - - [12/Oct/2025:03:51:34 +0200] "GET /item/21808106 HTTP/1.1" 200 26490 "-" "Y!J-ASR/1.0 crawler (https://support.yahoo-net.jp/PccSearch/s/article/H000007955)"
20.171.207.200 - - [12/Oct/2025:03:51:37 +0200] "GET /item/26358738?path=/data/www HTTP/1.1" 200 3019 "-" "Mozilla/5.0 AppleWebKit/537.36 (KHTML, like Gecko; compatible; GPTBot/1.2; +https://openai.com/gptbot)"
17.246.19.13 - - [12/Oct/2025:03:51:38 +0200] "GET /wp-content/uploads/2015/06/cup_cakes_topping_webheader-Kopie-324x160.jpg HTTP/1.1" 200 20162 "-" "Mozilla/5.0 (Macintosh; Intel Mac OS X 10_15_7) AppleWebKit/605.1.15 (KHTML, like Gecko) Version/17.4 Safari/605.1.15 (Applebot/0.1; +http://www.apple.com/go/applebot)"
182.22.28.119 - - [12/Oct/2025:03:51:38 +0200] "GET /item/16467990 HTTP/1.1" 200 25717 "-" "Y!J-ASR/1.0 crawler (https://support.yahoo-net.jp/PccSearch/s/article/H000007955)"
20.171.207.200 - - [12/Oct/2025:03:51:40 +0200] "GET /item/21134254?path=/data/www HTTP/1.1" 200 3019 "-" "Mozilla/5.0 AppleWebKit/537.36 (KHTML, like Gecko; compatible; GPTBot/1.2; +https://openai.com/gptbot)"
182.22.28.119 - - [12/Oct/2025:03:51:43 +0200] "GET /item/20183374 HTTP/1.1" 200 28754 "-" "Y!J-ASR/1.0 crawler (https://support.yahoo-net.jp/PccSearch/s/article/H000007955)"
114.119.142.69 - - [12/Oct/2025:03:51:43 +0200] "GET /ort/pfarrkindergarten-arnoldstein/ HTTP/1.1" 200 7781 "https://www.welove.family/ort/pfarrkindergarten-arnoldstein/" "Mozilla/5.0 (Linux; Android 7.0;) AppleWebKit/537.36 (KHTML, like Gecko) Mobile Safari/537.36 (compatible; PetalBot;+https://webmaster.petalsearch.com/site/petalbot)"
20.171.207.200 - - [12/Oct/2025:03:51:43 +0200] "GET /item/22633442?path=/data/www HTTP/1.1" 200 3019 "-" "Mozilla/5.0 AppleWebKit/537.36 (KHTML, like Gecko; compatible; GPTBot/1.2; +https://openai.com/gptbot)"
20.171.207.200 - - [12/Oct/2025:03:51:46 +0200] "GET /item/25863022?path=/data/www HTTP/1.1" 200 3019 "-" "Mozilla/5.0 AppleWebKit/537.36 (KHTML, like Gecko; compatible; GPTBot/1.2; +https://openai.com/gptbot)"
182.22.28.93 - - [12/Oct/2025:03:51:47 +0200] "GET /item/22700086 HTTP/1.1" 200 27236 "-" "Y!J-ASR/1.0 crawler (https://support.yahoo-net.jp/PccSearch/s/article/H000007955)"
20.171.207.200 - - [12/Oct/2025:03:51:50 +0200] "GET /item/18717810?path=/data/www HTTP/1.1" 200 3019 "-" "Mozilla/5.0 AppleWebKit/537.36 (KHTML, like Gecko; compatible; GPTBot/1.2; +https://openai.com/gptbot)"
182.22.28.106 - - [12/Oct/2025:03:51:51 +0200] "GET /item/24899886 HTTP/1.1" 200 25547 "-" "Y!J-ASR/1.0 crawler (https://support.yahoo-net.jp/PccSearch/s/article/H000007955)"
20.171.207.200 - - [12/Oct/2025:03:51:53 +0200] "GET /item/20474894?path=/data/www HTTP/1.1" 200 3019 "-" "Mozilla/5.0 AppleWebKit/537.36 (KHTML, like Gecko; compatible; GPTBot/1.2; +https://openai.com/gptbot)"
5.39.109.178 - - [12/Oct/2025:03:51:53 +0200] "GET /ort/stadtbuecherei-stadtamt-murau/ HTTP/1.1" 200 4398 "-" "Mozilla/5.0 (compatible; AhrefsBot/7.0; +http://ahrefs.com/robot/)"
182.22.28.114 - - [12/Oct/2025:03:51:55 +0200] "GET /item/15215814 HTTP/1.1" 200 26547 "-" "Y!J-ASR/1.0 crawler (https://support.yahoo-net.jp/PccSearch/s/article/H000007955)"
20.171.207.200 - - [12/Oct/2025:03:51:56 +0200] "GET /item/23764746?path=/data/www HTTP/1.1" 200 3019 "-" "Mozilla/5.0 AppleWebKit/537.36 (KHTML, like Gecko; compatible; GPTBot/1.2; +https://openai.com/gptbot)"
20.171.207.200 - - [12/Oct/2025:03:51:59 +0200] "GET /item/16850054?path=/data/www HTTP/1.1" 200 3019 "-" "Mozilla/5.0 AppleWebKit/537.36 (KHTML, like Gecko; compatible; GPTBot/1.2; +https://openai.com/gptbot)"
182.22.28.79 - - [12/Oct/2025:03:51:59 +0200] "GET /item/20598758 HTTP/1.1" 200 29310 "-" "Y!J-ASR/1.0 crawler (https://support.yahoo-net.jp/PccSearch/s/article/H000007955)"
20.171.207.200 - - [12/Oct/2025:03:52:02 +0200] "GET /item/26436206?path=/data/www HTTP/1.1" 200 3019 "-" "Mozilla/5.0 AppleWebKit/537.36 (KHTML, like Gecko; compatible; GPTBot/1.2; +https://openai.com/gptbot)"
182.22.28.111 - - [12/Oct/2025:03:52:03 +0200] "GET /item/23138390 HTTP/1.1" 200 26593 "-" "Y!J-ASR/1.0 crawler (https://support.yahoo-net.jp/PccSearch/s/article/H000007955)"
20.171.207.200 - - [12/Oct/2025:03:52:05 +0200] "GET /item/18714682?fileloc=/data/www/welovefamily.at/welovefamily.at/htdocs/index.php&path=/data/www/welovefamily.at/welovefamily.at/htdocs HTTP/1.1" 200 11165 "-" "Mozilla/5.0 AppleWebKit/537.36 (KHTML, like Gecko; compatible; GPTBot/1.2; +https://openai.com/gptbot)"
182.22.28.120 - - [12/Oct/2025:03:52:07 +0200] "GET /item/23864994 HTTP/1.1" 200 28775 "-" "Y!J-ASR/1.0 crawler (https://support.yahoo-net.jp/PccSearch/s/article/H000007955)"
20.171.207.200 - - [12/Oct/2025:03:52:08 +0200] "GET /item/17237502?path=/data/www/welovefamily.at HTTP/1.1" 200 3035 "-" "Mozilla/5.0 AppleWebKit/537.36 (KHTML, like Gecko; compatible; GPTBot/1.2; +https://openai.com/gptbot)"
182.22.28.118 - - [12/Oct/2025:03:52:11 +0200] "GET /item/15857454 HTTP/1.1" 200 26551 "-" "Y!J-ASR/1.0 crawler (https://support.yahoo-net.jp/PccSearch/s/article/H000007955)"
20.171.207.200 - - [12/Oct/2025:03:52:11 +0200] "GET /item/23712094?path=/data/www/welovefamily.at HTTP/1.1" 200 3035 "-" "Mozilla/5.0 AppleWebKit/537.36 (KHTML, like Gecko; compatible; GPTBot/1.2; +https://openai.com/gptbot)"
20.171.207.200 - - [12/Oct/2025:03:52:15 +0200] "GET /item/18714682?path=/data/www/welovefamily.at HTTP/1.1" 200 3035 "-" "Mozilla/5.0 AppleWebKit/537.36 (KHTML, like Gecko; compatible; GPTBot/1.2; +https://openai.com/gptbot)"
182.22.28.123 - - [12/Oct/2025:03:52:16 +0200] "GET /item/15832462 HTTP/1.1" 200 25479 "-" "Y!J-ASR/1.0 crawler (https://support.yahoo-net.jp/PccSearch/s/article/H000007955)"
20.171.207.200 - - [12/Oct/2025:03:52:18 +0200] "GET /item/15677918?path=/data/www/welovefamily.at HTTP/1.1" 200 3035 "-" "Mozilla/5.0 AppleWebKit/537.36 (KHTML, like Gecko; compatible; GPTBot/1.2; +https://openai.com/gptbot)"
66.249.68.133 - - [12/Oct/2025:03:52:19 +0200] "GET /uu519037474.shtm HTTP/1.1" 200 29199 "-" "Mozilla/5.0 (Linux; Android 6.0.1; Nexus 5X Build/MMB29P) AppleWebKit/537.36 (KHTML, like Gecko) Chrome/140.0.7339.207 Mobile Safari/537.36 (compatible; Googlebot/2.1; +http://www.google.com/bot.html)"
182.22.28.124 - - [12/Oct/2025:03:52:20 +0200] "GET /item/25160106 HTTP/1.1" 200 28890 "-" "Y!J-ASR/1.0 crawler (https://support.yahoo-net.jp/PccSearch/s/article/H000007955)"
20.171.207.200 - - [12/Oct/2025:03:52:21 +0200] "GET /item/20474894?path=/data/www/welovefamily.at HTTP/1.1" 200 3035 "-" "Mozilla/5.0 AppleWebKit/537.36 (KHTML, like Gecko; compatible; GPTBot/1.2; +https://openai.com/gptbot)"
20.171.207.200 - - [12/Oct/2025:03:52:24 +0200] "GET /item/16850054?path=/data/www/welovefamily.at HTTP/1.1" 200 3035 "-" "Mozilla/5.0 AppleWebKit/537.36 (KHTML, like Gecko; compatible; GPTBot/1.2; +https://openai.com/gptbot)"
182.22.28.74 - - [12/Oct/2025:03:52:24 +0200] "GET /item/17146382 HTTP/1.1" 200 26534 "-" "Y!J-ASR/1.0 crawler (https://support.yahoo-net.jp/PccSearch/s/article/H000007955)"
146.247.137.96 - - [12/Oct/2025:03:52:25 +0200] "GET /themen/ HTTP/1.1" 404 58258 "-" "Mozilla/5.0 (Macintosh; Intel Mac OS X 10_9_2) AppleWebKit/537.36 (KHTML, like Gecko) Chrome/34.0.1847.131 Safari/537.36"
20.171.207.200 - - [12/Oct/2025:03:52:27 +0200] "GET /item/18037026?path=/data/www/welovefamily.at HTTP/1.1" 200 3035 "-" "Mozilla/5.0 AppleWebKit/537.36 (KHTML, like Gecko; compatible; GPTBot/1.2; +https://openai.com/gptbot)"
182.22.28.125 - - [12/Oct/2025:03:52:28 +0200] "GET /item/25083078 HTTP/1.1" 200 29079 "-" "Y!J-ASR/1.0 crawler (https://support.yahoo-net.jp/PccSearch/s/article/H000007955)"
20.171.207.200 - - [12/Oct/2025:03:52:30 +0200] "GET /item/25863022?path=/data/www/welovefamily.at HTTP/1.1" 200 3035 "-" "Mozilla/5.0 AppleWebKit/537.36 (KHTML, like Gecko; compatible; GPTBot/1.2; +https://openai.com/gptbot)"
182.22.28.95 - - [12/Oct/2025:03:52:33 +0200] "GET /item/14897166 HTTP/1.1" 200 25886 "-" "Y!J-ASR/1.0 crawler (https://support.yahoo-net.jp/PccSearch/s/article/H000007955)"
20.171.207.200 - - [12/Oct/2025:03:52:34 +0200] "GET /item/16384126?path=/data/www/welovefamily.at HTTP/1.1" 200 3035 "-" "Mozilla/5.0 AppleWebKit/537.36 (KHTML, like Gecko; compatible; GPTBot/1.2; +https://openai.com/gptbot)"
20.171.207.200 - - [12/Oct/2025:03:52:37 +0200] "GET /item/18204326?path=/data/www/welovefamily.at HTTP/1.1" 200 3035 "-" "Mozilla/5.0 AppleWebKit/537.36 (KHTML, like Gecko; compatible; GPTBot/1.2; +https://openai.com/gptbot)"
182.22.28.77 - - [12/Oct/2025:03:52:37 +0200] "GET /item/25815470 HTTP/1.1" 200 25430 "-" "Y!J-ASR/1.0 crawler (https://support.yahoo-net.jp/PccSearch/s/article/H000007955)"
20.171.207.200 - - [12/Oct/2025:03:52:40 +0200] "GET /item/17792738?path=/data/www/welovefamily.at HTTP/1.1" 200 3035 "-" "Mozilla/5.0 AppleWebKit/537.36 (KHTML, like Gecko; compatible; GPTBot/1.2; +https://openai.com/gptbot)"
182.22.28.87 - - [12/Oct/2025:03:52:41 +0200] "GET /item/24936226 HTTP/1.1" 200 25393 "-" "Y!J-ASR/1.0 crawler (https://support.yahoo-net.jp/PccSearch/s/article/H000007955)"
20.171.207.200 - - [12/Oct/2025:03:52:43 +0200] "GET /item/26358738?path=/data/www/welovefamily.at HTTP/1.1" 200 3035 "-" "Mozilla/5.0 AppleWebKit/537.36 (KHTML, like Gecko; compatible; GPTBot/1.2; +https://openai.com/gptbot)"
182.22.28.104 - - [12/Oct/2025:03:52:45 +0200] "GET /item/24706386 HTTP/1.1" 200 28915 "-" "Y!J-ASR/1.0 crawler (https://support.yahoo-net.jp/PccSearch/s/article/H000007955)"
20.171.207.200 - - [12/Oct/2025:03:52:46 +0200] "GET /item/22633442?path=/data/www/welovefamily.at HTTP/1.1" 200 3035 "-" "Mozilla/5.0 AppleWebKit/537.36 (KHTML, like Gecko; compatible; GPTBot/1.2; +https://openai.com/gptbot)"
20.171.207.200 - - [12/Oct/2025:03:52:49 +0200] "GET /item/17899018?path=/data/www/welovefamily.at HTTP/1.1" 200 3035 "-" "Mozilla/5.0 AppleWebKit/537.36 (KHTML, like Gecko; compatible; GPTBot/1.2; +https://openai.com/gptbot)"
182.22.28.81 - - [12/Oct/2025:03:52:50 +0200] "GET /item/22529182 HTTP/1.1" 200 28883 "-" "Y!J-ASR/1.0 crawler (https://support.yahoo-net.jp/PccSearch/s/article/H000007955)"
20.171.207.200 - - [12/Oct/2025:03:52:52 +0200] "GET /item/25412594?path=/data/www/welovefamily.at HTTP/1.1" 200 3035 "-" "Mozilla/5.0 AppleWebKit/537.36 (KHTML, like Gecko; compatible; GPTBot/1.2; +https://openai.com/gptbot)"
182.22.28.87 - - [12/Oct/2025:03:52:54 +0200] "GET /item/18156466 HTTP/1.1" 200 26198 "-" "Y!J-ASR/1.0 crawler (https://support.yahoo-net.jp/PccSearch/s/article/H000007955)"
20.171.207.200 - - [12/Oct/2025:03:52:56 +0200] "GET /item/23764746?path=/data/www/welovefamily.at HTTP/1.1" 200 3035 "-" "Mozilla/5.0 AppleWebKit/537.36 (KHTML, like Gecko; compatible; GPTBot/1.2; +https://openai.com/gptbot)"
182.22.28.90 - - [12/Oct/2025:03:52:58 +0200] "GET /item/16282278 HTTP/1.1" 200 29438 "-" "Y!J-ASR/1.0 crawler (https://support.yahoo-net.jp/PccSearch/s/article/H000007955)"
20.171.207.200 - - [12/Oct/2025:03:52:59 +0200] "GET /item/26436206?path=/data/www/welovefamily.at HTTP/1.1" 200 3035 "-" "Mozilla/5.0 AppleWebKit/537.36 (KHTML, like Gecko; compatible; GPTBot/1.2; +https://openai.com/gptbot)"
20.171.207.200 - - [12/Oct/2025:03:53:02 +0200] "GET /item/18717810?path=/data/www/welovefamily.at HTTP/1.1" 200 3035 "-" "Mozilla/5.0 AppleWebKit/537.36 (KHTML, like Gecko; compatible; GPTBot/1.2; +https://openai.com/gptbot)"
182.22.28.93 - - [12/Oct/2025:03:53:02 +0200] "GET /item/14966446 HTTP/1.1" 200 27769 "-" "Y!J-ASR/1.0 crawler (https://support.yahoo-net.jp/PccSearch/s/article/H000007955)"
20.171.207.200 - - [12/Oct/2025:03:53:05 +0200] "GET /item/21134254?path=/data/www/welovefamily.at HTTP/1.1" 200 3035 "-" "Mozilla/5.0 AppleWebKit/537.36 (KHTML, like Gecko; compatible; GPTBot/1.2; +https://openai.com/gptbot)"
182.22.28.71 - - [12/Oct/2025:03:53:06 +0200] "GET /item/18952390 HTTP/1.1" 200 29407 "-" "Y!J-ASR/1.0 crawler (https://support.yahoo-net.jp/PccSearch/s/article/H000007955)"
114.119.128.40 - - [12/Oct/2025:03:53:07 +0200] "GET /ort/page/411/ HTTP/1.1" 200 7781 "https://www.welove.family/ort/page/412/" "Mozilla/5.0 (Linux; Android 7.0;) AppleWebKit/537.36 (KHTML, like Gecko) Mobile Safari/537.36 (compatible; PetalBot;+https://webmaster.petalsearch.com/site/petalbot)"
20.171.207.200 - - [12/Oct/2025:03:53:08 +0200] "GET /item/23689898?path=/data/www/welovefamily.at HTTP/1.1" 200 3035 "-" "Mozilla/5.0 AppleWebKit/537.36 (KHTML, like Gecko; compatible; GPTBot/1.2; +https://openai.com/gptbot)"
182.22.28.124 - - [12/Oct/2025:03:53:11 +0200] "GET /item/24654250 HTTP/1.1" 200 26506 "-" "Y!J-ASR/1.0 crawler (https://support.yahoo-net.jp/PccSearch/s/article/H000007955)"
20.171.207.200 - - [12/Oct/2025:03:53:11 +0200] "GET /item/17237502?path=/ HTTP/1.1" 200 3001 "-" "Mozilla/5.0 AppleWebKit/537.36 (KHTML, like Gecko; compatible; GPTBot/1.2; +https://openai.com/gptbot)"
20.171.207.200 - - [12/Oct/2025:03:53:14 +0200] "GET /item/26358738?path=/ HTTP/1.1" 200 3001 "-" "Mozilla/5.0 AppleWebKit/537.36 (KHTML, like Gecko; compatible; GPTBot/1.2; +https://openai.com/gptbot)"
182.22.28.87 - - [12/Oct/2025:03:53:15 +0200] "GET /item/16318646 HTTP/1.1" 200 25656 "-" "Y!J-ASR/1.0 crawler (https://support.yahoo-net.jp/PccSearch/s/article/H000007955)"
216.244.66.241 - - [12/Oct/2025:03:53:16 +0200] "GET /robots.txt HTTP/1.1" 200 330 "-" "Mozilla/5.0 (compatible; DotBot/1.2; +https://opensiteexplorer.org/dotbot; help@moz.com)"
51.195.244.24 - - [12/Oct/2025:03:53:16 +0200] "GET /rezept/gemuesepfanne-mit-bulgur/?path=/data/www HTTP/1.1" 200 6376 "-" "Mozilla/5.0 (compatible; AhrefsBot/7.0; +http://ahrefs.com/robot/)"
20.171.207.200 - - [12/Oct/2025:03:53:18 +0200] "GET /item/23712094?path=/ HTTP/1.1" 200 3020 "-" "Mozilla/5.0 AppleWebKit/537.36 (KHTML, like Gecko; compatible; GPTBot/1.2; +https://openai.com/gptbot)"
182.22.28.79 - - [12/Oct/2025:03:53:19 +0200] "GET /item/24296390 HTTP/1.1" 200 28624 "-" "Y!J-ASR/1.0 crawler (https://support.yahoo-net.jp/PccSearch/s/article/H000007955)"
20.171.207.200 - - [12/Oct/2025:03:53:21 +0200] "GET /item/16384126?path=/ HTTP/1.1" 200 6358 "-" "Mozilla/5.0 AppleWebKit/537.36 (KHTML, like Gecko; compatible; GPTBot/1.2; +https://openai.com/gptbot)"
182.22.28.85 - - [12/Oct/2025:03:53:23 +0200] "GET /item/25890586 HTTP/1.1" 200 26490 "-" "Y!J-ASR/1.0 crawler (https://support.yahoo-net.jp/PccSearch/s/article/H000007955)"
20.171.207.200 - - [12/Oct/2025:03:53:24 +0200] "GET /item/17899018?path=/ HTTP/1.1" 200 3001 "-" "Mozilla/5.0 AppleWebKit/537.36 (KHTML, like Gecko; compatible; GPTBot/1.2; +https://openai.com/gptbot)"
20.171.207.200 - - [12/Oct/2025:03:53:27 +0200] "GET /item/25412594?path=/ HTTP/1.1" 200 3001 "-" "Mozilla/5.0 AppleWebKit/537.36 (KHTML, like Gecko; compatible; GPTBot/1.2; +https://openai.com/gptbot)"
182.22.28.85 - - [12/Oct/2025:03:53:27 +0200] "GET /item/25757870 HTTP/1.1" 200 28941 "-" "Y!J-ASR/1.0 crawler (https://support.yahoo-net.jp/PccSearch/s/article/H000007955)"
20.171.207.200 - - [12/Oct/2025:03:53:30 +0200] "GET /item/18037026?path=/ HTTP/1.1" 200 3001 "-" "Mozilla/5.0 AppleWebKit/537.36 (KHTML, like Gecko; compatible; GPTBot/1.2; +https://openai.com/gptbot)"
182.22.28.104 - - [12/Oct/2025:03:53:31 +0200] "GET /item/15197510 HTTP/1.1" 200 28287 "-" "Y!J-ASR/1.0 crawler (https://support.yahoo-net.jp/PccSearch/s/article/H000007955)"
20.171.207.200 - - [12/Oct/2025:03:53:33 +0200] "GET /item/18714682?path=/ HTTP/1.1" 200 3001 "-" "Mozilla/5.0 AppleWebKit/537.36 (KHTML, like Gecko; compatible; GPTBot/1.2; +https://openai.com/gptbot)"
182.22.28.104 - - [12/Oct/2025:03:53:36 +0200] "GET /item/24542118 HTTP/1.1" 200 25632 "-" "Y!J-ASR/1.0 crawler (https://support.yahoo-net.jp/PccSearch/s/article/H000007955)"
17.241.75.206 - - [12/Oct/2025:03:53:36 +0200] "GET /was-will-mir-mein-baby-sagen/ HTTP/1.1" 404 58243 "-" "Mozilla/5.0 (Macintosh; Intel Mac OS X 10_15_7) AppleWebKit/605.1.15 (KHTML, like Gecko) Version/17.4 Safari/605.1.15 (Applebot/0.1; +http://www.apple.com/go/applebot)"
20.171.207.200 - - [12/Oct/2025:03:53:37 +0200] "GET /item/15830386?path=/ HTTP/1.1" 200 3001 "-" "Mozilla/5.0 AppleWebKit/537.36 (KHTML, like Gecko; compatible; GPTBot/1.2; +https://openai.com/gptbot)"
104.154.193.69 - - [12/Oct/2025:03:53:38 +0200] "HEAD /item/25114814 HTTP/1.1" 200 3491 "-" "Mozilla/5.0 AppleWebKit/537.36 (KHTML, like Gecko); compatible; ShapBot/0.1.0"
104.154.193.69 - - [12/Oct/2025:03:53:38 +0200] "GET /item/25114814 HTTP/1.1" 200 4420 "-" "Mozilla/5.0 AppleWebKit/537.36 (KHTML, like Gecko); compatible; ShapBot/0.1.0"
20.171.207.200 - - [12/Oct/2025:03:53:40 +0200] "GET /item/17792738?path=/ HTTP/1.1" 200 3001 "-" "Mozilla/5.0 AppleWebKit/537.36 (KHTML, like Gecko; compatible; GPTBot/1.2; +https://openai.com/gptbot)"
182.22.28.108 - - [12/Oct/2025:03:53:40 +0200] "GET /item/23324962 HTTP/1.1" 200 28750 "-" "Y!J-ASR/1.0 crawler (https://support.yahoo-net.jp/PccSearch/s/article/H000007955)"
20.171.207.200 - - [12/Oct/2025:03:53:43 +0200] "GET /item/21134254?path=/ HTTP/1.1" 200 3001 "-" "Mozilla/5.0 AppleWebKit/537.36 (KHTML, like Gecko; compatible; GPTBot/1.2; +https://openai.com/gptbot)"
182.22.28.123 - - [12/Oct/2025:03:53:44 +0200] "GET /item/20696070 HTTP/1.1" 200 26275 "-" "Y!J-ASR/1.0 crawler (https://support.yahoo-net.jp/PccSearch/s/article/H000007955)"
20.171.207.200 - - [12/Oct/2025:03:53:46 +0200] "GET /item/15677918?path=/ HTTP/1.1" 200 3001 "-" "Mozilla/5.0 AppleWebKit/537.36 (KHTML, like Gecko; compatible; GPTBot/1.2; +https://openai.com/gptbot)"
182.22.28.90 - - [12/Oct/2025:03:53:48 +0200] "GET /item/16529730 HTTP/1.1" 200 29400 "-" "Y!J-ASR/1.0 crawler (https://support.yahoo-net.jp/PccSearch/s/article/H000007955)"
66.249.68.133 - - [12/Oct/2025:03:53:48 +0200] "GET /item/25971818 HTTP/1.1" 200 29752 "-" "Mozilla/5.0 (Linux; Android 6.0.1; Nexus 5X Build/MMB29P) AppleWebKit/537.36 (KHTML, like Gecko) Chrome/140.0.7339.207 Mobile Safari/537.36 (compatible; Googlebot/2.1; +http://www.google.com/bot.html)"
66.249.79.8 - - [12/Oct/2025:03:53:48 +0200] "GET /pa/underverse211797560.shtml HTTP/1.1" 404 58299 "-" "Mozilla/5.0 (Linux; Android 6.0.1; Nexus 5X Build/MMB29P) AppleWebKit/537.36 (KHTML, like Gecko) Chrome/140.0.7339.207 Mobile Safari/537.36 (compatible; Googlebot/2.1; +http://www.google.com/bot.html)"
66.249.68.132 - - [12/Oct/2025:03:53:48 +0200] "GET /item/23326510 HTTP/1.1" 200 28585 "-" "Mozilla/5.0 (Linux; Android 6.0.1; Nexus 5X Build/MMB29P) AppleWebKit/537.36 (KHTML, like Gecko) Chrome/140.0.7339.207 Mobile Safari/537.36 (compatible; Googlebot/2.1; +http://www.google.com/bot.html)"
20.171.207.200 - - [12/Oct/2025:03:53:49 +0200] "GET /item/26436206?path=/ HTTP/1.1" 200 3001 "-" "Mozilla/5.0 AppleWebKit/537.36 (KHTML, like Gecko; compatible; GPTBot/1.2; +https://openai.com/gptbot)"
182.22.28.107 - - [12/Oct/2025:03:53:52 +0200] "GET /item/22358550 HTTP/1.1" 200 28676 "-" "Y!J-ASR/1.0 crawler (https://support.yahoo-net.jp/PccSearch/s/article/H000007955)"
20.171.207.200 - - [12/Oct/2025:03:53:53 +0200] "GET /item/20474894?path=/ HTTP/1.1" 200 3001 "-" "Mozilla/5.0 AppleWebKit/537.36 (KHTML, like Gecko; compatible; GPTBot/1.2; +https://openai.com/gptbot)"
182.22.28.103 - - [12/Oct/2025:03:53:56 +0200] "GET /item/19815050 HTTP/1.1" 200 26752 "-" "Y!J-ASR/1.0 crawler (https://support.yahoo-net.jp/PccSearch/s/article/H000007955)"
20.171.207.200 - - [12/Oct/2025:03:53:56 +0200] "GET /item/25863022?path=/ HTTP/1.1" 200 3001 "-" "Mozilla/5.0 AppleWebKit/537.36 (KHTML, like Gecko; compatible; GPTBot/1.2; +https://openai.com/gptbot)"
20.171.207.200 - - [12/Oct/2025:03:53:59 +0200] "GET /item/23764746?path=/ HTTP/1.1" 200 3001 "-" "Mozilla/5.0 AppleWebKit/537.36 (KHTML, like Gecko; compatible; GPTBot/1.2; +https://openai.com/gptbot)"
182.22.28.75 - - [12/Oct/2025:03:54:00 +0200] "GET /item/19699538 HTTP/1.1" 200 28031 "-" "Y!J-ASR/1.0 crawler (https://support.yahoo-net.jp/PccSearch/s/article/H000007955)"
20.171.207.200 - - [12/Oct/2025:03:54:02 +0200] "GET /item/18204326?path=/ HTTP/1.1" 200 3001 "-" "Mozilla/5.0 AppleWebKit/537.36 (KHTML, like Gecko; compatible; GPTBot/1.2; +https://openai.com/gptbot)"
17.246.23.58 - - [12/Oct/2025:03:54:04 +0200] "GET /rezept-partner/qimiq/page/22/ HTTP/1.1" 200 4398 "-" "Mozilla/5.0 (Macintosh; Intel Mac OS X 10_15_7) AppleWebKit/605.1.15 (KHTML, like Gecko) Version/17.4 Safari/605.1.15 (Applebot/0.1; +http://www.apple.com/go/applebot)"
182.22.28.123 - - [12/Oct/2025:03:54:04 +0200] "GET /item/17776374 HTTP/1.1" 200 31666 "-" "Y!J-ASR/1.0 crawler (https://support.yahoo-net.jp/PccSearch/s/article/H000007955)"
20.171.207.200 - - [12/Oct/2025:03:54:05 +0200] "GET /item/16850054?path=/ HTTP/1.1" 200 3001 "-" "Mozilla/5.0 AppleWebKit/537.36 (KHTML, like Gecko; compatible; GPTBot/1.2; +https://openai.com/gptbot)"
66.249.68.132 - - [12/Oct/2025:03:54:07 +0200] "GET /axq/dooly/%3E%3CCENTER%3E%3C/CENTER%3E%3CBR%3E%3CCENTER%3E%3CTABLE%20WIDTH=600%20CELLPADDING=10%3E%3CTR%3E%3CTD%20BGCOLOR= HTTP/1.1" 200 33949 "-" "Googlebot-Image/1.0"
20.171.207.200 - - [12/Oct/2025:03:54:08 +0200] "GET /item/23689898?path=/data HTTP/1.1" 200 3010 "-" "Mozilla/5.0 AppleWebKit/537.36 (KHTML, like Gecko; compatible; GPTBot/1.2; +https://openai.com/gptbot)"
