182.22.28.103 - - [12/Oct/2025:03:54:09 +0200] "GET /item/22592330 HTTP/1.1" 200 29357 "-" "Y!J-ASR/1.0 crawler (https://support.yahoo-net.jp/PccSearch/s/article/H000007955)"
20.171.207.200 - - [12/Oct/2025:03:54:11 +0200] "GET /item/22633442?path=/ HTTP/1.1" 200 3001 "-" "Mozilla/5.0 AppleWebKit/537.36 (KHTML, like Gecko; compatible; GPTBot/1.2; +https://openai.com/gptbot)"
182.22.28.108 - - [12/Oct/2025:03:54:13 +0200] "GET /item/18216330 HTTP/1.1" 200 26043 "-" "Y!J-ASR/1.0 crawler (https://support.yahoo-net.jp/PccSearch/s/article/H000007955)"
20.171.207.200 - - [12/Oct/2025:03:54:14 +0200] "GET /item/18717810?path=/ HTTP/1.1" 200 3001 "-" "Mozilla/5.0 AppleWebKit/537.36 (KHTML, like Gecko; compatible; GPTBot/1.2; +https://openai.com/gptbot)"
20.171.207.200 - - [12/Oct/2025:03:54:17 +0200] "GET /item/21167554 HTTP/1.1" 200 4420 "-" "Mozilla/5.0 AppleWebKit/537.36 (KHTML, like Gecko; compatible; GPTBot/1.2; +https://openai.com/gptbot)"
182.22.28.97 - - [12/Oct/2025:03:54:18 +0200] "GET /item/22453778 HTTP/1.1" 200 25485 "-" "Y!J-ASR/1.0 crawler (https://support.yahoo-net.jp/PccSearch/s/article/H000007955)"
20.171.207.200 - - [12/Oct/2025:03:54:21 +0200] "GET /item/26012430 HTTP/1.1" 200 4420 "-" "Mozilla/5.0 AppleWebKit/537.36 (KHTML, like Gecko; compatible; GPTBot/1.2; +https://openai.com/gptbot)"
182.22.28.95 - - [12/Oct/2025:03:54:23 +0200] "GET /item/18242642 HTTP/1.1" 200 29160 "-" "Y!J-ASR/1.0 crawler (https://support.yahoo-net.jp/PccSearch/s/article/H000007955)"
20.171.207.200 - - [12/Oct/2025:03:54:24 +0200] "GET /item/25388766 HTTP/1.1" 200 4420 "-" "Mozilla/5.0 AppleWebKit/537.36 (KHTML, like Gecko; compatible; GPTBot/1.2; +https://openai.com/gptbot)"
20.171.207.200 - - [12/Oct/2025:03:54:27 +0200] "GET /item/16946226 HTTP/1.1" 200 4420 "-" "Mozilla/5.0 AppleWebKit/537.36 (KHTML, like Gecko; compatible; GPTBot/1.2; +https://openai.com/gptbot)"
182.22.28.78 - - [12/Oct/2025:03:54:27 +0200] "GET /item/23391418 HTTP/1.1" 200 26387 "-" "Y!J-ASR/1.0 crawler (https://support.yahoo-net.jp/PccSearch/s/article/H000007955)"
34.174.88.86 - - [12/Oct/2025:03:54:30 +0200] "GET / HTTP/1.1" 200 54532 "http://welove.family/" "Mozilla/5.0 (Windows NT 10.0; Win64; x64) AppleWebKit/537.36 (KHTML, like Gecko) Chrome/131.0.0.0 Safari/537.36"
20.171.207.200 - - [12/Oct/2025:03:54:30 +0200] "GET /item/23225262 HTTP/1.1" 200 4420 "-" "Mozilla/5.0 AppleWebKit/537.36 (KHTML, like Gecko; compatible; GPTBot/1.2; +https://openai.com/gptbot)"
34.174.88.86 - - [12/Oct/2025:03:54:31 +0200] "GET /?fileloc=/data/www/welovefamily.at/welovefamily.at/htdocs/wp-login.php&path=/data/www/welovefamily.at/welovefamily.at/htdocs HTTP/1.1" 200 70838 "http://welove.family/?fileloc=/data/www/welovefamily.at/welovefamily.at/htdocs/wp-login.php&path=/data/www/welovefamily.at/welovefamily.at/htdocs" "Mozilla/5.0 (Windows NT 10.0; Win64; x64) AppleWebKit/537.36 (KHTML, like Gecko) Chrome/131.0.0.0 Safari/537.36"
182.22.28.115 - - [12/Oct/2025:03:54:31 +0200] "GET /item/24110102 HTTP/1.1" 200 30863 "-" "Y!J-ASR/1.0 crawler (https://support.yahoo-net.jp/PccSearch/s/article/H000007955)"
34.174.88.86 - - [12/Oct/2025:03:54:32 +0200] "GET / HTTP/1.1" 200 54531 "http://welove.family/" "Mozilla/5.0 (Windows NT 10.0; Win64; x64) AppleWebKit/537.36 (KHTML, like Gecko) Chrome/131.0.0.0 Safari/537.36"
20.171.207.200 - - [12/Oct/2025:03:54:33 +0200] "GET /item/21167554?path=/data/www/welovefamily.at/welovefamily.at/htdocs/wp-includes HTTP/1.1" 200 13301 "-" "Mozilla/5.0 AppleWebKit/537.36 (KHTML, like Gecko; compatible; GPTBot/1.2; +https://openai.com/gptbot)"
182.22.28.103 - - [12/Oct/2025:03:54:35 +0200] "GET /item/17720918 HTTP/1.1" 200 26528 "-" "Y!J-ASR/1.0 crawler (https://support.yahoo-net.jp/PccSearch/s/article/H000007955)"
20.171.207.200 - - [12/Oct/2025:03:54:37 +0200] "GET /item/26012430?path=/data/www HTTP/1.1" 200 3019 "-" "Mozilla/5.0 AppleWebKit/537.36 (KHTML, like Gecko; compatible; GPTBot/1.2; +https://openai.com/gptbot)"
20.171.207.200 - - [12/Oct/2025:03:54:40 +0200] "GET /item/21167554?path=/data/www HTTP/1.1" 200 3019 "-" "Mozilla/5.0 AppleWebKit/537.36 (KHTML, like Gecko; compatible; GPTBot/1.2; +https://openai.com/gptbot)"
182.22.28.116 - - [12/Oct/2025:03:54:42 +0200] "GET /item/19434398 HTTP/1.1" 200 29426 "-" "Y!J-ASR/1.0 crawler (https://support.yahoo-net.jp/PccSearch/s/article/H000007955)"
94.23.188.213 - - [12/Oct/2025:03:54:43 +0200] "GET /ort/stadtbuecherei-lilienfeld/ HTTP/1.1" 200 4398 "-" "Mozilla/5.0 (compatible; AhrefsBot/7.0; +http://ahrefs.com/robot/)"
20.171.207.200 - - [12/Oct/2025:03:54:43 +0200] "GET /item/16946226?path=/data/www HTTP/1.1" 200 3019 "-" "Mozilla/5.0 AppleWebKit/537.36 (KHTML, like Gecko; compatible; GPTBot/1.2; +https://openai.com/gptbot)"
40.77.167.78 - - [12/Oct/2025:03:54:43 +0200] "GET /wp-content/uploads/2016/04/WLF_GN8-Geschichten3004-696x463.jpg HTTP/1.1" 200 4398 "-" "Mozilla/5.0 AppleWebKit/537.36 (KHTML, like Gecko; compatible; bingbot/2.0; +http://www.bing.com/bingbot.htm) Chrome/116.0.1938.76 Safari/537.36"
20.171.207.200 - - [12/Oct/2025:03:54:46 +0200] "GET /item/23225262?path=/data/www/welovefamily.at/welovefamily.at/htdocs/images HTTP/1.1" 200 3542 "-" "Mozilla/5.0 AppleWebKit/537.36 (KHTML, like Gecko; compatible; GPTBot/1.2; +https://openai.com/gptbot)"
182.22.28.111 - - [12/Oct/2025:03:54:46 +0200] "GET /item/15818802 HTTP/1.1" 200 30205 "-" "Y!J-ASR/1.0 crawler (https://support.yahoo-net.jp/PccSearch/s/article/H000007955)"
20.171.207.200 - - [12/Oct/2025:03:54:49 +0200] "GET /item/21167554?fileloc=/data/www/welovefamily.at/welovefamily.at/htdocs/wp-includes/error-protection.php&path=/data/www/welovefamily.at/welovefamily.at/htdocs/wp-includes HTTP/1.1" 200 4405 "-" "Mozilla/5.0 AppleWebKit/537.36 (KHTML, like Gecko; compatible; GPTBot/1.2; +https://openai.com/gptbot)"
182.22.28.123 - - [12/Oct/2025:03:54:51 +0200] "GET /item/21980570 HTTP/1.1" 200 29229 "-" "Y!J-ASR/1.0 crawler (https://support.yahoo-net.jp/PccSearch/s/article/H000007955)"
20.171.207.200 - - [12/Oct/2025:03:54:52 +0200] "GET /item/25388766?path=/data/www HTTP/1.1" 200 3019 "-" "Mozilla/5.0 AppleWebKit/537.36 (KHTML, like Gecko; compatible; GPTBot/1.2; +https://openai.com/gptbot)"
182.22.28.113 - - [12/Oct/2025:03:54:55 +0200] "GET /item/14844846 HTTP/1.1" 200 26051 "-" "Y!J-ASR/1.0 crawler (https://support.yahoo-net.jp/PccSearch/s/article/H000007955)"
20.171.207.200 - - [12/Oct/2025:03:54:55 +0200] "GET /item/23225262?path=/data/www HTTP/1.1" 200 3019 "-" "Mozilla/5.0 AppleWebKit/537.36 (KHTML, like Gecko; compatible; GPTBot/1.2; +https://openai.com/gptbot)"
78.47.36.132 - - [12/Oct/2025:03:54:57 +0200] "GET /robots.txt HTTP/1.1" 200 3596 "-" "Mozilla/5.0 (compatible; um-FC/1.0; https://www.ubermetrics-technologies.com/; Windows NT 6.1; WOW64; rv:125.0) Gecko/20100101 Firefox/125.1"
78.47.36.132 - - [12/Oct/2025:03:54:57 +0200] "GET /ort-typ/gynaekologen/feed/ HTTP/1.1" 404 55053 "-" "Mozilla/5.0 (compatible; um-IC/1.0; https://www.ubermetrics-technologies.com/; Windows NT 6.1; WOW64; rv:125.0) Gecko/20100101 Firefox/125.1"
20.171.207.200 - - [12/Oct/2025:03:54:59 +0200] "GET /item/26012430?path=/data/www/welovefamily.at HTTP/1.1" 200 3035 "-" "Mozilla/5.0 AppleWebKit/537.36 (KHTML, like Gecko; compatible; GPTBot/1.2; +https://openai.com/gptbot)"
182.22.28.84 - - [12/Oct/2025:03:54:59 +0200] "GET /item/25954574 HTTP/1.1" 200 26098 "-" "Y!J-ASR/1.0 crawler (https://support.yahoo-net.jp/PccSearch/s/article/H000007955)"
20.171.207.200 - - [12/Oct/2025:03:55:02 +0200] "GET /item/25388766?path=/data/www/welovefamily.at HTTP/1.1" 200 3035 "-" "Mozilla/5.0 AppleWebKit/537.36 (KHTML, like Gecko; compatible; GPTBot/1.2; +https://openai.com/gptbot)"
54.37.84.47 - - [12/Oct/2025:03:55:05 +0200] "GET /robots.txt HTTP/1.1" 200 3519 "-" "Mozilla/5.0 (compatible; MJ12bot/v1.4.8; http://mj12bot.com/)"
20.171.207.200 - - [12/Oct/2025:03:55:05 +0200] "GET /item/21167554?path=/data/www/welovefamily.at HTTP/1.1" 200 3035 "-" "Mozilla/5.0 AppleWebKit/537.36 (KHTML, like Gecko; compatible; GPTBot/1.2; +https://openai.com/gptbot)"
182.22.28.76 - - [12/Oct/2025:03:55:05 +0200] "GET /item/16379862 HTTP/1.1" 200 30449 "-" "Y!J-ASR/1.0 crawler (https://support.yahoo-net.jp/PccSearch/s/article/H000007955)"
20.171.207.200 - - [12/Oct/2025:03:55:08 +0200] "GET /item/16946226?path=/data/www/welovefamily.at HTTP/1.1" 200 3035 "-" "Mozilla/5.0 AppleWebKit/537.36 (KHTML, like Gecko; compatible; GPTBot/1.2; +https://openai.com/gptbot)"
54.37.84.47 - - [12/Oct/2025:03:55:09 +0200] "GET /6-rezepte-dieses-fruehstueck-lieben-kinder/ HTTP/1.1" 404 55034 "-" "Mozilla/5.0 (compatible; MJ12bot/v1.4.8; http://mj12bot.com/)"
182.22.28.114 - - [12/Oct/2025:03:55:09 +0200] "GET /item/15461458 HTTP/1.1" 200 28813 "-" "Y!J-ASR/1.0 crawler (https://support.yahoo-net.jp/PccSearch/s/article/H000007955)"
20.171.207.200 - - [12/Oct/2025:03:55:11 +0200] "GET /item/23225262?path=/data/www/welovefamily.at HTTP/1.1" 200 3035 "-" "Mozilla/5.0 AppleWebKit/537.36 (KHTML, like Gecko; compatible; GPTBot/1.2; +https://openai.com/gptbot)"
182.22.28.119 - - [12/Oct/2025:03:55:14 +0200] "GET /item/25842562 HTTP/1.1" 200 29428 "-" "Y!J-ASR/1.0 crawler (https://support.yahoo-net.jp/PccSearch/s/article/H000007955)"
20.171.207.200 - - [12/Oct/2025:03:55:15 +0200] "GET /item/16946226?path=/ HTTP/1.1" 200 3001 "-" "Mozilla/5.0 AppleWebKit/537.36 (KHTML, like Gecko; compatible; GPTBot/1.2; +https://openai.com/gptbot)"
66.249.68.129 - - [12/Oct/2025:03:55:17 +0200] "GET /item/25293094 HTTP/1.1" 200 29604 "-" "Mozilla/5.0 (Linux; Android 6.0.1; Nexus 5X Build/MMB29P) AppleWebKit/537.36 (KHTML, like Gecko) Chrome/140.0.7339.207 Mobile Safari/537.36 (compatible; Googlebot/2.1; +http://www.google.com/bot.html)"
20.171.207.200 - - [12/Oct/2025:03:55:18 +0200] "GET /item/25388766?path=/ HTTP/1.1" 200 3001 "-" "Mozilla/5.0 AppleWebKit/537.36 (KHTML, like Gecko; compatible; GPTBot/1.2; +https://openai.com/gptbot)"
182.22.28.123 - - [12/Oct/2025:03:55:19 +0200] "GET /item/18341510 HTTP/1.1" 200 27304 "-" "Y!J-ASR/1.0 crawler (https://support.yahoo-net.jp/PccSearch/s/article/H000007955)"
40.77.167.132 - - [12/Oct/2025:03:55:20 +0200] "GET /w24498133 HTTP/1.1" 404 58349 "-" "Mozilla/5.0 AppleWebKit/537.36 (KHTML, like Gecko; compatible; bingbot/2.0; +http://www.bing.com/bingbot.htm) Chrome/116.0.1938.76 Safari/537.36"
20.171.207.200 - - [12/Oct/2025:03:55:21 +0200] "GET /item/21167554?path=/ HTTP/1.1" 200 3001 "-" "Mozilla/5.0 AppleWebKit/537.36 (KHTML, like Gecko; compatible; GPTBot/1.2; +https://openai.com/gptbot)"
20.171.207.200 - - [12/Oct/2025:03:55:24 +0200] "GET /item/26012430?path=/ HTTP/1.1" 200 3001 "-" "Mozilla/5.0 AppleWebKit/537.36 (KHTML, like Gecko; compatible; GPTBot/1.2; +https://openai.com/gptbot)"
182.22.28.107 - - [12/Oct/2025:03:55:26 +0200] "GET /item/24047950 HTTP/1.1" 200 28710 "-" "Y!J-ASR/1.0 crawler (https://support.yahoo-net.jp/PccSearch/s/article/H000007955)"
20.171.207.200 - - [12/Oct/2025:03:55:27 +0200] "GET /item/14653194 HTTP/1.1" 200 4420 "-" "Mozilla/5.0 AppleWebKit/537.36 (KHTML, like Gecko; compatible; GPTBot/1.2; +https://openai.com/gptbot)"
182.22.28.118 - - [12/Oct/2025:03:55:30 +0200] "GET /item/22455066 HTTP/1.1" 200 25713 "-" "Y!J-ASR/1.0 crawler (https://support.yahoo-net.jp/PccSearch/s/article/H000007955)"
20.171.207.200 - - [12/Oct/2025:03:55:31 +0200] "GET /item/23225262?path=/ HTTP/1.1" 200 3001 "-" "Mozilla/5.0 AppleWebKit/537.36 (KHTML, like Gecko; compatible; GPTBot/1.2; +https://openai.com/gptbot)"
20.171.207.200 - - [12/Oct/2025:03:55:34 +0200] "GET /item/19220130 HTTP/1.1" 200 4420 "-" "Mozilla/5.0 AppleWebKit/537.36 (KHTML, like Gecko; compatible; GPTBot/1.2; +https://openai.com/gptbot)"
182.22.28.108 - - [12/Oct/2025:03:55:34 +0200] "GET /item/18357930 HTTP/1.1" 200 26371 "-" "Y!J-ASR/1.0 crawler (https://support.yahoo-net.jp/PccSearch/s/article/H000007955)"
20.171.207.200 - - [12/Oct/2025:03:55:37 +0200] "GET /item/21073534 HTTP/1.1" 200 4420 "-" "Mozilla/5.0 AppleWebKit/537.36 (KHTML, like Gecko; compatible; GPTBot/1.2; +https://openai.com/gptbot)"
20.171.207.200 - - [12/Oct/2025:03:55:40 +0200] "GET /item/25893534 HTTP/1.1" 200 4420 "-" "Mozilla/5.0 AppleWebKit/537.36 (KHTML, like Gecko; compatible; GPTBot/1.2; +https://openai.com/gptbot)"
182.22.28.79 - - [12/Oct/2025:03:55:40 +0200] "GET /item/15018202 HTTP/1.1" 200 30463 "-" "Y!J-ASR/1.0 crawler (https://support.yahoo-net.jp/PccSearch/s/article/H000007955)"
20.171.207.200 - - [12/Oct/2025:03:55:43 +0200] "GET /item/14653194?path=/data/www/welovefamily.at/welovefamily.at/htdocs/wp-includes HTTP/1.1" 200 13301 "-" "Mozilla/5.0 AppleWebKit/537.36 (KHTML, like Gecko; compatible; GPTBot/1.2; +https://openai.com/gptbot)"
159.69.14.156 - - [12/Oct/2025:03:55:45 +0200] "GET /robots.txt HTTP/1.1" 200 3596 "-" "Mozilla/5.0 (compatible; um-FC/1.0; https://www.ubermetrics-technologies.com/; Windows NT 6.1; WOW64; rv:125.0) Gecko/20100101 Firefox/125.1"
182.22.28.121 - - [12/Oct/2025:03:55:44 +0200] "GET /item/23751142 HTTP/1.1" 200 30686 "-" "Y!J-ASR/1.0 crawler (https://support.yahoo-net.jp/PccSearch/s/article/H000007955)"
159.69.14.156 - - [12/Oct/2025:03:55:45 +0200] "GET /ort-typ/kinderzahnaerzte/feed/ HTTP/1.1" 404 55053 "-" "Mozilla/5.0 (compatible; um-IC/1.0; https://www.ubermetrics-technologies.com/; Windows NT 6.1; WOW64; rv:125.0) Gecko/20100101 Firefox/125.1"
20.171.207.200 - - [12/Oct/2025:03:55:47 +0200] "GET /item/14653194?path=/data/www/welovefamily.at/welovefamily.at/htdocs/wp-admin HTTP/1.1" 200 6990 "-" "Mozilla/5.0 AppleWebKit/537.36 (KHTML, like Gecko; compatible; GPTBot/1.2; +https://openai.com/gptbot)"
182.22.28.96 - - [12/Oct/2025:03:55:48 +0200] "GET /item/22272734 HTTP/1.1" 200 26937 "-" "Y!J-ASR/1.0 crawler (https://support.yahoo-net.jp/PccSearch/s/article/H000007955)"
47.128.121.86 - - [12/Oct/2025:03:55:49 +0200] "GET /die-verzauberte-prinzessin/ HTTP/1.1" 200 7833 "-" "Mozilla/5.0 (Linux; Android 5.0) AppleWebKit/537.36 (KHTML, like Gecko) Mobile Safari/537.36 (compatible; TikTokSpider; ttspider-feedback@tiktok.com)"
20.171.207.200 - - [12/Oct/2025:03:55:50 +0200] "GET /item/19220130?path=/data/www HTTP/1.1" 200 3019 "-" "Mozilla/5.0 AppleWebKit/537.36 (KHTML, like Gecko; compatible; GPTBot/1.2; +https://openai.com/gptbot)"
52.167.144.210 - - [12/Oct/2025:03:55:51 +0200] "GET /d/detail/56439497.shtm HTTP/1.1" 200 29177 "-" "Mozilla/5.0 AppleWebKit/537.36 (KHTML, like Gecko; compatible; bingbot/2.0; +http://www.bing.com/bingbot.htm) Chrome/116.0.1938.76 Safari/537.36"
182.22.28.72 - - [12/Oct/2025:03:55:52 +0200] "GET /item/24634934 HTTP/1.1" 200 28894 "-" "Y!J-ASR/1.0 crawler (https://support.yahoo-net.jp/PccSearch/s/article/H000007955)"
20.171.207.200 - - [12/Oct/2025:03:55:53 +0200] "GET /item/21073534?path=/data/www/welovefamily.at/welovefamily.at HTTP/1.1" 200 4346 "-" "Mozilla/5.0 AppleWebKit/537.36 (KHTML, like Gecko; compatible; GPTBot/1.2; +https://openai.com/gptbot)"
20.171.207.200 - - [12/Oct/2025:03:55:56 +0200] "GET /item/21073534?path=/data/www HTTP/1.1" 200 3019 "-" "Mozilla/5.0 AppleWebKit/537.36 (KHTML, like Gecko; compatible; GPTBot/1.2; +https://openai.com/gptbot)"
66.249.68.134 - - [12/Oct/2025:03:55:57 +0200] "GET / HTTP/1.1" 200 29720 "-" "Mozilla/5.0 (compatible; Googlebot/2.1; +http://www.google.com/bot.html)"
182.22.28.90 - - [12/Oct/2025:03:55:57 +0200] "GET /item/24634250 HTTP/1.1" 200 26017 "-" "Y!J-ASR/1.0 crawler (https://support.yahoo-net.jp/PccSearch/s/article/H000007955)"
20.171.207.200 - - [12/Oct/2025:03:55:59 +0200] "GET /item/14653194?fileloc=/data/www/welovefamily.at/welovefamily.at/htdocs/wp-includes/class-wp-http-ixr-client.php&path=/data/www/welovefamily.at/welovefamily.at/htdocs/wp-includes HTTP/1.1" 200 4373 "-" "Mozilla/5.0 AppleWebKit/537.36 (KHTML, like Gecko; compatible; GPTBot/1.2; +https://openai.com/gptbot)"
87.250.224.85 - - [12/Oct/2025:03:55:59 +0200] "GET /tobias-der-tollkuehne-held/ HTTP/1.1" 200 7833 "-" "Mozilla/5.0 (compatible; YandexBot/3.0; +http://yandex.com/bots)"
20.171.207.200 - - [12/Oct/2025:03:56:02 +0200] "GET /item/14653194?fileloc=/data/www/welovefamily.at/welovefamily.at/htdocs/wp-includes/class-wp-term-query.php&path=/data/www/welovefamily.at/welovefamily.at/htdocs/wp-includes HTTP/1.1" 200 12222 "-" "Mozilla/5.0 AppleWebKit/537.36 (KHTML, like Gecko; compatible; GPTBot/1.2; +https://openai.com/gptbot)"
182.22.28.109 - - [12/Oct/2025:03:56:02 +0200] "GET /item/17200630 HTTP/1.1" 200 25461 "-" "Y!J-ASR/1.0 crawler (https://support.yahoo-net.jp/PccSearch/s/article/H000007955)"
66.249.68.128 - - [12/Oct/2025:03:56:03 +0200] "GET /item/16336022 HTTP/1.1" 200 29194 "-" "Mozilla/5.0 (Linux; Android 6.0.1; Nexus 5X Build/MMB29P) AppleWebKit/537.36 (KHTML, like Gecko) Chrome/140.0.7339.207 Mobile Safari/537.36 (compatible; Googlebot/2.1; +http://www.google.com/bot.html)"
54.38.147.161 - - [12/Oct/2025:03:56:03 +0200] "GET /rezept/gemuesepfanne-mit-bulgur/?fileloc=/data/www/welovefamily.at/welovefamily.at/htdocs/wp-trackback.php&path=/data/www/welovefamily.at/welovefamily.at/htdocs HTTP/1.1" 200 8182 "-" "Mozilla/5.0 (compatible; AhrefsBot/7.0; +http://ahrefs.com/robot/)"
78.47.62.207 - - [12/Oct/2025:03:56:05 +0200] "GET /robots.txt HTTP/1.1" 200 3596 "-" "Mozilla/5.0 (compatible; um-FC/1.0; https://www.ubermetrics-technologies.com/; Windows NT 6.1; WOW64; rv:125.0) Gecko/20100101 Firefox/125.1"
78.47.62.207 - - [12/Oct/2025:03:56:05 +0200] "GET /category/gute-nacht-geschichten/feed/ HTTP/1.1" 404 55053 "-" "Mozilla/5.0 (compatible; um-IC/1.0; https://www.ubermetrics-technologies.com/; Windows NT 6.1; WOW64; rv:125.0) Gecko/20100101 Firefox/125.1"
20.171.207.200 - - [12/Oct/2025:03:56:06 +0200] "GET /item/14653194?fileloc=/data/www/welovefamily.at/welovefamily.at/htdocs/wp-includes/user.php&path=/data/www/welovefamily.at/welovefamily.at/htdocs/wp-includes HTTP/1.1" 200 40074 "-" "Mozilla/5.0 AppleWebKit/537.36 (KHTML, like Gecko; compatible; GPTBot/1.2; +https://openai.com/gptbot)"
182.22.28.125 - - [12/Oct/2025:03:56:08 +0200] "GET /item/17020186 HTTP/1.1" 200 29303 "-" "Y!J-ASR/1.0 crawler (https://support.yahoo-net.jp/PccSearch/s/article/H000007955)"
20.171.207.200 - - [12/Oct/2025:03:56:09 +0200] "GET /item/14653194?fileloc=/data/www/welovefamily.at/welovefamily.at/htdocs/wp-admin/load-scripts.php&path=/data/www/welovefamily.at/welovefamily.at/htdocs/wp-admin HTTP/1.1" 200 3961 "-" "Mozilla/5.0 AppleWebKit/537.36 (KHTML, like Gecko; compatible; GPTBot/1.2; +https://openai.com/gptbot)"
17.22.245.196 - - [12/Oct/2025:03:56:09 +0200] "GET /rezept/karotten-apfel-suesskartoffel-brei/ HTTP/1.1" 200 7762 "-" "Mozilla/5.0 (Macintosh; Intel Mac OS X 10_15_7) AppleWebKit/605.1.15 (KHTML, like Gecko) Version/17.4 Safari/605.1.15 (Applebot/0.1; +http://www.apple.com/go/applebot)"
20.171.207.200 - - [12/Oct/2025:03:56:12 +0200] "GET /item/18698138 HTTP/1.1" 200 4420 "-" "Mozilla/5.0 AppleWebKit/537.36 (KHTML, like Gecko; compatible; GPTBot/1.2; +https://openai.com/gptbot)"
182.22.28.122 - - [12/Oct/2025:03:56:12 +0200] "GET /item/15117322 HTTP/1.1" 200 29606 "-" "Y!J-ASR/1.0 crawler (https://support.yahoo-net.jp/PccSearch/s/article/H000007955)"
20.171.207.200 - - [12/Oct/2025:03:56:15 +0200] "GET /item/25893534?path=/data/www HTTP/1.1" 200 3019 "-" "Mozilla/5.0 AppleWebKit/537.36 (KHTML, like Gecko; compatible; GPTBot/1.2; +https://openai.com/gptbot)"
182.22.28.73 - - [12/Oct/2025:03:56:17 +0200] "GET /item/24063642 HTTP/1.1" 200 28974 "-" "Y!J-ASR/1.0 crawler (https://support.yahoo-net.jp/PccSearch/s/article/H000007955)"
20.171.207.200 - - [12/Oct/2025:03:56:18 +0200] "GET /item/14653194?path=/data/www HTTP/1.1" 200 3019 "-" "Mozilla/5.0 AppleWebKit/537.36 (KHTML, like Gecko; compatible; GPTBot/1.2; +https://openai.com/gptbot)"
80.77.122.119 - - [12/Oct/2025:03:56:21 +0200] "GET / HTTP/1.1" 404 58299 "-" "Neticle Crawler v1.0 ( https://neticle.com/bot/en/ )"
196.251.87.44 - - [12/Oct/2025:03:56:21 +0200] "POST /wp-login.php HTTP/1.1" 200 7833 "https://welovefamily.at/wp-admin/" "Mozilla/5.0 (Windows NT 10.0; Win64; x64) AppleWebKit/537.36 (KHTML, like Gecko) Chrome/90.0.4430.85 Safari/537.36"
196.251.87.44 - - [12/Oct/2025:03:56:21 +0200] "GET /wp-admin/ HTTP/1.1" 200 7045 "www.google.com" "Mozilla/5.0 (Windows NT 10.0; Win64; x64) AppleWebKit/537.36 (KHTML, like Gecko) Chrome/90.0.4430.85 Safari/537.36"
20.171.207.200 - - [12/Oct/2025:03:56:21 +0200] "GET /item/21073534?path=/data/www/welovefamily.at HTTP/1.1" 200 3035 "-" "Mozilla/5.0 AppleWebKit/537.36 (KHTML, like Gecko; compatible; GPTBot/1.2; +https://openai.com/gptbot)"
182.22.28.118 - - [12/Oct/2025:03:56:22 +0200] "GET /item/16176054 HTTP/1.1" 200 25981 "-" "Y!J-ASR/1.0 crawler (https://support.yahoo-net.jp/PccSearch/s/article/H000007955)"
66.249.68.134 - - [12/Oct/2025:03:56:24 +0200] "GET /item/25481094 HTTP/1.1" 200 28777 "-" "Mozilla/5.0 (Linux; Android 6.0.1; Nexus 5X Build/MMB29P) AppleWebKit/537.36 (KHTML, like Gecko) Chrome/140.0.7339.207 Mobile Safari/537.36 (compatible; Googlebot/2.1; +http://www.google.com/bot.html)"
66.249.68.133 - - [12/Oct/2025:03:56:24 +0200] "GET /item/24337002 HTTP/1.1" 200 29270 "-" "Mozilla/5.0 (Linux; Android 6.0.1; Nexus 5X Build/MMB29P) AppleWebKit/537.36 (KHTML, like Gecko) Chrome/140.0.7339.207 Mobile Safari/537.36 (compatible; Googlebot/2.1; +http://www.google.com/bot.html)"
20.171.207.200 - - [12/Oct/2025:03:56:24 +0200] "GET /item/18698138?path=/data/www HTTP/1.1" 200 3019 "-" "Mozilla/5.0 AppleWebKit/537.36 (KHTML, like Gecko; compatible; GPTBot/1.2; +https://openai.com/gptbot)"
17.22.237.32 - - [12/Oct/2025:03:56:27 +0200] "GET /ort/kinderparadies-wirtshaus-zur-minidampfbahn-in-teichhaeuser/ HTTP/1.1" 200 7762 "-" "Mozilla/5.0 (Macintosh; Intel Mac OS X 10_15_7) AppleWebKit/605.1.15 (KHTML, like Gecko) Version/17.4 Safari/605.1.15 (Applebot/0.1; +http://www.apple.com/go/applebot)"
20.171.207.200 - - [12/Oct/2025:03:56:28 +0200] "GET /item/25893534?path=/data/www/welovefamily.at HTTP/1.1" 200 3035 "-" "Mozilla/5.0 AppleWebKit/537.36 (KHTML, like Gecko; compatible; GPTBot/1.2; +https://openai.com/gptbot)"
182.22.28.71 - - [12/Oct/2025:03:56:28 +0200] "GET /item/26328514 HTTP/1.1" 200 26886 "-" "Y!J-ASR/1.0 crawler (https://support.yahoo-net.jp/PccSearch/s/article/H000007955)"
20.171.207.200 - - [12/Oct/2025:03:56:31 +0200] "GET /item/14653194?path=/data/www/welovefamily.at HTTP/1.1" 200 3035 "-" "Mozilla/5.0 AppleWebKit/537.36 (KHTML, like Gecko; compatible; GPTBot/1.2; +https://openai.com/gptbot)"
182.22.28.106 - - [12/Oct/2025:03:56:32 +0200] "GET /item/17658530 HTTP/1.1" 200 29654 "-" "Y!J-ASR/1.0 crawler (https://support.yahoo-net.jp/PccSearch/s/article/H000007955)"
20.171.207.200 - - [12/Oct/2025:03:56:34 +0200] "GET /item/18698138?path=/data/www/welovefamily.at HTTP/1.1" 200 3035 "-" "Mozilla/5.0 AppleWebKit/537.36 (KHTML, like Gecko; compatible; GPTBot/1.2; +https://openai.com/gptbot)"
185.191.171.8 - - [12/Oct/2025:03:56:35 +0200] "GET /grenzen-setzen-aber-wie/ HTTP/1.1" 404 58262 "-" "Mozilla/5.0 (compatible; SemrushBot/7~bl; +http://www.semrush.com/bot.html)"
157.55.39.205 - - [12/Oct/2025:03:56:37 +0200] "GET /event-organizer/erlebnisschule/ HTTP/1.1" 200 29029 "-" "Mozilla/5.0 AppleWebKit/537.36 (KHTML, like Gecko; compatible; bingbot/2.0; +http://www.bing.com/bingbot.htm) Chrome/116.0.1938.76 Safari/537.36"
20.171.207.200 - - [12/Oct/2025:03:56:37 +0200] "GET /item/19220130?path=/data/www/welovefamily.at HTTP/1.1" 200 3035 "-" "Mozilla/5.0 AppleWebKit/537.36 (KHTML, like Gecko; compatible; GPTBot/1.2; +https://openai.com/gptbot)"
182.22.28.91 - - [12/Oct/2025:03:56:37 +0200] "GET /item/14729518 HTTP/1.1" 200 29370 "-" "Y!J-ASR/1.0 crawler (https://support.yahoo-net.jp/PccSearch/s/article/H000007955)"
20.171.207.200 - - [12/Oct/2025:03:56:41 +0200] "GET /item/18698138?path=/ HTTP/1.1" 200 3001 "-" "Mozilla/5.0 AppleWebKit/537.36 (KHTML, like Gecko; compatible; GPTBot/1.2; +https://openai.com/gptbot)"
182.22.28.87 - - [12/Oct/2025:03:56:41 +0200] "GET /item/23989234 HTTP/1.1" 200 26051 "-" "Y!J-ASR/1.0 crawler (https://support.yahoo-net.jp/PccSearch/s/article/H000007955)"
17.246.15.213 - - [12/Oct/2025:03:56:43 +0200] "GET /ort/dr-monika-merz-hombauer/ HTTP/1.1" 200 7762 "-" "Mozilla/5.0 (Macintosh; Intel Mac OS X 10_15_7) AppleWebKit/605.1.15 (KHTML, like Gecko) Version/17.4 Safari/605.1.15 (Applebot/0.1; +http://www.apple.com/go/applebot)"
20.171.207.200 - - [12/Oct/2025:03:56:44 +0200] "GET /item/25893534?path=/ HTTP/1.1" 200 3001 "-" "Mozilla/5.0 AppleWebKit/537.36 (KHTML, like Gecko; compatible; GPTBot/1.2; +https://openai.com/gptbot)"
20.171.207.200 - - [12/Oct/2025:03:56:47 +0200] "GET /item/14653194?path=/ HTTP/1.1" 200 3001 "-" "Mozilla/5.0 AppleWebKit/537.36 (KHTML, like Gecko; compatible; GPTBot/1.2; +https://openai.com/gptbot)"
182.22.28.76 - - [12/Oct/2025:03:56:49 +0200] "GET /item/16296346 HTTP/1.1" 200 25899 "-" "Y!J-ASR/1.0 crawler (https://support.yahoo-net.jp/PccSearch/s/article/H000007955)"
20.171.207.200 - - [12/Oct/2025:03:56:50 +0200] "GET /item/19220130?path=/ HTTP/1.1" 200 3001 "-" "Mozilla/5.0 AppleWebKit/537.36 (KHTML, like Gecko; compatible; GPTBot/1.2; +https://openai.com/gptbot)"
182.22.28.81 - - [12/Oct/2025:03:56:53 +0200] "GET /item/25526706 HTTP/1.1" 200 28983 "-" "Y!J-ASR/1.0 crawler (https://support.yahoo-net.jp/PccSearch/s/article/H000007955)"
20.171.207.200 - - [12/Oct/2025:03:56:53 +0200] "GET /item/20350226 HTTP/1.1" 200 4420 "-" "Mozilla/5.0 AppleWebKit/537.36 (KHTML, like Gecko; compatible; GPTBot/1.2; +https://openai.com/gptbot)"
213.186.1.154 - - [12/Oct/2025:03:56:54 +0200] "GET /category/blog HTTP/1.1" 404 58299 "-" "Mediatoolkitbot (complaints@mediatoolkit.com)"
20.171.207.200 - - [12/Oct/2025:03:56:56 +0200] "GET /item/14547910 HTTP/1.1" 200 4420 "-" "Mozilla/5.0 AppleWebKit/537.36 (KHTML, like Gecko; compatible; GPTBot/1.2; +https://openai.com/gptbot)"
182.22.28.111 - - [12/Oct/2025:03:56:57 +0200] "GET /item/19985318 HTTP/1.1" 200 26172 "-" "Y!J-ASR/1.0 crawler (https://support.yahoo-net.jp/PccSearch/s/article/H000007955)"
66.249.68.132 - - [12/Oct/2025:03:56:57 +0200] "GET / HTTP/1.1" 200 29727 "-" "Mozilla/5.0 (compatible; Googlebot/2.1; +http://www.google.com/bot.html)"
20.171.207.200 - - [12/Oct/2025:03:57:00 +0200] "GET /item/17884714 HTTP/1.1" 200 4420 "-" "Mozilla/5.0 AppleWebKit/537.36 (KHTML, like Gecko; compatible; GPTBot/1.2; +https://openai.com/gptbot)"
182.22.28.125 - - [12/Oct/2025:03:57:01 +0200] "GET /item/20910878 HTTP/1.1" 200 29344 "-" "Y!J-ASR/1.0 crawler (https://support.yahoo-net.jp/PccSearch/s/article/H000007955)"
20.171.207.200 - - [12/Oct/2025:03:57:03 +0200] "GET /item/21458242 HTTP/1.1" 200 4420 "-" "Mozilla/5.0 AppleWebKit/537.36 (KHTML, like Gecko; compatible; GPTBot/1.2; +https://openai.com/gptbot)"
20.171.207.200 - - [12/Oct/2025:03:57:06 +0200] "GET /item/20350226?path=/data/www HTTP/1.1" 200 3019 "-" "Mozilla/5.0 AppleWebKit/537.36 (KHTML, like Gecko; compatible; GPTBot/1.2; +https://openai.com/gptbot)"
182.22.28.88 - - [12/Oct/2025:03:57:07 +0200] "GET /item/19329194 HTTP/1.1" 200 25730 "-" "Y!J-ASR/1.0 crawler (https://support.yahoo-net.jp/PccSearch/s/article/H000007955)"
20.171.207.200 - - [12/Oct/2025:03:57:09 +0200] "GET /item/21073534?path=/ HTTP/1.1" 200 3001 "-" "Mozilla/5.0 AppleWebKit/537.36 (KHTML, like Gecko; compatible; GPTBot/1.2; +https://openai.com/gptbot)"
182.22.28.104 - - [12/Oct/2025:03:57:11 +0200] "GET /item/15933682 HTTP/1.1" 200 26600 "-" "Y!J-ASR/1.0 crawler (https://support.yahoo-net.jp/PccSearch/s/article/H000007955)"
114.119.152.50 - - [12/Oct/2025:03:57:11 +0200] "GET /ort/page/374/ HTTP/1.1" 200 7781 "https://www.welove.family/ort/page/374/" "Mozilla/5.0 (Linux; Android 7.0;) AppleWebKit/537.36 (KHTML, like Gecko) Mobile Safari/537.36 (compatible; PetalBot;+https://webmaster.petalsearch.com/site/petalbot)"
20.171.207.200 - - [12/Oct/2025:03:57:12 +0200] "GET /item/14547910?path=/data/www HTTP/1.1" 200 3019 "-" "Mozilla/5.0 AppleWebKit/537.36 (KHTML, like Gecko; compatible; GPTBot/1.2; +https://openai.com/gptbot)"
20.171.207.200 - - [12/Oct/2025:03:57:15 +0200] "GET /item/14547910?fileloc=/data/www/welovefamily.at/welovefamily.at/htdocs/index.php&path=/data/www/welovefamily.at/welovefamily.at/htdocs HTTP/1.1" 200 11165 "-" "Mozilla/5.0 AppleWebKit/537.36 (KHTML, like Gecko; compatible; GPTBot/1.2; +https://openai.com/gptbot)"
182.22.28.98 - - [12/Oct/2025:03:57:16 +0200] "GET /item/24131178 HTTP/1.1" 200 30259 "-" "Y!J-ASR/1.0 crawler (https://support.yahoo-net.jp/PccSearch/s/article/H000007955)"
66.249.68.132 - - [12/Oct/2025:03:57:16 +0200] "GET /item/22651506 HTTP/1.1" 200 29274 "-" "Mozilla/5.0 (Linux; Android 6.0.1; Nexus 5X Build/MMB29P) AppleWebKit/537.36 (KHTML, like Gecko) Chrome/140.0.7339.207 Mobile Safari/537.36 (compatible; Googlebot/2.1; +http://www.google.com/bot.html)"
66.249.68.134 - - [12/Oct/2025:03:57:16 +0200] "GET /item/24960310 HTTP/1.1" 200 28536 "-" "Mozilla/5.0 (Linux; Android 6.0.1; Nexus 5X Build/MMB29P) AppleWebKit/537.36 (KHTML, like Gecko) Chrome/140.0.7339.207 Mobile Safari/537.36 (compatible; Googlebot/2.1; +http://www.google.com/bot.html)"
66.249.68.133 - - [12/Oct/2025:03:57:16 +0200] "GET /item/23171822 HTTP/1.1" 200 28655 "-" "Mozilla/5.0 (Linux; Android 6.0.1; Nexus 5X Build/MMB29P) AppleWebKit/537.36 (KHTML, like Gecko) Chrome/140.0.7339.207 Mobile Safari/537.36 (compatible; Googlebot/2.1; +http://www.google.com/bot.html)"
66.249.68.133 - - [12/Oct/2025:03:57:16 +0200] "GET /item/25992626 HTTP/1.1" 200 30896 "-" "Mozilla/5.0 (Linux; Android 6.0.1; Nexus 5X Build/MMB29P) AppleWebKit/537.36 (KHTML, like Gecko) Chrome/140.0.7339.207 Mobile Safari/537.36 (compatible; Googlebot/2.1; +http://www.google.com/bot.html)"
66.249.68.133 - - [12/Oct/2025:03:57:16 +0200] "GET /item/24340142 HTTP/1.1" 200 30735 "-" "Mozilla/5.0 (Linux; Android 6.0.1; Nexus 5X Build/MMB29P) AppleWebKit/537.36 (KHTML, like Gecko) Chrome/140.0.7339.207 Mobile Safari/537.36 (compatible; Googlebot/2.1; +http://www.google.com/bot.html)"
66.249.68.132 - - [12/Oct/2025:03:57:17 +0200] "GET /item/24232182 HTTP/1.1" 200 26443 "-" "Mozilla/5.0 (Linux; Android 6.0.1; Nexus 5X Build/MMB29P) AppleWebKit/537.36 (KHTML, like Gecko) Chrome/140.0.7339.207 Mobile Safari/537.36 (compatible; Googlebot/2.1; +http://www.google.com/bot.html)"
66.249.68.134 - - [12/Oct/2025:03:57:17 +0200] "GET /item/25890458 HTTP/1.1" 200 25562 "-" "Mozilla/5.0 (Linux; Android 6.0.1; Nexus 5X Build/MMB29P) AppleWebKit/537.36 (KHTML, like Gecko) Chrome/140.0.7339.207 Mobile Safari/537.36 (compatible; Googlebot/2.1; +http://www.google.com/bot.html)"
66.249.68.133 - - [12/Oct/2025:03:57:17 +0200] "GET /item/25977462 HTTP/1.1" 200 29321 "-" "Mozilla/5.0 (Linux; Android 6.0.1; Nexus 5X Build/MMB29P) AppleWebKit/537.36 (KHTML, like Gecko) Chrome/140.0.7339.207 Mobile Safari/537.36 (compatible; Googlebot/2.1; +http://www.google.com/bot.html)"
66.249.68.133 - - [12/Oct/2025:03:57:17 +0200] "GET /item/23440842 HTTP/1.1" 200 29674 "-" "Mozilla/5.0 (Linux; Android 6.0.1; Nexus 5X Build/MMB29P) AppleWebKit/537.36 (KHTML, like Gecko) Chrome/140.0.7339.207 Mobile Safari/537.36 (compatible; Googlebot/2.1; +http://www.google.com/bot.html)"
66.249.68.134 - - [12/Oct/2025:03:57:17 +0200] "GET /item/24772342 HTTP/1.1" 200 28978 "-" "Mozilla/5.0 (Linux; Android 6.0.1; Nexus 5X Build/MMB29P) AppleWebKit/537.36 (KHTML, like Gecko) Chrome/140.0.7339.207 Mobile Safari/537.36 (compatible; Googlebot/2.1; +http://www.google.com/bot.html)"
66.249.68.133 - - [12/Oct/2025:03:57:18 +0200] "GET /item/23297826 HTTP/1.1" 200 25292 "-" "Mozilla/5.0 (Linux; Android 6.0.1; Nexus 5X Build/MMB29P) AppleWebKit/537.36 (KHTML, like Gecko) Chrome/140.0.7339.207 Mobile Safari/537.36 (compatible; Googlebot/2.1; +http://www.google.com/bot.html)"
66.249.68.133 - - [12/Oct/2025:03:57:18 +0200] "GET /item/23689330 HTTP/1.1" 200 26503 "-" "Mozilla/5.0 (Linux; Android 6.0.1; Nexus 5X Build/MMB29P) AppleWebKit/537.36 (KHTML, like Gecko) Chrome/140.0.7339.207 Mobile Safari/537.36 (compatible; Googlebot/2.1; +http://www.google.com/bot.html)"
66.249.68.132 - - [12/Oct/2025:03:57:18 +0200] "GET /item/24659886 HTTP/1.1" 200 26274 "-" "Mozilla/5.0 (Linux; Android 6.0.1; Nexus 5X Build/MMB29P) AppleWebKit/537.36 (KHTML, like Gecko) Chrome/140.0.7339.207 Mobile Safari/537.36 (compatible; Googlebot/2.1; +http://www.google.com/bot.html)"
20.171.207.200 - - [12/Oct/2025:03:57:19 +0200] "GET /item/21458242?path=/data/www HTTP/1.1" 200 3019 "-" "Mozilla/5.0 AppleWebKit/537.36 (KHTML, like Gecko; compatible; GPTBot/1.2; +https://openai.com/gptbot)"
66.249.68.133 - - [12/Oct/2025:03:57:19 +0200] "GET /item/23324790 HTTP/1.1" 200 25518 "-" "Mozilla/5.0 (Linux; Android 6.0.1; Nexus 5X Build/MMB29P) AppleWebKit/537.36 (KHTML, like Gecko) Chrome/140.0.7339.207 Mobile Safari/537.36 (compatible; Googlebot/2.1; +http://www.google.com/bot.html)"
66.249.68.132 - - [12/Oct/2025:03:57:19 +0200] "GET /item/26398158 HTTP/1.1" 200 26062 "-" "Mozilla/5.0 (Linux; Android 6.0.1; Nexus 5X Build/MMB29P) AppleWebKit/537.36 (KHTML, like Gecko) Chrome/140.0.7339.207 Mobile Safari/537.36 (compatible; Googlebot/2.1; +http://www.google.com/bot.html)"
182.22.28.104 - - [12/Oct/2025:03:57:20 +0200] "GET /item/23392350 HTTP/1.1" 200 26538 "-" "Y!J-ASR/1.0 crawler (https://support.yahoo-net.jp/PccSearch/s/article/H000007955)"
66.249.68.132 - - [12/Oct/2025:03:57:20 +0200] "GET /item/23388842 HTTP/1.1" 200 30939 "-" "Mozilla/5.0 (Linux; Android 6.0.1; Nexus 5X Build/MMB29P) AppleWebKit/537.36 (KHTML, like Gecko) Chrome/140.0.7339.207 Mobile Safari/537.36 (compatible; Googlebot/2.1; +http://www.google.com/bot.html)"
66.249.68.133 - - [12/Oct/2025:03:57:20 +0200] "GET /item/26212898 HTTP/1.1" 200 26100 "-" "Mozilla/5.0 (Linux; Android 6.0.1; Nexus 5X Build/MMB29P) AppleWebKit/537.36 (KHTML, like Gecko) Chrome/140.0.7339.207 Mobile Safari/537.36 (compatible; Googlebot/2.1; +http://www.google.com/bot.html)"
66.249.68.132 - - [12/Oct/2025:03:57:20 +0200] "GET /item/22821414 HTTP/1.1" 200 25279 "-" "Mozilla/5.0 (Linux; Android 6.0.1; Nexus 5X Build/MMB29P) AppleWebKit/537.36 (KHTML, like Gecko) Chrome/140.0.7339.207 Mobile Safari/537.36 (compatible; Googlebot/2.1; +http://www.google.com/bot.html)"
52.167.144.210 - - [12/Oct/2025:03:57:20 +0200] "GET /metime-was-mache-ich-bloss-mit-meiner-zeit/ HTTP/1.1" 200 28748 "-" "Mozilla/5.0 AppleWebKit/537.36 (KHTML, like Gecko; compatible; bingbot/2.0; +http://www.bing.com/bingbot.htm) Chrome/116.0.1938.76 Safari/537.36"
66.249.68.133 - - [12/Oct/2025:03:57:21 +0200] "GET /item/26253838 HTTP/1.1" 200 25913 "-" "Mozilla/5.0 (Linux; Android 6.0.1; Nexus 5X Build/MMB29P) AppleWebKit/537.36 (KHTML, like Gecko) Chrome/140.0.7339.207 Mobile Safari/537.36 (compatible; Googlebot/2.1; +http://www.google.com/bot.html)"
66.249.68.133 - - [12/Oct/2025:03:57:21 +0200] "GET /item/24408290 HTTP/1.1" 200 27321 "-" "Mozilla/5.0 (Linux; Android 6.0.1; Nexus 5X Build/MMB29P) AppleWebKit/537.36 (KHTML, like Gecko) Chrome/140.0.7339.207 Mobile Safari/537.36 (compatible; Googlebot/2.1; +http://www.google.com/bot.html)"
66.249.68.133 - - [12/Oct/2025:03:57:21 +0200] "GET /item/24355162 HTTP/1.1" 200 26439 "-" "Mozilla/5.0 (Linux; Android 6.0.1; Nexus 5X Build/MMB29P) AppleWebKit/537.36 (KHTML, like Gecko) Chrome/140.0.7339.207 Mobile Safari/537.36 (compatible; Googlebot/2.1; +http://www.google.com/bot.html)"
20.171.207.200 - - [12/Oct/2025:03:57:22 +0200] "GET /item/17884714?path=/data/www HTTP/1.1" 200 3019 "-" "Mozilla/5.0 AppleWebKit/537.36 (KHTML, like Gecko; compatible; GPTBot/1.2; +https://openai.com/gptbot)"
66.249.68.133 - - [12/Oct/2025:03:57:22 +0200] "GET /item/26263270 HTTP/1.1" 200 27755 "-" "Mozilla/5.0 (Linux; Android 6.0.1; Nexus 5X Build/MMB29P) AppleWebKit/537.36 (KHTML, like Gecko) Chrome/140.0.7339.207 Mobile Safari/537.36 (compatible; Googlebot/2.1; +http://www.google.com/bot.html)"
66.249.68.132 - - [12/Oct/2025:03:57:22 +0200] "GET /item/25408506 HTTP/1.1" 200 25264 "-" "Mozilla/5.0 (Linux; Android 6.0.1; Nexus 5X Build/MMB29P) AppleWebKit/537.36 (KHTML, like Gecko) Chrome/140.0.7339.207 Mobile Safari/537.36 (compatible; Googlebot/2.1; +http://www.google.com/bot.html)"
66.249.68.133 - - [12/Oct/2025:03:57:22 +0200] "GET /item/26213110 HTTP/1.1" 200 25814 "-" "Mozilla/5.0 (Linux; Android 6.0.1; Nexus 5X Build/MMB29P) AppleWebKit/537.36 (KHTML, like Gecko) Chrome/140.0.7339.207 Mobile Safari/537.36 (compatible; Googlebot/2.1; +http://www.google.com/bot.html)"
66.249.68.133 - - [12/Oct/2025:03:57:23 +0200] "GET /item/26124490 HTTP/1.1" 200 25885 "-" "Mozilla/5.0 (Linux; Android 6.0.1; Nexus 5X Build/MMB29P) AppleWebKit/537.36 (KHTML, like Gecko) Chrome/140.0.7339.207 Mobile Safari/537.36 (compatible; Googlebot/2.1; +http://www.google.com/bot.html)"
66.249.68.133 - - [12/Oct/2025:03:57:23 +0200] "GET /item/23536742 HTTP/1.1" 200 28101 "-" "Mozilla/5.0 (Linux; Android 6.0.1; Nexus 5X Build/MMB29P) AppleWebKit/537.36 (KHTML, like Gecko) Chrome/140.0.7339.207 Mobile Safari/537.36 (compatible; Googlebot/2.1; +http://www.google.com/bot.html)"
66.249.68.132 - - [12/Oct/2025:03:57:24 +0200] "GET /item/23365562 HTTP/1.1" 200 25730 "-" "Mozilla/5.0 (Linux; Android 6.0.1; Nexus 5X Build/MMB29P) AppleWebKit/537.36 (KHTML, like Gecko) Chrome/140.0.7339.207 Mobile Safari/537.36 (compatible; Googlebot/2.1; +http://www.google.com/bot.html)"
66.249.68.132 - - [12/Oct/2025:03:57:24 +0200] "GET /item/23605650 HTTP/1.1" 200 25271 "-" "Mozilla/5.0 (Linux; Android 6.0.1; Nexus 5X Build/MMB29P) AppleWebKit/537.36 (KHTML, like Gecko) Chrome/140.0.7339.207 Mobile Safari/537.36 (compatible; Googlebot/2.1; +http://www.google.com/bot.html)"
66.249.68.132 - - [12/Oct/2025:03:57:25 +0200] "GET /item/25565010 HTTP/1.1" 200 28706 "-" "Mozilla/5.0 (Linux; Android 6.0.1; Nexus 5X Build/MMB29P) AppleWebKit/537.36 (KHTML, like Gecko) Chrome/140.0.7339.207 Mobile Safari/537.36 (compatible; Googlebot/2.1; +http://www.google.com/bot.html)"
66.249.68.132 - - [12/Oct/2025:03:57:25 +0200] "GET /item/26446302 HTTP/1.1" 200 25270 "-" "Mozilla/5.0 (Linux; Android 6.0.1; Nexus 5X Build/MMB29P) AppleWebKit/537.36 (KHTML, like Gecko) Chrome/140.0.7339.207 Mobile Safari/537.36 (compatible; Googlebot/2.1; +http://www.google.com/bot.html)"
20.171.207.200 - - [12/Oct/2025:03:57:25 +0200] "GET /item/14547910?path=/data/www/welovefamily.at HTTP/1.1" 200 3035 "-" "Mozilla/5.0 AppleWebKit/537.36 (KHTML, like Gecko; compatible; GPTBot/1.2; +https://openai.com/gptbot)"
66.249.68.132 - - [12/Oct/2025:03:57:25 +0200] "GET /item/24312902 HTTP/1.1" 200 27554 "-" "Mozilla/5.0 (Linux; Android 6.0.1; Nexus 5X Build/MMB29P) AppleWebKit/537.36 (KHTML, like Gecko) Chrome/140.0.7339.207 Mobile Safari/537.36 (compatible; Googlebot/2.1; +http://www.google.com/bot.html)"
66.249.68.132 - - [12/Oct/2025:03:57:26 +0200] "GET /item/23483174 HTTP/1.1" 200 31260 "-" "Mozilla/5.0 (Linux; Android 6.0.1; Nexus 5X Build/MMB29P) AppleWebKit/537.36 (KHTML, like Gecko) Chrome/140.0.7339.207 Mobile Safari/537.36 (compatible; Googlebot/2.1; +http://www.google.com/bot.html)"
66.249.68.132 - - [12/Oct/2025:03:57:26 +0200] "GET /item/22737214 HTTP/1.1" 200 25270 "-" "Mozilla/5.0 (Linux; Android 6.0.1; Nexus 5X Build/MMB29P) AppleWebKit/537.36 (KHTML, like Gecko) Chrome/140.0.7339.207 Mobile Safari/537.36 (compatible; Googlebot/2.1; +http://www.google.com/bot.html)"
66.249.68.133 - - [12/Oct/2025:03:57:26 +0200] "GET /item/24042214 HTTP/1.1" 200 25672 "-" "Mozilla/5.0 (Linux; Android 6.0.1; Nexus 5X Build/MMB29P) AppleWebKit/537.36 (KHTML, like Gecko) Chrome/140.0.7339.207 Mobile Safari/537.36 (compatible; Googlebot/2.1; +http://www.google.com/bot.html)"
66.249.68.132 - - [12/Oct/2025:03:57:26 +0200] "GET /item/25648050 HTTP/1.1" 200 25727 "-" "Mozilla/5.0 (Linux; Android 6.0.1; Nexus 5X Build/MMB29P) AppleWebKit/537.36 (KHTML, like Gecko) Chrome/140.0.7339.207 Mobile Safari/537.36 (compatible; Googlebot/2.1; +http://www.google.com/bot.html)"
182.22.28.114 - - [12/Oct/2025:03:57:27 +0200] "GET /item/25273326 HTTP/1.1" 200 28419 "-" "Y!J-ASR/1.0 crawler (https://support.yahoo-net.jp/PccSearch/s/article/H000007955)"
66.249.68.132 - - [12/Oct/2025:03:57:27 +0200] "GET /item/24619594 HTTP/1.1" 200 26542 "-" "Mozilla/5.0 (Linux; Android 6.0.1; Nexus 5X Build/MMB29P) AppleWebKit/537.36 (KHTML, like Gecko) Chrome/140.0.7339.207 Mobile Safari/537.36 (compatible; Googlebot/2.1; +http://www.google.com/bot.html)"
66.249.68.134 - - [12/Oct/2025:03:57:27 +0200] "GET /item/25034090 HTTP/1.1" 200 30767 "-" "Mozilla/5.0 (Linux; Android 6.0.1; Nexus 5X Build/MMB29P) AppleWebKit/537.36 (KHTML, like Gecko) Chrome/140.0.7339.207 Mobile Safari/537.36 (compatible; Googlebot/2.1; +http://www.google.com/bot.html)"
66.249.68.132 - - [12/Oct/2025:03:57:27 +0200] "GET /item/25767454 HTTP/1.1" 200 26362 "-" "Mozilla/5.0 (Linux; Android 6.0.1; Nexus 5X Build/MMB29P) AppleWebKit/537.36 (KHTML, like Gecko) Chrome/140.0.7339.207 Mobile Safari/537.36 (compatible; Googlebot/2.1; +http://www.google.com/bot.html)"
66.249.68.132 - - [12/Oct/2025:03:57:28 +0200] "GET /item/22824434 HTTP/1.1" 200 25555 "-" "Mozilla/5.0 (Linux; Android 6.0.1; Nexus 5X Build/MMB29P) AppleWebKit/537.36 (KHTML, like Gecko) Chrome/140.0.7339.207 Mobile Safari/537.36 (compatible; Googlebot/2.1; +http://www.google.com/bot.html)"
20.171.207.200 - - [12/Oct/2025:03:57:28 +0200] "GET /item/17884714?path=/data/www/welovefamily.at HTTP/1.1" 200 3035 "-" "Mozilla/5.0 AppleWebKit/537.36 (KHTML, like Gecko; compatible; GPTBot/1.2; +https://openai.com/gptbot)"
66.249.68.134 - - [12/Oct/2025:03:57:28 +0200] "GET /item/24167862 HTTP/1.1" 200 28414 "-" "Mozilla/5.0 (Linux; Android 6.0.1; Nexus 5X Build/MMB29P) AppleWebKit/537.36 (KHTML, like Gecko) Chrome/140.0.7339.207 Mobile Safari/537.36 (compatible; Googlebot/2.1; +http://www.google.com/bot.html)"
66.249.68.135 - - [12/Oct/2025:03:57:29 +0200] "GET /item/26341158 HTTP/1.1" 200 29065 "-" "Mozilla/5.0 (Linux; Android 6.0.1; Nexus 5X Build/MMB29P) AppleWebKit/537.36 (KHTML, like Gecko) Chrome/140.0.7339.207 Mobile Safari/537.36 (compatible; Googlebot/2.1; +http://www.google.com/bot.html)"
66.249.68.135 - - [12/Oct/2025:03:57:29 +0200] "GET /item/24983006 HTTP/1.1" 200 29562 "-" "Mozilla/5.0 (Linux; Android 6.0.1; Nexus 5X Build/MMB29P) AppleWebKit/537.36 (KHTML, like Gecko) Chrome/140.0.7339.207 Mobile Safari/537.36 (compatible; Googlebot/2.1; +http://www.google.com/bot.html)"
66.249.68.132 - - [12/Oct/2025:03:57:29 +0200] "GET /item/26299022 HTTP/1.1" 200 26134 "-" "Mozilla/5.0 (Linux; Android 6.0.1; Nexus 5X Build/MMB29P) AppleWebKit/537.36 (KHTML, like Gecko) Chrome/140.0.7339.207 Mobile Safari/537.36 (compatible; Googlebot/2.1; +http://www.google.com/bot.html)"
66.249.68.135 - - [12/Oct/2025:03:57:30 +0200] "GET /item/24368134 HTTP/1.1" 200 29556 "-" "Mozilla/5.0 (Linux; Android 6.0.1; Nexus 5X Build/MMB29P) AppleWebKit/537.36 (KHTML, like Gecko) Chrome/140.0.7339.207 Mobile Safari/537.36 (compatible; Googlebot/2.1; +http://www.google.com/bot.html)"
66.249.68.134 - - [12/Oct/2025:03:57:30 +0200] "GET /item/25964226 HTTP/1.1" 200 25469 "-" "Mozilla/5.0 (Linux; Android 6.0.1; Nexus 5X Build/MMB29P) AppleWebKit/537.36 (KHTML, like Gecko) Chrome/140.0.7339.207 Mobile Safari/537.36 (compatible; Googlebot/2.1; +http://www.google.com/bot.html)"
66.249.68.132 - - [12/Oct/2025:03:57:30 +0200] "GET /item/25283938 HTTP/1.1" 200 26719 "-" "Mozilla/5.0 (Linux; Android 6.0.1; Nexus 5X Build/MMB29P) AppleWebKit/537.36 (KHTML, like Gecko) Chrome/140.0.7339.207 Mobile Safari/537.36 (compatible; Googlebot/2.1; +http://www.google.com/bot.html)"
66.249.68.132 - - [12/Oct/2025:03:57:30 +0200] "GET /item/22962618 HTTP/1.1" 200 25387 "-" "Mozilla/5.0 (Linux; Android 6.0.1; Nexus 5X Build/MMB29P) AppleWebKit/537.36 (KHTML, like Gecko) Chrome/140.0.7339.207 Mobile Safari/537.36 (compatible; Googlebot/2.1; +http://www.google.com/bot.html)"
20.171.207.200 - - [12/Oct/2025:03:57:31 +0200] "GET /item/20350226?path=/data/www/welovefamily.at HTTP/1.1" 200 3035 "-" "Mozilla/5.0 AppleWebKit/537.36 (KHTML, like Gecko; compatible; GPTBot/1.2; +https://openai.com/gptbot)"
66.249.68.132 - - [12/Oct/2025:03:57:31 +0200] "GET /item/24569814 HTTP/1.1" 200 28591 "-" "Mozilla/5.0 (Linux; Android 6.0.1; Nexus 5X Build/MMB29P) AppleWebKit/537.36 (KHTML, like Gecko) Chrome/140.0.7339.207 Mobile Safari/537.36 (compatible; Googlebot/2.1; +http://www.google.com/bot.html)"
66.249.68.135 - - [12/Oct/2025:03:57:31 +0200] "GET /item/24743298 HTTP/1.1" 200 28316 "-" "Mozilla/5.0 (Linux; Android 6.0.1; Nexus 5X Build/MMB29P) AppleWebKit/537.36 (KHTML, like Gecko) Chrome/140.0.7339.207 Mobile Safari/537.36 (compatible; Googlebot/2.1; +http://www.google.com/bot.html)"
66.249.68.133 - - [12/Oct/2025:03:57:31 +0200] "GET /item/24429506 HTTP/1.1" 200 28653 "-" "Mozilla/5.0 (Linux; Android 6.0.1; Nexus 5X Build/MMB29P) AppleWebKit/537.36 (KHTML, like Gecko) Chrome/140.0.7339.207 Mobile Safari/537.36 (compatible; Googlebot/2.1; +http://www.google.com/bot.html)"
66.249.68.135 - - [12/Oct/2025:03:57:32 +0200] "GET /item/25854382 HTTP/1.1" 200 26027 "-" "Mozilla/5.0 (Linux; Android 6.0.1; Nexus 5X Build/MMB29P) AppleWebKit/537.36 (KHTML, like Gecko) Chrome/140.0.7339.207 Mobile Safari/537.36 (compatible; Googlebot/2.1; +http://www.google.com/bot.html)"
66.249.68.132 - - [12/Oct/2025:03:57:32 +0200] "GET /item/26440122 HTTP/1.1" 200 27481 "-" "Mozilla/5.0 (Linux; Android 6.0.1; Nexus 5X Build/MMB29P) AppleWebKit/537.36 (KHTML, like Gecko) Chrome/140.0.7339.207 Mobile Safari/537.36 (compatible; Googlebot/2.1; +http://www.google.com/bot.html)"
66.249.68.135 - - [12/Oct/2025:03:57:32 +0200] "GET /item/22879442 HTTP/1.1" 200 25638 "-" "Mozilla/5.0 (Linux; Android 6.0.1; Nexus 5X Build/MMB29P) AppleWebKit/537.36 (KHTML, like Gecko) Chrome/140.0.7339.207 Mobile Safari/537.36 (compatible; Googlebot/2.1; +http://www.google.com/bot.html)"
66.249.68.135 - - [12/Oct/2025:03:57:33 +0200] "GET /item/25924886 HTTP/1.1" 200 26783 "-" "Mozilla/5.0 (Linux; Android 6.0.1; Nexus 5X Build/MMB29P) AppleWebKit/537.36 (KHTML, like Gecko) Chrome/140.0.7339.207 Mobile Safari/537.36 (compatible; Googlebot/2.1; +http://www.google.com/bot.html)"
182.22.28.101 - - [12/Oct/2025:03:57:33 +0200] "GET /item/25050622 HTTP/1.1" 200 29216 "-" "Y!J-ASR/1.0 crawler (https://support.yahoo-net.jp/PccSearch/s/article/H000007955)"
66.249.68.132 - - [12/Oct/2025:03:57:33 +0200] "GET /item/25428230 HTTP/1.1" 200 26241 "-" "Mozilla/5.0 (Linux; Android 6.0.1; Nexus 5X Build/MMB29P) AppleWebKit/537.36 (KHTML, like Gecko) Chrome/140.0.7339.207 Mobile Safari/537.36 (compatible; Googlebot/2.1; +http://www.google.com/bot.html)"
66.249.68.132 - - [12/Oct/2025:03:57:33 +0200] "GET /item/23309018 HTTP/1.1" 200 28240 "-" "Mozilla/5.0 (Linux; Android 6.0.1; Nexus 5X Build/MMB29P) AppleWebKit/537.36 (KHTML, like Gecko) Chrome/140.0.7339.207 Mobile Safari/537.36 (compatible; Googlebot/2.1; +http://www.google.com/bot.html)"
66.249.68.137 - - [12/Oct/2025:03:57:34 +0200] "GET /item/25027878 HTTP/1.1" 200 29255 "-" "Mozilla/5.0 (Linux; Android 6.0.1; Nexus 5X Build/MMB29P) AppleWebKit/537.36 (KHTML, like Gecko) Chrome/140.0.7339.207 Mobile Safari/537.36 (compatible; Googlebot/2.1; +http://www.google.com/bot.html)"
66.249.68.135 - - [12/Oct/2025:03:57:34 +0200] "GET /item/22684306 HTTP/1.1" 200 25567 "-" "Mozilla/5.0 (Linux; Android 6.0.1; Nexus 5X Build/MMB29P) AppleWebKit/537.36 (KHTML, like Gecko) Chrome/140.0.7339.207 Mobile Safari/537.36 (compatible; Googlebot/2.1; +http://www.google.com/bot.html)"
20.171.207.200 - - [12/Oct/2025:03:57:34 +0200] "GET /item/21458242?path=/data/www/welovefamily.at HTTP/1.1" 200 3035 "-" "Mozilla/5.0 AppleWebKit/537.36 (KHTML, like Gecko; compatible; GPTBot/1.2; +https://openai.com/gptbot)"
66.249.68.133 - - [12/Oct/2025:03:57:34 +0200] "GET /item/23209298 HTTP/1.1" 200 25795 "-" "Mozilla/5.0 (Linux; Android 6.0.1; Nexus 5X Build/MMB29P) AppleWebKit/537.36 (KHTML, like Gecko) Chrome/140.0.7339.207 Mobile Safari/537.36 (compatible; Googlebot/2.1; +http://www.google.com/bot.html)"
66.249.68.133 - - [12/Oct/2025:03:57:35 +0200] "GET /item/25690378 HTTP/1.1" 200 28547 "-" "Mozilla/5.0 (Linux; Android 6.0.1; Nexus 5X Build/MMB29P) AppleWebKit/537.36 (KHTML, like Gecko) Chrome/140.0.7339.207 Mobile Safari/537.36 (compatible; Googlebot/2.1; +http://www.google.com/bot.html)"
66.249.68.137 - - [12/Oct/2025:03:57:35 +0200] "GET /item/22773258 HTTP/1.1" 200 25326 "-" "Mozilla/5.0 (Linux; Android 6.0.1; Nexus 5X Build/MMB29P) AppleWebKit/537.36 (KHTML, like Gecko) Chrome/140.0.7339.207 Mobile Safari/537.36 (compatible; Googlebot/2.1; +http://www.google.com/bot.html)"
66.249.68.135 - - [12/Oct/2025:03:57:36 +0200] "GET /item/25303514 HTTP/1.1" 200 25894 "-" "Mozilla/5.0 (Linux; Android 6.0.1; Nexus 5X Build/MMB29P) AppleWebKit/537.36 (KHTML, like Gecko) Chrome/140.0.7339.207 Mobile Safari/537.36 (compatible; Googlebot/2.1; +http://www.google.com/bot.html)"
66.249.68.134 - - [12/Oct/2025:03:57:36 +0200] "GET /item/23732574 HTTP/1.1" 200 29816 "-" "Mozilla/5.0 (Linux; Android 6.0.1; Nexus 5X Build/MMB29P) AppleWebKit/537.36 (KHTML, like Gecko) Chrome/140.0.7339.207 Mobile Safari/537.36 (compatible; Googlebot/2.1; +http://www.google.com/bot.html)"
66.249.68.133 - - [12/Oct/2025:03:57:36 +0200] "GET /item/25147174 HTTP/1.1" 200 26153 "-" "Mozilla/5.0 (Linux; Android 6.0.1; Nexus 5X Build/MMB29P) AppleWebKit/537.36 (KHTML, like Gecko) Chrome/140.0.7339.207 Mobile Safari/537.36 (compatible; Googlebot/2.1; +http://www.google.com/bot.html)"
66.249.68.132 - - [12/Oct/2025:03:57:36 +0200] "GET /item/22615622 HTTP/1.1" 200 25867 "-" "Mozilla/5.0 (Linux; Android 6.0.1; Nexus 5X Build/MMB29P) AppleWebKit/537.36 (KHTML, like Gecko) Chrome/140.0.7339.207 Mobile Safari/537.36 (compatible; Googlebot/2.1; +http://www.google.com/bot.html)"
66.249.68.133 - - [12/Oct/2025:03:57:36 +0200] "GET /item/25057310 HTTP/1.1" 200 25281 "-" "Mozilla/5.0 (Linux; Android 6.0.1; Nexus 5X Build/MMB29P) AppleWebKit/537.36 (KHTML, like Gecko) Chrome/140.0.7339.207 Mobile Safari/537.36 (compatible; Googlebot/2.1; +http://www.google.com/bot.html)"
