66.249.68.133 - - [12/Oct/2025:01:29:12 +0200] "GET /item/23807774 HTTP/1.1" 200 25541 "-" "Mozilla/5.0 (Linux; Android 6.0.1; Nexus 5X Build/MMB29P) AppleWebKit/537.36 (KHTML, like Gecko) Chrome/140.0.7339.207 Mobile Safari/537.36 (compatible; Googlebot/2.1; +http://www.google.com/bot.html)"
66.249.68.136 - - [12/Oct/2025:01:29:12 +0200] "GET /item/25608642 HTTP/1.1" 200 28989 "-" "Mozilla/5.0 (Linux; Android 6.0.1; Nexus 5X Build/MMB29P) AppleWebKit/537.36 (KHTML, like Gecko) Chrome/140.0.7339.207 Mobile Safari/537.36 (compatible; Googlebot/2.1; +http://www.google.com/bot.html)"
66.249.68.137 - - [12/Oct/2025:01:29:12 +0200] "GET /item/26356842 HTTP/1.1" 200 26071 "-" "Mozilla/5.0 (Linux; Android 6.0.1; Nexus 5X Build/MMB29P) AppleWebKit/537.36 (KHTML, like Gecko) Chrome/140.0.7339.207 Mobile Safari/537.36 (compatible; Googlebot/2.1; +http://www.google.com/bot.html)"
66.249.68.137 - - [12/Oct/2025:01:29:13 +0200] "GET /item/25219638 HTTP/1.1" 200 25873 "-" "Mozilla/5.0 (Linux; Android 6.0.1; Nexus 5X Build/MMB29P) AppleWebKit/537.36 (KHTML, like Gecko) Chrome/140.0.7339.207 Mobile Safari/537.36 (compatible; Googlebot/2.1; +http://www.google.com/bot.html)"
23.129.64.162 - - [12/Oct/2025:01:29:12 +0200] "GET /category/blog/ HTTP/1.1" 200 138531 "https://www.welove.family/category/blog" "Mozilla/5.0 (Linux; arm_64; Android 7.0; Redmi Note 4) AppleWebKit/537.36 (KHTML, like Gecko) Chrome/79.0.3945.117 YaApp_Android/10.63 YaSearchBrowser/10.63 BroPP/1.0 SA/1 Mobile Safari/537.36"
66.249.68.135 - - [12/Oct/2025:01:29:13 +0200] "GET /item/22540674 HTTP/1.1" 200 25924 "-" "Mozilla/5.0 (Linux; Android 6.0.1; Nexus 5X Build/MMB29P) AppleWebKit/537.36 (KHTML, like Gecko) Chrome/140.0.7339.207 Mobile Safari/537.36 (compatible; Googlebot/2.1; +http://www.google.com/bot.html)"
66.249.68.134 - - [12/Oct/2025:01:29:13 +0200] "GET /item/23293182 HTTP/1.1" 200 26898 "-" "Mozilla/5.0 (Linux; Android 6.0.1; Nexus 5X Build/MMB29P) AppleWebKit/537.36 (KHTML, like Gecko) Chrome/140.0.7339.207 Mobile Safari/537.36 (compatible; Googlebot/2.1; +http://www.google.com/bot.html)"
66.249.68.136 - - [12/Oct/2025:01:29:14 +0200] "GET /item/25963954 HTTP/1.1" 200 26293 "-" "Mozilla/5.0 (Linux; Android 6.0.1; Nexus 5X Build/MMB29P) AppleWebKit/537.36 (KHTML, like Gecko) Chrome/140.0.7339.207 Mobile Safari/537.36 (compatible; Googlebot/2.1; +http://www.google.com/bot.html)"
66.249.68.134 - - [12/Oct/2025:01:29:14 +0200] "GET /cdn-cgi/scripts/5c5dd728/cloudflare-static/email-decode.min.js HTTP/1.1" 404 152647 "https://www.welove.family/item/24519814" "Mozilla/5.0 (Linux; Android 6.0.1; Nexus 5X Build/MMB29P) AppleWebKit/537.36 (KHTML, like Gecko) Chrome/140.0.7339.207 Mobile Safari/537.36 (compatible; Googlebot/2.1; +http://www.google.com/bot.html)"
66.249.68.132 - - [12/Oct/2025:01:29:14 +0200] "GET /item/25092062 HTTP/1.1" 200 25221 "-" "Mozilla/5.0 (Linux; Android 6.0.1; Nexus 5X Build/MMB29P) AppleWebKit/537.36 (KHTML, like Gecko) Chrome/140.0.7339.207 Mobile Safari/537.36 (compatible; Googlebot/2.1; +http://www.google.com/bot.html)"
66.249.68.134 - - [12/Oct/2025:01:29:15 +0200] "GET /item/22770518 HTTP/1.1" 200 26146 "-" "Mozilla/5.0 (Linux; Android 6.0.1; Nexus 5X Build/MMB29P) AppleWebKit/537.36 (KHTML, like Gecko) Chrome/140.0.7339.207 Mobile Safari/537.36 (compatible; Googlebot/2.1; +http://www.google.com/bot.html)"
66.249.68.132 - - [12/Oct/2025:01:29:15 +0200] "GET /item/24507810 HTTP/1.1" 200 29253 "-" "Mozilla/5.0 (Linux; Android 6.0.1; Nexus 5X Build/MMB29P) AppleWebKit/537.36 (KHTML, like Gecko) Chrome/140.0.7339.207 Mobile Safari/537.36 (compatible; Googlebot/2.1; +http://www.google.com/bot.html)"
66.249.68.134 - - [12/Oct/2025:01:29:15 +0200] "GET /item/22835998 HTTP/1.1" 200 25326 "-" "Mozilla/5.0 (Linux; Android 6.0.1; Nexus 5X Build/MMB29P) AppleWebKit/537.36 (KHTML, like Gecko) Chrome/140.0.7339.207 Mobile Safari/537.36 (compatible; Googlebot/2.1; +http://www.google.com/bot.html)"
66.249.68.132 - - [12/Oct/2025:01:29:15 +0200] "GET /item/25696058 HTTP/1.1" 200 28434 "-" "Mozilla/5.0 (Linux; Android 6.0.1; Nexus 5X Build/MMB29P) AppleWebKit/537.36 (KHTML, like Gecko) Chrome/140.0.7339.207 Mobile Safari/537.36 (compatible; Googlebot/2.1; +http://www.google.com/bot.html)"
195.47.238.176 - - [12/Oct/2025:01:29:15 +0200] "GET /category/ernaehrung HTTP/1.1" 301 4541 "https://www.welove.family/category/ernaehrung" "Mozilla/5.0 (Linux; arm_64; Android 7.0; Redmi Note 4) AppleWebKit/537.36 (KHTML, like Gecko) Chrome/79.0.3945.117 YaApp_Android/10.63 YaSearchBrowser/10.63 BroPP/1.0 SA/1 Mobile Safari/537.36"
66.249.68.132 - - [12/Oct/2025:01:29:16 +0200] "GET /item/25408982 HTTP/1.1" 200 25843 "-" "Mozilla/5.0 (Linux; Android 6.0.1; Nexus 5X Build/MMB29P) AppleWebKit/537.36 (KHTML, like Gecko) Chrome/140.0.7339.207 Mobile Safari/537.36 (compatible; Googlebot/2.1; +http://www.google.com/bot.html)"
66.249.68.135 - - [12/Oct/2025:01:29:16 +0200] "GET /item/25878398 HTTP/1.1" 200 26057 "-" "Mozilla/5.0 (Linux; Android 6.0.1; Nexus 5X Build/MMB29P) AppleWebKit/537.36 (KHTML, like Gecko) Chrome/140.0.7339.207 Mobile Safari/537.36 (compatible; Googlebot/2.1; +http://www.google.com/bot.html)"
195.47.238.176 - - [12/Oct/2025:01:29:16 +0200] "GET /category/ernaehrung/ HTTP/1.1" 200 139685 "https://www.welove.family/category/ernaehrung" "Mozilla/5.0 (Linux; arm_64; Android 7.0; Redmi Note 4) AppleWebKit/537.36 (KHTML, like Gecko) Chrome/79.0.3945.117 YaApp_Android/10.63 YaSearchBrowser/10.63 BroPP/1.0 SA/1 Mobile Safari/537.36"
66.249.68.136 - - [12/Oct/2025:01:29:17 +0200] "GET /item/23284330 HTTP/1.1" 200 25970 "-" "Mozilla/5.0 (Linux; Android 6.0.1; Nexus 5X Build/MMB29P) AppleWebKit/537.36 (KHTML, like Gecko) Chrome/140.0.7339.207 Mobile Safari/537.36 (compatible; Googlebot/2.1; +http://www.google.com/bot.html)"
66.249.68.135 - - [12/Oct/2025:01:29:17 +0200] "GET /item/23075354 HTTP/1.1" 200 28435 "-" "Mozilla/5.0 (Linux; Android 6.0.1; Nexus 5X Build/MMB29P) AppleWebKit/537.36 (KHTML, like Gecko) Chrome/140.0.7339.207 Mobile Safari/537.36 (compatible; Googlebot/2.1; +http://www.google.com/bot.html)"
66.249.68.132 - - [12/Oct/2025:01:29:17 +0200] "GET /item/24989218 HTTP/1.1" 200 26348 "-" "Mozilla/5.0 (Linux; Android 6.0.1; Nexus 5X Build/MMB29P) AppleWebKit/537.36 (KHTML, like Gecko) Chrome/140.0.7339.207 Mobile Safari/537.36 (compatible; Googlebot/2.1; +http://www.google.com/bot.html)"
66.249.68.135 - - [12/Oct/2025:01:29:17 +0200] "GET /item/23566018 HTTP/1.1" 200 25882 "-" "Mozilla/5.0 (Linux; Android 6.0.1; Nexus 5X Build/MMB29P) AppleWebKit/537.36 (KHTML, like Gecko) Chrome/140.0.7339.207 Mobile Safari/537.36 (compatible; Googlebot/2.1; +http://www.google.com/bot.html)"
66.249.68.133 - - [12/Oct/2025:01:29:18 +0200] "GET /item/24936746 HTTP/1.1" 200 30387 "-" "Mozilla/5.0 (Linux; Android 6.0.1; Nexus 5X Build/MMB29P) AppleWebKit/537.36 (KHTML, like Gecko) Chrome/140.0.7339.207 Mobile Safari/537.36 (compatible; Googlebot/2.1; +http://www.google.com/bot.html)"
66.249.68.135 - - [12/Oct/2025:01:29:18 +0200] "GET /item/23431266 HTTP/1.1" 200 25248 "-" "Mozilla/5.0 (Linux; Android 6.0.1; Nexus 5X Build/MMB29P) AppleWebKit/537.36 (KHTML, like Gecko) Chrome/140.0.7339.207 Mobile Safari/537.36 (compatible; Googlebot/2.1; +http://www.google.com/bot.html)"
66.249.68.137 - - [12/Oct/2025:01:29:18 +0200] "GET /item/24642478 HTTP/1.1" 200 28743 "-" "Mozilla/5.0 (Linux; Android 6.0.1; Nexus 5X Build/MMB29P) AppleWebKit/537.36 (KHTML, like Gecko) Chrome/140.0.7339.207 Mobile Safari/537.36 (compatible; Googlebot/2.1; +http://www.google.com/bot.html)"
66.249.68.136 - - [12/Oct/2025:01:29:18 +0200] "GET /item/24735574 HTTP/1.1" 200 25163 "-" "Mozilla/5.0 (Linux; Android 6.0.1; Nexus 5X Build/MMB29P) AppleWebKit/537.36 (KHTML, like Gecko) Chrome/140.0.7339.207 Mobile Safari/537.36 (compatible; Googlebot/2.1; +http://www.google.com/bot.html)"
66.249.68.133 - - [12/Oct/2025:01:29:19 +0200] "GET /item/26315962 HTTP/1.1" 200 26386 "-" "Mozilla/5.0 (Linux; Android 6.0.1; Nexus 5X Build/MMB29P) AppleWebKit/537.36 (KHTML, like Gecko) Chrome/140.0.7339.207 Mobile Safari/537.36 (compatible; Googlebot/2.1; +http://www.google.com/bot.html)"
195.47.238.176 - - [12/Oct/2025:01:29:19 +0200] "GET /category/expertentipps HTTP/1.1" 301 4544 "https://www.welove.family/category/expertentipps" "Mozilla/5.0 (Linux; arm_64; Android 7.0; Redmi Note 4) AppleWebKit/537.36 (KHTML, like Gecko) Chrome/79.0.3945.117 YaApp_Android/10.63 YaSearchBrowser/10.63 BroPP/1.0 SA/1 Mobile Safari/537.36"
66.249.68.137 - - [12/Oct/2025:01:29:19 +0200] "GET /item/24248102 HTTP/1.1" 200 27408 "-" "Mozilla/5.0 (Linux; Android 6.0.1; Nexus 5X Build/MMB29P) AppleWebKit/537.36 (KHTML, like Gecko) Chrome/140.0.7339.207 Mobile Safari/537.36 (compatible; Googlebot/2.1; +http://www.google.com/bot.html)"
66.249.68.134 - - [12/Oct/2025:01:29:19 +0200] "GET /item/23939070 HTTP/1.1" 200 26048 "-" "Mozilla/5.0 (Linux; Android 6.0.1; Nexus 5X Build/MMB29P) AppleWebKit/537.36 (KHTML, like Gecko) Chrome/140.0.7339.207 Mobile Safari/537.36 (compatible; Googlebot/2.1; +http://www.google.com/bot.html)"
66.249.68.137 - - [12/Oct/2025:01:29:19 +0200] "GET /item/22853606 HTTP/1.1" 200 29357 "-" "Mozilla/5.0 (Linux; Android 6.0.1; Nexus 5X Build/MMB29P) AppleWebKit/537.36 (KHTML, like Gecko) Chrome/140.0.7339.207 Mobile Safari/537.36 (compatible; Googlebot/2.1; +http://www.google.com/bot.html)"
66.249.68.135 - - [12/Oct/2025:01:29:20 +0200] "GET /item/23596846 HTTP/1.1" 200 26858 "-" "Mozilla/5.0 (Linux; Android 6.0.1; Nexus 5X Build/MMB29P) AppleWebKit/537.36 (KHTML, like Gecko) Chrome/140.0.7339.207 Mobile Safari/537.36 (compatible; Googlebot/2.1; +http://www.google.com/bot.html)"
195.47.238.176 - - [12/Oct/2025:01:29:20 +0200] "GET /category/expertentipps/ HTTP/1.1" 200 148604 "https://www.welove.family/category/expertentipps" "Mozilla/5.0 (Linux; arm_64; Android 7.0; Redmi Note 4) AppleWebKit/537.36 (KHTML, like Gecko) Chrome/79.0.3945.117 YaApp_Android/10.63 YaSearchBrowser/10.63 BroPP/1.0 SA/1 Mobile Safari/537.36"
66.249.68.133 - - [12/Oct/2025:01:29:20 +0200] "GET /item/25933518 HTTP/1.1" 200 25160 "-" "Mozilla/5.0 (Linux; Android 6.0.1; Nexus 5X Build/MMB29P) AppleWebKit/537.36 (KHTML, like Gecko) Chrome/140.0.7339.207 Mobile Safari/537.36 (compatible; Googlebot/2.1; +http://www.google.com/bot.html)"
66.249.68.134 - - [12/Oct/2025:01:29:20 +0200] "GET /item/23541222 HTTP/1.1" 200 29215 "-" "Mozilla/5.0 (Linux; Android 6.0.1; Nexus 5X Build/MMB29P) AppleWebKit/537.36 (KHTML, like Gecko) Chrome/140.0.7339.207 Mobile Safari/537.36 (compatible; Googlebot/2.1; +http://www.google.com/bot.html)"
66.249.68.135 - - [12/Oct/2025:01:29:21 +0200] "GET /item/25477514 HTTP/1.1" 200 25339 "-" "Mozilla/5.0 (Linux; Android 6.0.1; Nexus 5X Build/MMB29P) AppleWebKit/537.36 (KHTML, like Gecko) Chrome/140.0.7339.207 Mobile Safari/537.36 (compatible; Googlebot/2.1; +http://www.google.com/bot.html)"
66.249.68.132 - - [12/Oct/2025:01:29:21 +0200] "GET /item/23888178 HTTP/1.1" 200 25109 "-" "Mozilla/5.0 (Linux; Android 6.0.1; Nexus 5X Build/MMB29P) AppleWebKit/537.36 (KHTML, like Gecko) Chrome/140.0.7339.207 Mobile Safari/537.36 (compatible; Googlebot/2.1; +http://www.google.com/bot.html)"
66.249.68.133 - - [12/Oct/2025:01:29:21 +0200] "GET /item/24039706 HTTP/1.1" 200 29652 "-" "Mozilla/5.0 (Linux; Android 6.0.1; Nexus 5X Build/MMB29P) AppleWebKit/537.36 (KHTML, like Gecko) Chrome/140.0.7339.207 Mobile Safari/537.36 (compatible; Googlebot/2.1; +http://www.google.com/bot.html)"
66.249.68.134 - - [12/Oct/2025:01:29:21 +0200] "GET /item/26321094 HTTP/1.1" 200 25394 "-" "Mozilla/5.0 (Linux; Android 6.0.1; Nexus 5X Build/MMB29P) AppleWebKit/537.36 (KHTML, like Gecko) Chrome/140.0.7339.207 Mobile Safari/537.36 (compatible; Googlebot/2.1; +http://www.google.com/bot.html)"
195.47.238.176 - - [12/Oct/2025:01:29:21 +0200] "POST /category/expertentipps/ HTTP/1.1" 200 152339 "https://www.welove.family/category/expertentipps/#wpcf7-f105347-o1" "Mozilla/5.0 (Linux; arm_64; Android 7.0; Redmi Note 4) AppleWebKit/537.36 (KHTML, like Gecko) Chrome/79.0.3945.117 YaApp_Android/10.63 YaSearchBrowser/10.63 BroPP/1.0 SA/1 Mobile Safari/537.36"
66.249.68.134 - - [12/Oct/2025:01:29:22 +0200] "GET /item/24731706 HTTP/1.1" 200 25783 "-" "Mozilla/5.0 (Linux; Android 6.0.1; Nexus 5X Build/MMB29P) AppleWebKit/537.36 (KHTML, like Gecko) Chrome/140.0.7339.207 Mobile Safari/537.36 (compatible; Googlebot/2.1; +http://www.google.com/bot.html)"
66.249.68.134 - - [12/Oct/2025:01:29:22 +0200] "GET /item/25282062 HTTP/1.1" 200 26470 "-" "Mozilla/5.0 (Linux; Android 6.0.1; Nexus 5X Build/MMB29P) AppleWebKit/537.36 (KHTML, like Gecko) Chrome/140.0.7339.207 Mobile Safari/537.36 (compatible; Googlebot/2.1; +http://www.google.com/bot.html)"
66.249.68.128 - - [12/Oct/2025:01:29:22 +0200] "GET /item/25825562 HTTP/1.1" 200 30975 "-" "Mozilla/5.0 (Linux; Android 6.0.1; Nexus 5X Build/MMB29P) AppleWebKit/537.36 (KHTML, like Gecko) Chrome/140.0.7339.207 Mobile Safari/537.36 (compatible; Googlebot/2.1; +http://www.google.com/bot.html)"
66.249.68.132 - - [12/Oct/2025:01:29:22 +0200] "GET /item/25943758 HTTP/1.1" 200 26243 "-" "Mozilla/5.0 (Linux; Android 6.0.1; Nexus 5X Build/MMB29P) AppleWebKit/537.36 (KHTML, like Gecko) Chrome/140.0.7339.207 Mobile Safari/537.36 (compatible; Googlebot/2.1; +http://www.google.com/bot.html)"
195.47.238.176 - - [12/Oct/2025:01:29:24 +0200] "GET /category/mama-mia HTTP/1.1" 301 4539 "https://www.welove.family/category/mama-mia" "Mozilla/5.0 (Linux; arm_64; Android 7.0; Redmi Note 4) AppleWebKit/537.36 (KHTML, like Gecko) Chrome/79.0.3945.117 YaApp_Android/10.63 YaSearchBrowser/10.63 BroPP/1.0 SA/1 Mobile Safari/537.36"
195.47.238.176 - - [12/Oct/2025:01:29:25 +0200] "GET /category/mama-mia/ HTTP/1.1" 200 137544 "https://www.welove.family/category/mama-mia" "Mozilla/5.0 (Linux; arm_64; Android 7.0; Redmi Note 4) AppleWebKit/537.36 (KHTML, like Gecko) Chrome/79.0.3945.117 YaApp_Android/10.63 YaSearchBrowser/10.63 BroPP/1.0 SA/1 Mobile Safari/537.36"
212.95.50.77 - - [12/Oct/2025:01:29:27 +0200] "GET /club-creo-dein-monatlicher-bastel-spass HTTP/1.1" 301 4561 "https://www.welove.family/club-creo-dein-monatlicher-bastel-spass" "Mozilla/5.0 (Linux; arm_64; Android 7.0; Redmi Note 4) AppleWebKit/537.36 (KHTML, like Gecko) Chrome/79.0.3945.117 YaApp_Android/10.63 YaSearchBrowser/10.63 BroPP/1.0 SA/1 Mobile Safari/537.36"
212.95.50.77 - - [12/Oct/2025:01:29:28 +0200] "GET /club-creo-dein-monatlicher-bastel-spass/ HTTP/1.1" 200 143370 "https://www.welove.family/club-creo-dein-monatlicher-bastel-spass" "Mozilla/5.0 (Linux; arm_64; Android 7.0; Redmi Note 4) AppleWebKit/537.36 (KHTML, like Gecko) Chrome/79.0.3945.117 YaApp_Android/10.63 YaSearchBrowser/10.63 BroPP/1.0 SA/1 Mobile Safari/537.36"
116.202.253.32 - - [12/Oct/2025:01:29:30 +0200] "POST /wp-cron.php?doing_wp_cron=1760225370.7828600406646728515625 HTTP/1.1" 200 3963 "-" "WordPress/6.8.3; https://www.welove.family"
212.95.50.77 - - [12/Oct/2025:01:29:30 +0200] "GET /comments/feed HTTP/1.1" 301 4633 "https://www.welove.family/comments/feed" "Mozilla/5.0 (Linux; arm_64; Android 7.0; Redmi Note 4) AppleWebKit/537.36 (KHTML, like Gecko) Chrome/79.0.3945.117 YaApp_Android/10.63 YaSearchBrowser/10.63 BroPP/1.0 SA/1 Mobile Safari/537.36"
212.95.50.77 - - [12/Oct/2025:01:29:31 +0200] "GET /comments/feed/ HTTP/1.1" 200 18562 "https://www.welove.family/comments/feed" "Mozilla/5.0 (Linux; arm_64; Android 7.0; Redmi Note 4) AppleWebKit/537.36 (KHTML, like Gecko) Chrome/79.0.3945.117 YaApp_Android/10.63 YaSearchBrowser/10.63 BroPP/1.0 SA/1 Mobile Safari/537.36"
212.95.50.77 - - [12/Oct/2025:01:29:33 +0200] "GET /das-lehrerzimmer HTTP/1.1" 301 4588 "https://www.welove.family/das-lehrerzimmer" "Mozilla/5.0 (Linux; arm_64; Android 7.0; Redmi Note 4) AppleWebKit/537.36 (KHTML, like Gecko) Chrome/79.0.3945.117 YaApp_Android/10.63 YaSearchBrowser/10.63 BroPP/1.0 SA/1 Mobile Safari/537.36"
212.95.50.77 - - [12/Oct/2025:01:29:34 +0200] "GET /das-lehrerzimmer/ HTTP/1.1" 200 142633 "https://www.welove.family/das-lehrerzimmer" "Mozilla/5.0 (Linux; arm_64; Android 7.0; Redmi Note 4) AppleWebKit/537.36 (KHTML, like Gecko) Chrome/79.0.3945.117 YaApp_Android/10.63 YaSearchBrowser/10.63 BroPP/1.0 SA/1 Mobile Safari/537.36"
8.219.10.116 - - [12/Oct/2025:01:29:35 +0200] "GET /wp-content/uploads/2018/05/Kind_schreibt-shutterstock-ID-208531888-696x463.jpg HTTP/1.1" 200 210703 "-" "Mozilla/5.0 (Windows NT 10.0; Win64; x64) AppleWebKit/537.36 (KHTML, like Gecko) Chrome/103.0.0.0 Safari/537.36"
212.95.50.77 - - [12/Oct/2025:01:29:37 +0200] "GET /das-welove-family-malbuch-fuer-den-sommer-ist-da HTTP/1.1" 404 152115 "https://www.welove.family/das-welove-family-malbuch-fuer-den-sommer-ist-da" "Mozilla/5.0 (Linux; arm_64; Android 7.0; Redmi Note 4) AppleWebKit/537.36 (KHTML, like Gecko) Chrome/79.0.3945.117 YaApp_Android/10.63 YaSearchBrowser/10.63 BroPP/1.0 SA/1 Mobile Safari/537.36"
114.119.128.40 - - [12/Oct/2025:01:29:37 +0200] "GET /kinder-alleine-zuhause-lassen/ HTTP/1.1" 200 38328 "https://www.welovefamily.at/category/expertentipps/kindergartenkind-expertentipps/page/7/?filter_by=featured" "Mozilla/5.0 (Linux; Android 7.0;) AppleWebKit/537.36 (KHTML, like Gecko) Mobile Safari/537.36 (compatible; PetalBot;+https://webmaster.petalsearch.com/site/petalbot)"
212.95.50.77 - - [12/Oct/2025:01:29:39 +0200] "GET /datenschutzerklaerung HTTP/1.1" 301 4543 "https://www.welove.family/datenschutzerklaerung" "Mozilla/5.0 (Linux; arm_64; Android 7.0; Redmi Note 4) AppleWebKit/537.36 (KHTML, like Gecko) Chrome/79.0.3945.117 YaApp_Android/10.63 YaSearchBrowser/10.63 BroPP/1.0 SA/1 Mobile Safari/537.36"
212.95.50.77 - - [12/Oct/2025:01:29:40 +0200] "GET /datenschutzerklaerung/ HTTP/1.1" 200 140038 "https://www.welove.family/datenschutzerklaerung" "Mozilla/5.0 (Linux; arm_64; Android 7.0; Redmi Note 4) AppleWebKit/537.36 (KHTML, like Gecko) Chrome/79.0.3945.117 YaApp_Android/10.63 YaSearchBrowser/10.63 BroPP/1.0 SA/1 Mobile Safari/537.36"
66.249.68.134 - - [12/Oct/2025:01:29:41 +0200] "GET /wu/444118292.shtm HTTP/1.1" 200 28921 "-" "Mozilla/5.0 (Linux; Android 6.0.1; Nexus 5X Build/MMB29P) AppleWebKit/537.36 (KHTML, like Gecko) Chrome/140.0.7339.207 Mobile Safari/537.36 (compatible; Googlebot/2.1; +http://www.google.com/bot.html)"
185.220.100.243 - - [12/Oct/2025:01:29:42 +0200] "GET /der-20-mai-ist-un-weltbienentag HTTP/1.1" 301 4553 "https://www.welove.family/der-20-mai-ist-un-weltbienentag" "Mozilla/5.0 (Linux; arm_64; Android 7.0; Redmi Note 4) AppleWebKit/537.36 (KHTML, like Gecko) Chrome/79.0.3945.117 YaApp_Android/10.63 YaSearchBrowser/10.63 BroPP/1.0 SA/1 Mobile Safari/537.36"
185.220.100.243 - - [12/Oct/2025:01:29:43 +0200] "GET /der-20-mai-ist-un-weltbienentag/ HTTP/1.1" 200 147880 "https://www.welove.family/der-20-mai-ist-un-weltbienentag" "Mozilla/5.0 (Linux; arm_64; Android 7.0; Redmi Note 4) AppleWebKit/537.36 (KHTML, like Gecko) Chrome/79.0.3945.117 YaApp_Android/10.63 YaSearchBrowser/10.63 BroPP/1.0 SA/1 Mobile Safari/537.36"
5.39.109.160 - - [12/Oct/2025:01:29:43 +0200] "GET /ort/buecherei-oeffentlich-der-stadtgemeinde-ternitz/ HTTP/1.1" 200 28081 "-" "Mozilla/5.0 (compatible; AhrefsBot/7.0; +http://ahrefs.com/robot/)"
185.220.100.243 - - [12/Oct/2025:01:29:45 +0200] "GET /der-praktische-zwiebellook-im-fruehling HTTP/1.1" 301 4561 "https://www.welove.family/der-praktische-zwiebellook-im-fruehling" "Mozilla/5.0 (Linux; arm_64; Android 7.0; Redmi Note 4) AppleWebKit/537.36 (KHTML, like Gecko) Chrome/79.0.3945.117 YaApp_Android/10.63 YaSearchBrowser/10.63 BroPP/1.0 SA/1 Mobile Safari/537.36"
185.220.100.243 - - [12/Oct/2025:01:29:46 +0200] "GET /der-praktische-zwiebellook-im-fruehling/ HTTP/1.1" 200 152299 "https://www.welove.family/der-praktische-zwiebellook-im-fruehling" "Mozilla/5.0 (Linux; arm_64; Android 7.0; Redmi Note 4) AppleWebKit/537.36 (KHTML, like Gecko) Chrome/79.0.3945.117 YaApp_Android/10.63 YaSearchBrowser/10.63 BroPP/1.0 SA/1 Mobile Safari/537.36"
114.119.133.89 - - [12/Oct/2025:01:29:47 +0200] "GET /ort/auerlebnisweg-klosterneuburg/ HTTP/1.1" 200 31866 "https://www.welovefamily.at/ort/auerlebnisweg-klosterneuburg/" "Mozilla/5.0 (Linux; Android 7.0;) AppleWebKit/537.36 (KHTML, like Gecko) Mobile Safari/537.36 (compatible; PetalBot;+https://webmaster.petalsearch.com/site/petalbot)"
185.220.100.243 - - [12/Oct/2025:01:29:47 +0200] "POST /der-praktische-zwiebellook-im-fruehling/ HTTP/1.1" 200 155812 "https://www.welove.family/der-praktische-zwiebellook-im-fruehling/#wpcf7-f105347-p107435-o1" "Mozilla/5.0 (Linux; arm_64; Android 7.0; Redmi Note 4) AppleWebKit/537.36 (KHTML, like Gecko) Chrome/79.0.3945.117 YaApp_Android/10.63 YaSearchBrowser/10.63 BroPP/1.0 SA/1 Mobile Safari/537.36"
135.235.193.179 - - [12/Oct/2025:01:29:49 +0200] "POST /wp-login.php HTTP/1.1" 200 14422 "-" "Mozilla/5.0"
135.235.193.179 - - [12/Oct/2025:01:29:49 +0200] "POST /wp-login.php HTTP/1.1" 200 14404 "-" "Mozilla/5.0"
17.246.23.244 - - [12/Oct/2025:01:29:48 +0200] "GET /ort/hebamme-sabine-antonia-staffler-bsc/ HTTP/1.1" 200 31761 "-" "Mozilla/5.0 (Macintosh; Intel Mac OS X 10_15_7) AppleWebKit/605.1.15 (KHTML, like Gecko) Version/17.4 Safari/605.1.15 (Applebot/0.1; +http://www.apple.com/go/applebot)"
135.235.193.179 - - [12/Oct/2025:01:29:49 +0200] "POST /wp-login.php HTTP/1.1" 200 14402 "-" "Mozilla/5.0"
135.235.193.179 - - [12/Oct/2025:01:29:49 +0200] "POST /wp-login.php HTTP/1.1" 200 14402 "-" "Mozilla/5.0"
185.220.100.243 - - [12/Oct/2025:01:29:49 +0200] "GET /die-besten-grillmarinaden HTTP/1.1" 301 4547 "https://www.welove.family/die-besten-grillmarinaden" "Mozilla/5.0 (Linux; arm_64; Android 7.0; Redmi Note 4) AppleWebKit/537.36 (KHTML, like Gecko) Chrome/79.0.3945.117 YaApp_Android/10.63 YaSearchBrowser/10.63 BroPP/1.0 SA/1 Mobile Safari/537.36"
185.220.100.243 - - [12/Oct/2025:01:29:50 +0200] "GET /die-besten-grillmarinaden/ HTTP/1.1" 200 141336 "https://www.welove.family/die-besten-grillmarinaden" "Mozilla/5.0 (Linux; arm_64; Android 7.0; Redmi Note 4) AppleWebKit/537.36 (KHTML, like Gecko) Chrome/79.0.3945.117 YaApp_Android/10.63 YaSearchBrowser/10.63 BroPP/1.0 SA/1 Mobile Safari/537.36"
66.249.68.134 - - [12/Oct/2025:01:29:51 +0200] "GET / HTTP/1.1" 200 29721 "-" "Mozilla/5.0 (compatible; Googlebot/2.1; +http://www.google.com/bot.html)"
45.141.215.111 - - [12/Oct/2025:01:29:53 +0200] "GET /die-schoensten-erlebnisse-im-zillertal HTTP/1.1" 301 4560 "https://www.welove.family/die-schoensten-erlebnisse-im-zillertal" "Mozilla/5.0 (Linux; arm_64; Android 7.0; Redmi Note 4) AppleWebKit/537.36 (KHTML, like Gecko) Chrome/79.0.3945.117 YaApp_Android/10.63 YaSearchBrowser/10.63 BroPP/1.0 SA/1 Mobile Safari/537.36"
45.141.215.111 - - [12/Oct/2025:01:29:54 +0200] "GET /die-schoensten-erlebnisse-im-zillertal/ HTTP/1.1" 200 152765 "https://www.welove.family/die-schoensten-erlebnisse-im-zillertal" "Mozilla/5.0 (Linux; arm_64; Android 7.0; Redmi Note 4) AppleWebKit/537.36 (KHTML, like Gecko) Chrome/79.0.3945.117 YaApp_Android/10.63 YaSearchBrowser/10.63 BroPP/1.0 SA/1 Mobile Safari/537.36"
45.141.215.111 - - [12/Oct/2025:01:29:57 +0200] "GET /die-schoensten-spielideen-fuer-den-garten HTTP/1.1" 301 4563 "https://www.welove.family/die-schoensten-spielideen-fuer-den-garten" "Mozilla/5.0 (Linux; arm_64; Android 7.0; Redmi Note 4) AppleWebKit/537.36 (KHTML, like Gecko) Chrome/79.0.3945.117 YaApp_Android/10.63 YaSearchBrowser/10.63 BroPP/1.0 SA/1 Mobile Safari/537.36"
45.141.215.111 - - [12/Oct/2025:01:29:58 +0200] "GET /die-schoensten-spielideen-fuer-den-garten/ HTTP/1.1" 200 153049 "https://www.welove.family/die-schoensten-spielideen-fuer-den-garten" "Mozilla/5.0 (Linux; arm_64; Android 7.0; Redmi Note 4) AppleWebKit/537.36 (KHTML, like Gecko) Chrome/79.0.3945.117 YaApp_Android/10.63 YaSearchBrowser/10.63 BroPP/1.0 SA/1 Mobile Safari/537.36"
116.202.253.32 - - [12/Oct/2025:01:30:00 +0200] "POST /wp-cron.php?doing_wp_cron=1760225400.9228599071502685546875 HTTP/1.1" 200 3963 "-" "WordPress/6.8.3; https://www.welove.family"
45.141.215.111 - - [12/Oct/2025:01:30:00 +0200] "POST /die-schoensten-spielideen-fuer-den-garten/ HTTP/1.1" 200 156984 "https://www.welove.family/die-schoensten-spielideen-fuer-den-garten/#wpcf7-f105347-p108524-o1" "Mozilla/5.0 (Linux; arm_64; Android 7.0; Redmi Note 4) AppleWebKit/537.36 (KHTML, like Gecko) Chrome/79.0.3945.117 YaApp_Android/10.63 YaSearchBrowser/10.63 BroPP/1.0 SA/1 Mobile Safari/537.36"
185.220.101.154 - - [12/Oct/2025:01:30:04 +0200] "GET /entwicklungskalender HTTP/1.1" 301 4542 "https://www.welove.family/entwicklungskalender" "Mozilla/5.0 (Linux; arm_64; Android 7.0; Redmi Note 4) AppleWebKit/537.36 (KHTML, like Gecko) Chrome/79.0.3945.117 YaApp_Android/10.63 YaSearchBrowser/10.63 BroPP/1.0 SA/1 Mobile Safari/537.36"
185.220.101.154 - - [12/Oct/2025:01:30:04 +0200] "GET /entwicklungskalender/ HTTP/1.1" 200 123861 "https://www.welove.family/entwicklungskalender" "Mozilla/5.0 (Linux; arm_64; Android 7.0; Redmi Note 4) AppleWebKit/537.36 (KHTML, like Gecko) Chrome/79.0.3945.117 YaApp_Android/10.63 YaSearchBrowser/10.63 BroPP/1.0 SA/1 Mobile Safari/537.36"
185.220.101.104 - - [12/Oct/2025:01:30:06 +0200] "GET /evc_subscribe?week=%F0%9F%94%A9+WALLET+NOTICE%3A+Suspicious+transaction+of+0.9+BTC.+Cancel%3F+%3E+https%3A%2F%2Fgraph.org%2FGet-your-BTC-09-11%3Fhs%3Db4083a151611500bf2b2aeafe53b7ce7%26+%F0%9F%94%A9&mail=veita%40btcmod.com&evc_subscribe_nonce=ec4835ab60&_wp_http_referer=%2Fentwicklungskalender%2F HTTP/1.1" 404 152115 "https://www.welove.family/evc_subscribe?week=%F0%9F%94%A9+WALLET+NOTICE%3A+Suspicious+transaction+of+0.9+BTC.+Cancel%3F+%3E+https%3A%2F%2Fgraph.org%2FGet-your-BTC-09-11%3Fhs%3Db4083a151611500bf2b2aeafe53b7ce7%26+%F0%9F%94%A9&mail=veita%40btcmod.com&evc_subscribe_nonce=ec4835ab60&_wp_http_referer=%2Fentwicklungskalender%2F" "Mozilla/5.0 (Linux; arm_64; Android 7.0; Redmi Note 4) AppleWebKit/537.36 (KHTML, like Gecko) Chrome/79.0.3945.117 YaApp_Android/10.63 YaSearchBrowser/10.63 BroPP/1.0 SA/1 Mobile Safari/537.36"
185.220.101.104 - - [12/Oct/2025:01:30:09 +0200] "GET /event-einsenden HTTP/1.1" 307 4625 "https://www.welove.family/event-einsenden" "Mozilla/5.0 (Linux; arm_64; Android 7.0; Redmi Note 4) AppleWebKit/537.36 (KHTML, like Gecko) Chrome/79.0.3945.117 YaApp_Android/10.63 YaSearchBrowser/10.63 BroPP/1.0 SA/1 Mobile Safari/537.36"
217.113.43.215 - - [12/Oct/2025:01:30:09 +0200] "GET / HTTP/1.1" 200 37766 "https://www.google.com" "Mozilla/5.0 (Windows NT 10.0; Win64; x64) AppleWebKit/537.36 (KHTML, like Gecko) Chrome/115.0.0.0 Safari/537.36"
185.220.101.104 - - [12/Oct/2025:01:30:10 +0200] "GET /zurzeit-keine-veranstaltungen/ HTTP/1.1" 200 122550 "https://www.welove.family/event-einsenden" "Mozilla/5.0 (Linux; arm_64; Android 7.0; Redmi Note 4) AppleWebKit/537.36 (KHTML, like Gecko) Chrome/79.0.3945.117 YaApp_Android/10.63 YaSearchBrowser/10.63 BroPP/1.0 SA/1 Mobile Safari/537.36"
217.113.43.215 - - [12/Oct/2025:01:30:11 +0200] "GET /category/blog/ HTTP/1.1" 200 30082 "https://www.welove.family/" "Mozilla/5.0 (Windows NT 10.0; Win64; x64) AppleWebKit/537.36 (KHTML, like Gecko) Chrome/115.0.0.0 Safari/537.36"
185.220.101.104 - - [12/Oct/2025:01:30:12 +0200] "GET /family-map HTTP/1.1" 301 4582 "https://www.welove.family/family-map" "Mozilla/5.0 (Linux; arm_64; Android 7.0; Redmi Note 4) AppleWebKit/537.36 (KHTML, like Gecko) Chrome/79.0.3945.117 YaApp_Android/10.63 YaSearchBrowser/10.63 BroPP/1.0 SA/1 Mobile Safari/537.36"
217.113.43.215 - - [12/Oct/2025:01:30:12 +0200] "GET /category/mama-mia/ HTTP/1.1" 200 30147 "https://www.welove.family/" "Mozilla/5.0 (Windows NT 10.0; Win64; x64) AppleWebKit/537.36 (KHTML, like Gecko) Chrome/115.0.0.0 Safari/537.36"
185.220.101.104 - - [12/Oct/2025:01:30:13 +0200] "GET /family-map/ HTTP/1.1" 200 135437 "https://www.welove.family/family-map" "Mozilla/5.0 (Linux; arm_64; Android 7.0; Redmi Note 4) AppleWebKit/537.36 (KHTML, like Gecko) Chrome/79.0.3945.117 YaApp_Android/10.63 YaSearchBrowser/10.63 BroPP/1.0 SA/1 Mobile Safari/537.36"
217.113.43.215 - - [12/Oct/2025:01:30:13 +0200] "GET /category/aktuell/ HTTP/1.1" 200 31553 "https://www.welove.family/" "Mozilla/5.0 (Windows NT 10.0; Win64; x64) AppleWebKit/537.36 (KHTML, like Gecko) Chrome/115.0.0.0 Safari/537.36"
217.113.43.215 - - [12/Oct/2025:01:30:14 +0200] "GET /category/allgemein/ HTTP/1.1" 200 31846 "https://www.welove.family/" "Mozilla/5.0 (Windows NT 10.0; Win64; x64) AppleWebKit/537.36 (KHTML, like Gecko) Chrome/115.0.0.0 Safari/537.36"
217.113.43.215 - - [12/Oct/2025:01:30:15 +0200] "GET /category/bezahlte-werbung/ HTTP/1.1" 200 30111 "https://www.welove.family/" "Mozilla/5.0 (Windows NT 10.0; Win64; x64) AppleWebKit/537.36 (KHTML, like Gecko) Chrome/115.0.0.0 Safari/537.36"
185.220.101.137 - - [12/Oct/2025:01:30:16 +0200] "GET /feed HTTP/1.1" 301 4624 "https://www.welove.family/feed" "Mozilla/5.0 (Linux; arm_64; Android 7.0; Redmi Note 4) AppleWebKit/537.36 (KHTML, like Gecko) Chrome/79.0.3945.117 YaApp_Android/10.63 YaSearchBrowser/10.63 BroPP/1.0 SA/1 Mobile Safari/537.36"
198.244.183.198 - - [12/Oct/2025:01:30:17 +0200] "GET /wp-content/uploads/2024/02/Titelbilder_WLF_Beitraege-3-218x150.png HTTP/1.1" 200 57281 "-" "Mozilla/5.0 (compatible; AhrefsBot/7.0; +http://ahrefs.com/robot/)"
217.113.43.215 - - [12/Oct/2025:01:30:16 +0200] "GET /category/expertentipps/ HTTP/1.1" 200 32198 "https://www.welove.family/" "Mozilla/5.0 (Windows NT 10.0; Win64; x64) AppleWebKit/537.36 (KHTML, like Gecko) Chrome/115.0.0.0 Safari/537.36"
185.220.101.137 - - [12/Oct/2025:01:30:17 +0200] "GET /feed/ HTTP/1.1" 200 114001 "https://www.welove.family/feed" "Mozilla/5.0 (Linux; arm_64; Android 7.0; Redmi Note 4) AppleWebKit/537.36 (KHTML, like Gecko) Chrome/79.0.3945.117 YaApp_Android/10.63 YaSearchBrowser/10.63 BroPP/1.0 SA/1 Mobile Safari/537.36"
217.113.43.215 - - [12/Oct/2025:01:30:17 +0200] "GET /category/ernaehrung/ HTTP/1.1" 200 30574 "https://www.welove.family/" "Mozilla/5.0 (Windows NT 10.0; Win64; x64) AppleWebKit/537.36 (KHTML, like Gecko) Chrome/115.0.0.0 Safari/537.36"
217.113.43.215 - - [12/Oct/2025:01:30:18 +0200] "GET /feed/ HTTP/1.1" 200 34560 "https://www.welove.family/" "Mozilla/5.0 (Windows NT 10.0; Win64; x64) AppleWebKit/537.36 (KHTML, like Gecko) Chrome/115.0.0.0 Safari/537.36"
217.113.43.215 - - [12/Oct/2025:01:30:18 +0200] "GET /category/blog/feed/ HTTP/1.1" 200 29535 "https://www.welove.family/category/blog/" "Mozilla/5.0 (Windows NT 10.0; Win64; x64) AppleWebKit/537.36 (KHTML, like Gecko) Chrome/115.0.0.0 Safari/537.36"
217.113.43.215 - - [12/Oct/2025:01:30:19 +0200] "GET /category/mama-mia/feed/ HTTP/1.1" 200 20226 "https://www.welove.family/category/mama-mia/" "Mozilla/5.0 (Windows NT 10.0; Win64; x64) AppleWebKit/537.36 (KHTML, like Gecko) Chrome/115.0.0.0 Safari/537.36"
217.113.43.215 - - [12/Oct/2025:01:30:20 +0200] "GET /category/aktuell/feed/ HTTP/1.1" 200 30822 "https://www.welove.family/category/aktuell/" "Mozilla/5.0 (Windows NT 10.0; Win64; x64) AppleWebKit/537.36 (KHTML, like Gecko) Chrome/115.0.0.0 Safari/537.36"
217.113.43.215 - - [12/Oct/2025:01:30:21 +0200] "GET /category/allgemein/feed/ HTTP/1.1" 200 31865 "https://www.welove.family/category/allgemein/" "Mozilla/5.0 (Windows NT 10.0; Win64; x64) AppleWebKit/537.36 (KHTML, like Gecko) Chrome/115.0.0.0 Safari/537.36"
195.47.238.177 - - [12/Oct/2025:01:30:22 +0200] "GET /honig-wie-gesund-ungesund-ist-er HTTP/1.1" 301 4554 "https://www.welove.family/honig-wie-gesund-ungesund-ist-er" "Mozilla/5.0 (Linux; arm_64; Android 7.0; Redmi Note 4) AppleWebKit/537.36 (KHTML, like Gecko) Chrome/79.0.3945.117 YaApp_Android/10.63 YaSearchBrowser/10.63 BroPP/1.0 SA/1 Mobile Safari/537.36"
217.113.43.215 - - [12/Oct/2025:01:30:22 +0200] "GET /category/bezahlte-werbung/feed/ HTTP/1.1" 200 28873 "https://www.welove.family/category/bezahlte-werbung/" "Mozilla/5.0 (Windows NT 10.0; Win64; x64) AppleWebKit/537.36 (KHTML, like Gecko) Chrome/115.0.0.0 Safari/537.36"
195.47.238.177 - - [12/Oct/2025:01:30:23 +0200] "GET /honig-wie-gesund-ungesund-ist-er/ HTTP/1.1" 200 147406 "https://www.welove.family/honig-wie-gesund-ungesund-ist-er" "Mozilla/5.0 (Linux; arm_64; Android 7.0; Redmi Note 4) AppleWebKit/537.36 (KHTML, like Gecko) Chrome/79.0.3945.117 YaApp_Android/10.63 YaSearchBrowser/10.63 BroPP/1.0 SA/1 Mobile Safari/537.36"
217.113.43.215 - - [12/Oct/2025:01:30:23 +0200] "GET /category/expertentipps/feed/ HTTP/1.1" 200 32852 "https://www.welove.family/category/expertentipps/" "Mozilla/5.0 (Windows NT 10.0; Win64; x64) AppleWebKit/537.36 (KHTML, like Gecko) Chrome/115.0.0.0 Safari/537.36"
217.113.43.215 - - [12/Oct/2025:01:30:23 +0200] "GET /category/ernaehrung/feed/ HTTP/1.1" 200 28202 "https://www.welove.family/category/ernaehrung/" "Mozilla/5.0 (Windows NT 10.0; Win64; x64) AppleWebKit/537.36 (KHTML, like Gecko) Chrome/115.0.0.0 Safari/537.36"
195.47.238.177 - - [12/Oct/2025:01:30:25 +0200] "GET /impressum HTTP/1.1" 301 4531 "https://www.welove.family/impressum" "Mozilla/5.0 (Linux; arm_64; Android 7.0; Redmi Note 4) AppleWebKit/537.36 (KHTML, like Gecko) Chrome/79.0.3945.117 YaApp_Android/10.63 YaSearchBrowser/10.63 BroPP/1.0 SA/1 Mobile Safari/537.36"
195.47.238.177 - - [12/Oct/2025:01:30:26 +0200] "GET /impressum/ HTTP/1.1" 200 108431 "https://www.welove.family/impressum" "Mozilla/5.0 (Linux; arm_64; Android 7.0; Redmi Note 4) AppleWebKit/537.36 (KHTML, like Gecko) Chrome/79.0.3945.117 YaApp_Android/10.63 YaSearchBrowser/10.63 BroPP/1.0 SA/1 Mobile Safari/537.36"
66.249.68.133 - - [12/Oct/2025:01:30:28 +0200] "GET /zz/shopping205016421.shtm HTTP/1.1" 200 28625 "-" "Mozilla/5.0 (Linux; Android 6.0.1; Nexus 5X Build/MMB29P) AppleWebKit/537.36 (KHTML, like Gecko) Chrome/140.0.7339.207 Mobile Safari/537.36 (compatible; Googlebot/2.1; +http://www.google.com/bot.html)"
198.244.240.230 - - [12/Oct/2025:01:30:29 +0200] "GET /wp-content/uploads/2019/07/plane-841441_1920.jpg HTTP/1.1" 200 442273 "-" "Mozilla/5.0 (compatible; AhrefsBot/7.0; +http://ahrefs.com/robot/)"
185.246.188.74 - - [12/Oct/2025:01:30:33 +0200] "GET /newsletter-anmelden HTTP/1.1" 301 4541 "https://www.welove.family/newsletter-anmelden" "Mozilla/5.0 (Linux; arm_64; Android 7.0; Redmi Note 4) AppleWebKit/537.36 (KHTML, like Gecko) Chrome/79.0.3945.117 YaApp_Android/10.63 YaSearchBrowser/10.63 BroPP/1.0 SA/1 Mobile Safari/537.36"
185.246.188.74 - - [12/Oct/2025:01:30:34 +0200] "GET /newsletter-anmelden/ HTTP/1.1" 200 129039 "https://www.welove.family/newsletter-anmelden" "Mozilla/5.0 (Linux; arm_64; Android 7.0; Redmi Note 4) AppleWebKit/537.36 (KHTML, like Gecko) Chrome/79.0.3945.117 YaApp_Android/10.63 YaSearchBrowser/10.63 BroPP/1.0 SA/1 Mobile Safari/537.36"
17.246.23.206 - - [12/Oct/2025:01:30:38 +0200] "GET /wp-content/themes/wlf-v2-newspaper-child/php/family_map_list/assets/css/easy-autocomplete.min.css HTTP/1.1" 200 5136 "https://www.welovefamily.at/" "Mozilla/5.0 (Macintosh; Intel Mac OS X 10_15_7) AppleWebKit/605.1.15 (KHTML, like Gecko) Version/17.4 Safari/605.1.15 (Applebot/0.1; +http://www.apple.com/go/applebot)"
185.246.188.74 - - [12/Oct/2025:01:30:37 +0200] "POST / HTTP/1.1" 200 190318 "https://www.welove.family" "Mozilla/5.0 (Linux; arm_64; Android 7.0; Redmi Note 4) AppleWebKit/537.36 (KHTML, like Gecko) Chrome/79.0.3945.117 YaApp_Android/10.63 YaSearchBrowser/10.63 BroPP/1.0 SA/1 Mobile Safari/537.36"
45.84.107.33 - - [12/Oct/2025:01:30:40 +0200] "POST /newsletter-anmelden/ HTTP/1.1" 200 132741 "https://www.welove.family/newsletter-anmelden/#wpcf7-f105347-p1537-o1" "Mozilla/5.0 (Linux; arm_64; Android 7.0; Redmi Note 4) AppleWebKit/537.36 (KHTML, like Gecko) Chrome/79.0.3945.117 YaApp_Android/10.63 YaSearchBrowser/10.63 BroPP/1.0 SA/1 Mobile Safari/537.36"
45.84.107.33 - - [12/Oct/2025:01:30:44 +0200] "GET /ort-typ/gynaekologen HTTP/1.1" 301 4542 "https://www.welove.family/ort-typ/gynaekologen" "Mozilla/5.0 (Linux; arm_64; Android 7.0; Redmi Note 4) AppleWebKit/537.36 (KHTML, like Gecko) Chrome/79.0.3945.117 YaApp_Android/10.63 YaSearchBrowser/10.63 BroPP/1.0 SA/1 Mobile Safari/537.36"
185.191.171.13 - - [12/Oct/2025:01:30:45 +0200] "GET /10-tipps-zum-entspannten-einkaufen-mit-kindern/ HTTP/1.1" 200 37116 "-" "Mozilla/5.0 (compatible; SemrushBot/7~bl; +http://www.semrush.com/bot.html)"
49.13.37.29 - - [12/Oct/2025:01:30:47 +0200] "GET /robots.txt HTTP/1.1" 200 393 "-" "Mozilla/5.0 (compatible; MetaJobBot; https://www.metajob.at/crawler)"
51.89.129.126 - - [12/Oct/2025:01:30:47 +0200] "GET /wp-content/uploads/2019/07/plane-841441_1920-696x462.jpg HTTP/1.1" 200 184820 "-" "Mozilla/5.0 (compatible; AhrefsBot/7.0; +http://ahrefs.com/robot/)"
185.191.171.9 - - [12/Oct/2025:01:30:46 +0200] "GET /10-tipps-zum-entspannten-einkaufen-mit-kindern/ HTTP/1.1" 200 37089 "-" "Mozilla/5.0 (compatible; SemrushBot/7~bl; +http://www.semrush.com/bot.html)"
49.13.37.29 - - [12/Oct/2025:01:30:47 +0200] "GET / HTTP/1.1" 301 1184 "-" "Mozilla/5.0 (compatible; MetaJobBot; https://www.metajob.at/crawler)"
45.84.107.33 - - [12/Oct/2025:01:30:45 +0200] "GET /ort-typ/gynaekologen/ HTTP/1.1" 200 613179 "https://www.welove.family/ort-typ/gynaekologen" "Mozilla/5.0 (Linux; arm_64; Android 7.0; Redmi Note 4) AppleWebKit/537.36 (KHTML, like Gecko) Chrome/79.0.3945.117 YaApp_Android/10.63 YaSearchBrowser/10.63 BroPP/1.0 SA/1 Mobile Safari/537.36"
185.220.101.55 - - [12/Oct/2025:01:30:57 +0200] "GET /ort-typ/kindergaerten HTTP/1.1" 301 4543 "https://www.welove.family/ort-typ/kindergaerten" "Mozilla/5.0 (Linux; arm_64; Android 7.0; Redmi Note 4) AppleWebKit/537.36 (KHTML, like Gecko) Chrome/79.0.3945.117 YaApp_Android/10.63 YaSearchBrowser/10.63 BroPP/1.0 SA/1 Mobile Safari/537.36"
114.119.166.63 - - [12/Oct/2025:01:31:07 +0200] "GET /kind-will-nicht-mehr-in-den-kindergarten/ HTTP/1.1" 200 38072 "https://www.welovefamily.at/category/expertentipps/kleinkind-expertentipps/page/19/?filter_by=random_posts" "Mozilla/5.0 (Linux; Android 7.0;) AppleWebKit/537.36 (KHTML, like Gecko) Mobile Safari/537.36 (compatible; PetalBot;+https://webmaster.petalsearch.com/site/petalbot)"
114.119.133.89 - - [12/Oct/2025:01:31:12 +0200] "GET /ort/audioversum-sciencecenter-in-innsbruck HTTP/1.1" 301 4643 "https://www.welovefamily.at/ort-typ/abenteuer/" "Mozilla/5.0 (Linux; Android 7.0;) AppleWebKit/537.36 (KHTML, like Gecko) Mobile Safari/537.36 (compatible; PetalBot;+https://webmaster.petalsearch.com/site/petalbot)"
114.119.133.89 - - [12/Oct/2025:01:31:14 +0200] "GET /ort/audioversum-sciencecenter-in-innsbruck/ HTTP/1.1" 200 31736 "https://www.welovefamily.at/ort-typ/abenteuer/" "Mozilla/5.0 (Linux; Android 7.0;) AppleWebKit/537.36 (KHTML, like Gecko) Mobile Safari/537.36 (compatible; PetalBot;+https://webmaster.petalsearch.com/site/petalbot)"
66.249.68.132 - - [12/Oct/2025:01:31:17 +0200] "GET /wp-content/uploads/2017/11/GNG-1311_shutterstock-ID-526575610.jpg HTTP/1.1" 304 3598 "-" "Googlebot-Image/1.0"
185.220.101.55 - - [12/Oct/2025:01:30:58 +0200] "GET /ort-typ/kindergaerten/ HTTP/1.1" 200 92672 "https://www.welove.family/ort-typ/kindergaerten" "Mozilla/5.0 (Linux; arm_64; Android 7.0; Redmi Note 4) AppleWebKit/537.36 (KHTML, like Gecko) Chrome/79.0.3945.117 YaApp_Android/10.63 YaSearchBrowser/10.63 BroPP/1.0 SA/1 Mobile Safari/537.36"
94.16.115.121 - - [12/Oct/2025:01:31:21 +0200] "GET /ort-typ/volksschulen HTTP/1.1" 301 4542 "https://www.welove.family/ort-typ/volksschulen" "Mozilla/5.0 (Linux; arm_64; Android 7.0; Redmi Note 4) AppleWebKit/537.36 (KHTML, like Gecko) Chrome/79.0.3945.117 YaApp_Android/10.63 YaSearchBrowser/10.63 BroPP/1.0 SA/1 Mobile Safari/537.36"
51.195.215.175 - - [12/Oct/2025:01:31:24 +0200] "GET /buchtipp-wackelzahngeschichten/ HTTP/1.1" 200 33872 "-" "Mozilla/5.0 (compatible; AhrefsBot/7.0; +http://ahrefs.com/robot/)"
94.16.115.121 - - [12/Oct/2025:01:31:22 +0200] "GET /ort-typ/volksschulen/ HTTP/1.1" 200 486205 "https://www.welove.family/ort-typ/volksschulen" "Mozilla/5.0 (Linux; arm_64; Android 7.0; Redmi Note 4) AppleWebKit/537.36 (KHTML, like Gecko) Chrome/79.0.3945.117 YaApp_Android/10.63 YaSearchBrowser/10.63 BroPP/1.0 SA/1 Mobile Safari/537.36"
45.84.107.172 - - [12/Oct/2025:01:31:34 +0200] "GET /partner HTTP/1.1" 301 4529 "https://www.welove.family/partner" "Mozilla/5.0 (Linux; arm_64; Android 7.0; Redmi Note 4) AppleWebKit/537.36 (KHTML, like Gecko) Chrome/79.0.3945.117 YaApp_Android/10.63 YaSearchBrowser/10.63 BroPP/1.0 SA/1 Mobile Safari/537.36"
45.84.107.172 - - [12/Oct/2025:01:31:34 +0200] "GET /partner/ HTTP/1.1" 200 136446 "https://www.welove.family/partner" "Mozilla/5.0 (Linux; arm_64; Android 7.0; Redmi Note 4) AppleWebKit/537.36 (KHTML, like Gecko) Chrome/79.0.3945.117 YaApp_Android/10.63 YaSearchBrowser/10.63 BroPP/1.0 SA/1 Mobile Safari/537.36"
66.249.68.133 - - [12/Oct/2025:01:31:35 +0200] "GET /item/25218906 HTTP/1.1" 200 30810 "-" "Mozilla/5.0 (Linux; Android 6.0.1; Nexus 5X Build/MMB29P) AppleWebKit/537.36 (KHTML, like Gecko) Chrome/140.0.7339.207 Mobile Safari/537.36 (compatible; Googlebot/2.1; +http://www.google.com/bot.html)"
45.84.107.172 - - [12/Oct/2025:01:31:37 +0200] "GET /prinz-und-prinzessin-im-klassenzimmer HTTP/1.1" 301 4609 "https://www.welove.family/prinz-und-prinzessin-im-klassenzimmer" "Mozilla/5.0 (Linux; arm_64; Android 7.0; Redmi Note 4) AppleWebKit/537.36 (KHTML, like Gecko) Chrome/79.0.3945.117 YaApp_Android/10.63 YaSearchBrowser/10.63 BroPP/1.0 SA/1 Mobile Safari/537.36"
45.84.107.172 - - [12/Oct/2025:01:31:38 +0200] "GET /prinz-und-prinzessin-im-klassenzimmer/ HTTP/1.1" 200 143256 "https://www.welove.family/prinz-und-prinzessin-im-klassenzimmer" "Mozilla/5.0 (Linux; arm_64; Android 7.0; Redmi Note 4) AppleWebKit/537.36 (KHTML, like Gecko) Chrome/79.0.3945.117 YaApp_Android/10.63 YaSearchBrowser/10.63 BroPP/1.0 SA/1 Mobile Safari/537.36"
66.249.68.133 - - [12/Oct/2025:01:31:39 +0200] "GET /s/driest/shopbrand/46545596.shtm HTTP/1.1" 200 27901 "-" "Mozilla/5.0 (Linux; Android 6.0.1; Nexus 5X Build/MMB29P) AppleWebKit/537.36 (KHTML, like Gecko) Chrome/140.0.7339.207 Mobile Safari/537.36 (compatible; Googlebot/2.1; +http://www.google.com/bot.html)"
192.76.153.253 - - [12/Oct/2025:01:31:40 +0200] "GET /profile/login HTTP/1.1" 301 4585 "https://www.welove.family/profile/login" "Mozilla/5.0 (Linux; arm_64; Android 7.0; Redmi Note 4) AppleWebKit/537.36 (KHTML, like Gecko) Chrome/79.0.3945.117 YaApp_Android/10.63 YaSearchBrowser/10.63 BroPP/1.0 SA/1 Mobile Safari/537.36"
192.76.153.253 - - [12/Oct/2025:01:31:41 +0200] "GET /profile/login/ HTTP/1.1" 200 119494 "https://www.welove.family/profile/login" "Mozilla/5.0 (Linux; arm_64; Android 7.0; Redmi Note 4) AppleWebKit/537.36 (KHTML, like Gecko) Chrome/79.0.3945.117 YaApp_Android/10.63 YaSearchBrowser/10.63 BroPP/1.0 SA/1 Mobile Safari/537.36"
192.76.153.253 - - [12/Oct/2025:01:31:43 +0200] "GET /rabatte-aktionen HTTP/1.1" 301 4538 "https://www.welove.family/rabatte-aktionen" "Mozilla/5.0 (Linux; arm_64; Android 7.0; Redmi Note 4) AppleWebKit/537.36 (KHTML, like Gecko) Chrome/79.0.3945.117 YaApp_Android/10.63 YaSearchBrowser/10.63 BroPP/1.0 SA/1 Mobile Safari/537.36"
192.76.153.253 - - [12/Oct/2025:01:31:43 +0200] "GET /rabatte-aktionen/ HTTP/1.1" 200 129535 "https://www.welove.family/rabatte-aktionen" "Mozilla/5.0 (Linux; arm_64; Android 7.0; Redmi Note 4) AppleWebKit/537.36 (KHTML, like Gecko) Chrome/79.0.3945.117 YaApp_Android/10.63 YaSearchBrowser/10.63 BroPP/1.0 SA/1 Mobile Safari/537.36"
192.76.153.253 - - [12/Oct/2025:01:31:46 +0200] "GET /rezept/kuerbis-kaesekuchen-muffins HTTP/1.1" 301 4556 "https://www.welove.family/rezept/kuerbis-kaesekuchen-muffins" "Mozilla/5.0 (Linux; arm_64; Android 7.0; Redmi Note 4) AppleWebKit/537.36 (KHTML, like Gecko) Chrome/79.0.3945.117 YaApp_Android/10.63 YaSearchBrowser/10.63 BroPP/1.0 SA/1 Mobile Safari/537.36"
192.76.153.253 - - [12/Oct/2025:01:31:46 +0200] "GET /rezept/kuerbis-kaesekuchen-muffins/ HTTP/1.1" 200 135495 "https://www.welove.family/rezept/kuerbis-kaesekuchen-muffins" "Mozilla/5.0 (Linux; arm_64; Android 7.0; Redmi Note 4) AppleWebKit/537.36 (KHTML, like Gecko) Chrome/79.0.3945.117 YaApp_Android/10.63 YaSearchBrowser/10.63 BroPP/1.0 SA/1 Mobile Safari/537.36"
54.210.155.69 - - [12/Oct/2025:01:31:47 +0200] "GET / HTTP/1.1" 301 1161 "-" "Mozilla/5.0 AppleWebKit/537.36 (KHTML, like Gecko; compatible; Amazonbot/0.1; +https://developer.amazon.com/support/amazonbot) Chrome/119.0.6045.214 Safari/537.36"
66.249.68.132 - - [12/Oct/2025:01:31:48 +0200] "GET /item/25292070 HTTP/1.1" 200 28668 "-" "Mozilla/5.0 (Linux; Android 6.0.1; Nexus 5X Build/MMB29P) AppleWebKit/537.36 (KHTML, like Gecko) Chrome/140.0.7339.207 Mobile Safari/537.36 (compatible; Googlebot/2.1; +http://www.google.com/bot.html)"
54.167.32.123 - - [12/Oct/2025:01:31:48 +0200] "GET / HTTP/1.1" 200 37854 "-" "Mozilla/5.0 AppleWebKit/537.36 (KHTML, like Gecko; compatible; Amazonbot/0.1; +https://developer.amazon.com/support/amazonbot) Chrome/119.0.6045.214 Safari/537.36"
192.76.153.253 - - [12/Oct/2025:01:31:51 +0200] "GET /rezept/pfirsich-kokos-kuchen HTTP/1.1" 301 4550 "https://www.welove.family/rezept/pfirsich-kokos-kuchen" "Mozilla/5.0 (Linux; arm_64; Android 7.0; Redmi Note 4) AppleWebKit/537.36 (KHTML, like Gecko) Chrome/79.0.3945.117 YaApp_Android/10.63 YaSearchBrowser/10.63 BroPP/1.0 SA/1 Mobile Safari/537.36"
192.76.153.253 - - [12/Oct/2025:01:31:51 +0200] "GET /rezept/pfirsich-kokos-kuchen/ HTTP/1.1" 200 132647 "https://www.welove.family/rezept/pfirsich-kokos-kuchen" "Mozilla/5.0 (Linux; arm_64; Android 7.0; Redmi Note 4) AppleWebKit/537.36 (KHTML, like Gecko) Chrome/79.0.3945.117 YaApp_Android/10.63 YaSearchBrowser/10.63 BroPP/1.0 SA/1 Mobile Safari/537.36"
45.84.107.47 - - [12/Oct/2025:01:31:54 +0200] "GET /rezepte HTTP/1.1" 301 4529 "https://www.welove.family/rezepte" "Mozilla/5.0 (Linux; arm_64; Android 7.0; Redmi Note 4) AppleWebKit/537.36 (KHTML, like Gecko) Chrome/79.0.3945.117 YaApp_Android/10.63 YaSearchBrowser/10.63 BroPP/1.0 SA/1 Mobile Safari/537.36"
45.84.107.47 - - [12/Oct/2025:01:31:55 +0200] "GET /rezepte/ HTTP/1.1" 200 176998 "https://www.welove.family/rezepte" "Mozilla/5.0 (Linux; arm_64; Android 7.0; Redmi Note 4) AppleWebKit/537.36 (KHTML, like Gecko) Chrome/79.0.3945.117 YaApp_Android/10.63 YaSearchBrowser/10.63 BroPP/1.0 SA/1 Mobile Safari/537.36"
45.84.107.47 - - [12/Oct/2025:01:31:57 +0200] "POST /rezepte/ HTTP/1.1" 200 180704 "https://www.welove.family/rezepte/#wpcf7-f105347-p25858-o1" "Mozilla/5.0 (Linux; arm_64; Android 7.0; Redmi Note 4) AppleWebKit/537.36 (KHTML, like Gecko) Chrome/79.0.3945.117 YaApp_Android/10.63 YaSearchBrowser/10.63 BroPP/1.0 SA/1 Mobile Safari/537.36"
207.46.13.116 - - [12/Oct/2025:01:31:59 +0200] "GET /ww/goodscode327169774.shtm HTTP/1.1" 200 28958 "-" "Mozilla/5.0 AppleWebKit/537.36 (KHTML, like Gecko; compatible; bingbot/2.0; +http://www.bing.com/bingbot.htm) Chrome/116.0.1938.76 Safari/537.36"
45.84.107.47 - - [12/Oct/2025:01:32:00 +0200] "GET /schwangerschaftskalender HTTP/1.1" 301 4546 "https://www.welove.family/schwangerschaftskalender" "Mozilla/5.0 (Linux; arm_64; Android 7.0; Redmi Note 4) AppleWebKit/537.36 (KHTML, like Gecko) Chrome/79.0.3945.117 YaApp_Android/10.63 YaSearchBrowser/10.63 BroPP/1.0 SA/1 Mobile Safari/537.36"
45.84.107.47 - - [12/Oct/2025:01:32:01 +0200] "GET /schwangerschaftskalender/ HTTP/1.1" 200 129328 "https://www.welove.family/schwangerschaftskalender" "Mozilla/5.0 (Linux; arm_64; Android 7.0; Redmi Note 4) AppleWebKit/537.36 (KHTML, like Gecko) Chrome/79.0.3945.117 YaApp_Android/10.63 YaSearchBrowser/10.63 BroPP/1.0 SA/1 Mobile Safari/537.36"
45.84.107.47 - - [12/Oct/2025:01:32:02 +0200] "GET /pw_subscribe?week=%F0%9F%96%A5+SECURITY+ALERT%3A+Unauthorized+transfer+of+2.0+Bitcoin.+Cancel%3F+%3E+https%3A%2F%2Fgraph.org%2FGet-your-BTC-09-11%3Fhs%3Dc3b2cab173e04e78182c899578421ced%26+%F0%9F%96%A5&mail=veita%40btcmod.com&pw_subscribe_nonce=3677f7713b&_wp_http_referer=%2Fschwangerschaftskalender%2F HTTP/1.1" 404 152115 "https://www.welove.family/pw_subscribe?week=%F0%9F%96%A5+SECURITY+ALERT%3A+Unauthorized+transfer+of+2.0+Bitcoin.+Cancel%3F+%3E+https%3A%2F%2Fgraph.org%2FGet-your-BTC-09-11%3Fhs%3Dc3b2cab173e04e78182c899578421ced%26+%F0%9F%96%A5&mail=veita%40btcmod.com&pw_subscribe_nonce=3677f7713b&_wp_http_referer=%2Fschwangerschaftskalender%2F" "Mozilla/5.0 (Linux; arm_64; Android 7.0; Redmi Note 4) AppleWebKit/537.36 (KHTML, like Gecko) Chrome/79.0.3945.117 YaApp_Android/10.63 YaSearchBrowser/10.63 BroPP/1.0 SA/1 Mobile Safari/537.36"
45.84.107.47 - - [12/Oct/2025:01:32:04 +0200] "GET /spannende-familienferien-australien-mit-kindern-erleben HTTP/1.1" 301 4577 "https://www.welove.family/spannende-familienferien-australien-mit-kindern-erleben" "Mozilla/5.0 (Linux; arm_64; Android 7.0; Redmi Note 4) AppleWebKit/537.36 (KHTML, like Gecko) Chrome/79.0.3945.117 YaApp_Android/10.63 YaSearchBrowser/10.63 BroPP/1.0 SA/1 Mobile Safari/537.36"
45.84.107.47 - - [12/Oct/2025:01:32:05 +0200] "GET /spannende-familienferien-australien-mit-kindern-erleben/ HTTP/1.1" 200 149175 "https://www.welove.family/spannende-familienferien-australien-mit-kindern-erleben" "Mozilla/5.0 (Linux; arm_64; Android 7.0; Redmi Note 4) AppleWebKit/537.36 (KHTML, like Gecko) Chrome/79.0.3945.117 YaApp_Android/10.63 YaSearchBrowser/10.63 BroPP/1.0 SA/1 Mobile Safari/537.36"
45.84.107.47 - - [12/Oct/2025:01:32:06 +0200] "POST /spannende-familienferien-australien-mit-kindern-erleben/ HTTP/1.1" 200 153115 "https://www.welove.family/spannende-familienferien-australien-mit-kindern-erleben/#wpcf7-f105347-p108353-o1" "Mozilla/5.0 (Linux; arm_64; Android 7.0; Redmi Note 4) AppleWebKit/537.36 (KHTML, like Gecko) Chrome/79.0.3945.117 YaApp_Android/10.63 YaSearchBrowser/10.63 BroPP/1.0 SA/1 Mobile Safari/537.36"
45.84.107.47 - - [12/Oct/2025:01:32:09 +0200] "GET /toxische-schwiegermuetter-welches-verhalten-absolut-nicht-okay-ist HTTP/1.1" 301 4588 "https://www.welove.family/toxische-schwiegermuetter-welches-verhalten-absolut-nicht-okay-ist" "Mozilla/5.0 (Linux; arm_64; Android 7.0; Redmi Note 4) AppleWebKit/537.36 (KHTML, like Gecko) Chrome/79.0.3945.117 YaApp_Android/10.63 YaSearchBrowser/10.63 BroPP/1.0 SA/1 Mobile Safari/537.36"
