20.171.207.200 - - [12/Oct/2025:03:34:20 +0200] "GET /item/24745486?fileloc=/data/www/welovefamily.at/welovefamily.at/htdocs/readme.html&path=/data/www/welovefamily.at/welovefamily.at/htdocs HTTP/1.1" 200 6047 "-" "Mozilla/5.0 AppleWebKit/537.36 (KHTML, like Gecko; compatible; GPTBot/1.2; +https://openai.com/gptbot)"
182.22.28.104 - - [12/Oct/2025:03:34:23 +0200] "GET /item/22212690 HTTP/1.1" 200 25771 "-" "Y!J-ASR/1.0 crawler (https://support.yahoo-net.jp/PccSearch/s/article/H000007955)"
20.171.207.200 - - [12/Oct/2025:03:34:23 +0200] "GET /item/14644530?path=/data/www HTTP/1.1" 200 3019 "-" "Mozilla/5.0 AppleWebKit/537.36 (KHTML, like Gecko; compatible; GPTBot/1.2; +https://openai.com/gptbot)"
20.171.207.200 - - [12/Oct/2025:03:34:26 +0200] "GET /item/22760482?path=/data/www/welovefamily.at HTTP/1.1" 200 3035 "-" "Mozilla/5.0 AppleWebKit/537.36 (KHTML, like Gecko; compatible; GPTBot/1.2; +https://openai.com/gptbot)"
182.22.28.102 - - [12/Oct/2025:03:34:27 +0200] "GET /item/16334198 HTTP/1.1" 200 26460 "-" "Y!J-ASR/1.0 crawler (https://support.yahoo-net.jp/PccSearch/s/article/H000007955)"
20.171.207.200 - - [12/Oct/2025:03:34:30 +0200] "GET /item/14644530?path=/data/www/welovefamily.at HTTP/1.1" 200 3035 "-" "Mozilla/5.0 AppleWebKit/537.36 (KHTML, like Gecko; compatible; GPTBot/1.2; +https://openai.com/gptbot)"
182.22.28.75 - - [12/Oct/2025:03:34:31 +0200] "GET /item/24617554 HTTP/1.1" 200 27291 "-" "Y!J-ASR/1.0 crawler (https://support.yahoo-net.jp/PccSearch/s/article/H000007955)"
20.171.207.200 - - [12/Oct/2025:03:34:33 +0200] "GET /item/26348042?path=/data/www/welovefamily.at HTTP/1.1" 200 3035 "-" "Mozilla/5.0 AppleWebKit/537.36 (KHTML, like Gecko; compatible; GPTBot/1.2; +https://openai.com/gptbot)"
52.167.144.19 - - [12/Oct/2025:03:34:34 +0200] "GET /w29702469 HTTP/1.1" 404 58349 "-" "Mozilla/5.0 AppleWebKit/537.36 (KHTML, like Gecko; compatible; bingbot/2.0; +http://www.bing.com/bingbot.htm) Chrome/116.0.1938.76 Safari/537.36"
182.22.28.119 - - [12/Oct/2025:03:34:36 +0200] "GET /item/20855686 HTTP/1.1" 200 26174 "-" "Y!J-ASR/1.0 crawler (https://support.yahoo-net.jp/PccSearch/s/article/H000007955)"
20.171.207.200 - - [12/Oct/2025:03:34:36 +0200] "GET /item/24745486?path=/data/www/welovefamily.at HTTP/1.1" 200 3035 "-" "Mozilla/5.0 AppleWebKit/537.36 (KHTML, like Gecko; compatible; GPTBot/1.2; +https://openai.com/gptbot)"
20.171.207.200 - - [12/Oct/2025:03:34:39 +0200] "GET /item/26348042?path=/ HTTP/1.1" 200 3001 "-" "Mozilla/5.0 AppleWebKit/537.36 (KHTML, like Gecko; compatible; GPTBot/1.2; +https://openai.com/gptbot)"
182.22.28.92 - - [12/Oct/2025:03:34:40 +0200] "GET /item/16669322 HTTP/1.1" 200 30258 "-" "Y!J-ASR/1.0 crawler (https://support.yahoo-net.jp/PccSearch/s/article/H000007955)"
20.171.207.200 - - [12/Oct/2025:03:34:42 +0200] "GET /item/22760482?path=/ HTTP/1.1" 200 3001 "-" "Mozilla/5.0 AppleWebKit/537.36 (KHTML, like Gecko; compatible; GPTBot/1.2; +https://openai.com/gptbot)"
182.22.28.106 - - [12/Oct/2025:03:34:44 +0200] "GET /item/23031322 HTTP/1.1" 200 29931 "-" "Y!J-ASR/1.0 crawler (https://support.yahoo-net.jp/PccSearch/s/article/H000007955)"
85.208.96.206 - - [12/Oct/2025:03:34:44 +0200] "GET /category/expertentipps/ HTTP/1.1" 404 58262 "-" "Mozilla/5.0 (compatible; SemrushBot/7~bl; +http://www.semrush.com/bot.html)"
217.113.43.215 - - [12/Oct/2025:03:34:45 +0200] "GET /feed/ HTTP/1.1" 200 7620 "https://www.google.com" "Mozilla/5.0 (Windows NT 10.0; Win64; x64) AppleWebKit/537.36 (KHTML, like Gecko) Chrome/115.0.0.0 Safari/537.36"
20.171.207.200 - - [12/Oct/2025:03:34:46 +0200] "GET /item/14644530?path=/ HTTP/1.1" 200 3001 "-" "Mozilla/5.0 AppleWebKit/537.36 (KHTML, like Gecko; compatible; GPTBot/1.2; +https://openai.com/gptbot)"
182.22.28.73 - - [12/Oct/2025:03:34:48 +0200] "GET /item/21601342 HTTP/1.1" 200 26069 "-" "Y!J-ASR/1.0 crawler (https://support.yahoo-net.jp/PccSearch/s/article/H000007955)"
20.171.207.200 - - [12/Oct/2025:03:34:49 +0200] "GET /item/24018362?path=/ HTTP/1.1" 200 3001 "-" "Mozilla/5.0 AppleWebKit/537.36 (KHTML, like Gecko; compatible; GPTBot/1.2; +https://openai.com/gptbot)"
20.171.207.200 - - [12/Oct/2025:03:34:52 +0200] "GET /item/15643690 HTTP/1.1" 200 4420 "-" "Mozilla/5.0 AppleWebKit/537.36 (KHTML, like Gecko; compatible; GPTBot/1.2; +https://openai.com/gptbot)"
182.22.28.92 - - [12/Oct/2025:03:34:52 +0200] "GET /item/16708638 HTTP/1.1" 200 25676 "-" "Y!J-ASR/1.0 crawler (https://support.yahoo-net.jp/PccSearch/s/article/H000007955)"
20.171.207.200 - - [12/Oct/2025:03:34:55 +0200] "GET /item/25180166 HTTP/1.1" 200 4420 "-" "Mozilla/5.0 AppleWebKit/537.36 (KHTML, like Gecko; compatible; GPTBot/1.2; +https://openai.com/gptbot)"
182.22.28.81 - - [12/Oct/2025:03:34:56 +0200] "GET /item/15577226 HTTP/1.1" 200 26796 "-" "Y!J-ASR/1.0 crawler (https://support.yahoo-net.jp/PccSearch/s/article/H000007955)"
62.218.203.35 - - [12/Oct/2025:03:34:57 +0200] "GET /feed/ HTTP/1.1" 404 58243 "-" "Mozilla/5.0 (compatible; ecoresearch/feed/0.9; +http://www.ecoresearch.net)"
20.171.207.200 - - [12/Oct/2025:03:34:58 +0200] "GET /item/24745486?path=/ HTTP/1.1" 200 3001 "-" "Mozilla/5.0 AppleWebKit/537.36 (KHTML, like Gecko; compatible; GPTBot/1.2; +https://openai.com/gptbot)"
114.119.153.11 - - [12/Oct/2025:03:34:59 +0200] "GET /toedliche-hitze-im-auto-lebensgefahr-fuer-dein-kind/ HTTP/1.1" 200 7781 "https://www.welovefamily.at/category/aktuell/page/7/" "Mozilla/5.0 (Linux; Android 7.0;) AppleWebKit/537.36 (KHTML, like Gecko) Mobile Safari/537.36 (compatible; PetalBot;+https://webmaster.petalsearch.com/site/petalbot)"
20.171.207.200 - - [12/Oct/2025:03:35:01 +0200] "GET /item/17364146 HTTP/1.1" 200 4420 "-" "Mozilla/5.0 AppleWebKit/537.36 (KHTML, like Gecko; compatible; GPTBot/1.2; +https://openai.com/gptbot)"
182.22.28.108 - - [12/Oct/2025:03:35:01 +0200] "GET /item/18067798 HTTP/1.1" 200 26179 "-" "Y!J-ASR/1.0 crawler (https://support.yahoo-net.jp/PccSearch/s/article/H000007955)"
20.171.207.200 - - [12/Oct/2025:03:35:04 +0200] "GET /item/15643690?path=/data/www HTTP/1.1" 200 3019 "-" "Mozilla/5.0 AppleWebKit/537.36 (KHTML, like Gecko; compatible; GPTBot/1.2; +https://openai.com/gptbot)"
182.22.28.104 - - [12/Oct/2025:03:35:05 +0200] "GET /item/18492858 HTTP/1.1" 200 28712 "-" "Y!J-ASR/1.0 crawler (https://support.yahoo-net.jp/PccSearch/s/article/H000007955)"
20.171.207.200 - - [12/Oct/2025:03:35:07 +0200] "GET /item/25180166?path=/data/www HTTP/1.1" 200 3019 "-" "Mozilla/5.0 AppleWebKit/537.36 (KHTML, like Gecko; compatible; GPTBot/1.2; +https://openai.com/gptbot)"
182.22.28.105 - - [12/Oct/2025:03:35:09 +0200] "GET /item/19430294 HTTP/1.1" 200 25624 "-" "Y!J-ASR/1.0 crawler (https://support.yahoo-net.jp/PccSearch/s/article/H000007955)"
20.171.207.200 - - [12/Oct/2025:03:35:11 +0200] "GET /item/15033130 HTTP/1.1" 200 4420 "-" "Mozilla/5.0 AppleWebKit/537.36 (KHTML, like Gecko; compatible; GPTBot/1.2; +https://openai.com/gptbot)"
182.22.28.80 - - [12/Oct/2025:03:35:13 +0200] "GET /item/23614910 HTTP/1.1" 200 29827 "-" "Y!J-ASR/1.0 crawler (https://support.yahoo-net.jp/PccSearch/s/article/H000007955)"
20.171.207.200 - - [12/Oct/2025:03:35:14 +0200] "GET /item/17364146?path=/data/www HTTP/1.1" 200 3019 "-" "Mozilla/5.0 AppleWebKit/537.36 (KHTML, like Gecko; compatible; GPTBot/1.2; +https://openai.com/gptbot)"
20.171.207.200 - - [12/Oct/2025:03:35:17 +0200] "GET /item/25180166?path=/data/www/welovefamily.at HTTP/1.1" 200 3035 "-" "Mozilla/5.0 AppleWebKit/537.36 (KHTML, like Gecko; compatible; GPTBot/1.2; +https://openai.com/gptbot)"
182.22.28.111 - - [12/Oct/2025:03:35:18 +0200] "GET /item/25280202 HTTP/1.1" 200 26057 "-" "Y!J-ASR/1.0 crawler (https://support.yahoo-net.jp/PccSearch/s/article/H000007955)"
20.171.207.200 - - [12/Oct/2025:03:35:20 +0200] "GET /item/15643690?path=/data/www/welovefamily.at HTTP/1.1" 200 3035 "-" "Mozilla/5.0 AppleWebKit/537.36 (KHTML, like Gecko; compatible; GPTBot/1.2; +https://openai.com/gptbot)"
66.249.68.132 - - [12/Oct/2025:03:35:20 +0200] "GET /item/24922386 HTTP/1.1" 200 29561 "-" "Mozilla/5.0 (Linux; Android 6.0.1; Nexus 5X Build/MMB29P) AppleWebKit/537.36 (KHTML, like Gecko) Chrome/140.0.7339.207 Mobile Safari/537.36 (compatible; Googlebot/2.1; +http://www.google.com/bot.html)"
182.22.28.110 - - [12/Oct/2025:03:35:22 +0200] "GET /item/19669830 HTTP/1.1" 200 26424 "-" "Y!J-ASR/1.0 crawler (https://support.yahoo-net.jp/PccSearch/s/article/H000007955)"
20.171.207.200 - - [12/Oct/2025:03:35:23 +0200] "GET /item/17364146?path=/data/www/welovefamily.at HTTP/1.1" 200 3035 "-" "Mozilla/5.0 AppleWebKit/537.36 (KHTML, like Gecko; compatible; GPTBot/1.2; +https://openai.com/gptbot)"
20.171.207.200 - - [12/Oct/2025:03:35:26 +0200] "GET /item/15033130?path=/data/www HTTP/1.1" 200 3019 "-" "Mozilla/5.0 AppleWebKit/537.36 (KHTML, like Gecko; compatible; GPTBot/1.2; +https://openai.com/gptbot)"
182.22.28.90 - - [12/Oct/2025:03:35:26 +0200] "GET /item/17306502 HTTP/1.1" 200 29118 "-" "Y!J-ASR/1.0 crawler (https://support.yahoo-net.jp/PccSearch/s/article/H000007955)"
20.171.207.200 - - [12/Oct/2025:03:35:29 +0200] "GET /item/15033130?path=/data/www/welovefamily.at HTTP/1.1" 200 3035 "-" "Mozilla/5.0 AppleWebKit/537.36 (KHTML, like Gecko; compatible; GPTBot/1.2; +https://openai.com/gptbot)"
182.22.28.78 - - [12/Oct/2025:03:35:31 +0200] "GET /item/23506054 HTTP/1.1" 200 28619 "-" "Y!J-ASR/1.0 crawler (https://support.yahoo-net.jp/PccSearch/s/article/H000007955)"
20.171.207.200 - - [12/Oct/2025:03:35:32 +0200] "GET /item/25180166?path=/ HTTP/1.1" 200 3001 "-" "Mozilla/5.0 AppleWebKit/537.36 (KHTML, like Gecko; compatible; GPTBot/1.2; +https://openai.com/gptbot)"
20.171.207.200 - - [12/Oct/2025:03:35:35 +0200] "GET /item/15643690?path=/ HTTP/1.1" 200 3001 "-" "Mozilla/5.0 AppleWebKit/537.36 (KHTML, like Gecko; compatible; GPTBot/1.2; +https://openai.com/gptbot)"
182.22.28.76 - - [12/Oct/2025:03:35:35 +0200] "GET /item/26165382 HTTP/1.1" 200 26155 "-" "Y!J-ASR/1.0 crawler (https://support.yahoo-net.jp/PccSearch/s/article/H000007955)"
20.171.207.200 - - [12/Oct/2025:03:35:39 +0200] "GET /item/17364146?path=/ HTTP/1.1" 200 3001 "-" "Mozilla/5.0 AppleWebKit/537.36 (KHTML, like Gecko; compatible; GPTBot/1.2; +https://openai.com/gptbot)"
182.22.28.83 - - [12/Oct/2025:03:35:40 +0200] "GET /item/24219258 HTTP/1.1" 200 29428 "-" "Y!J-ASR/1.0 crawler (https://support.yahoo-net.jp/PccSearch/s/article/H000007955)"
17.22.253.193 - - [12/Oct/2025:03:35:41 +0200] "GET /rezept/putenragout-mit-kresse/ HTTP/1.1" 200 7762 "-" "Mozilla/5.0 (Macintosh; Intel Mac OS X 10_15_7) AppleWebKit/605.1.15 (KHTML, like Gecko) Version/17.4 Safari/605.1.15 (Applebot/0.1; +http://www.apple.com/go/applebot)"
20.171.207.200 - - [12/Oct/2025:03:35:42 +0200] "GET /item/15033130?path=/ HTTP/1.1" 200 3001 "-" "Mozilla/5.0 AppleWebKit/537.36 (KHTML, like Gecko; compatible; GPTBot/1.2; +https://openai.com/gptbot)"
182.22.28.94 - - [12/Oct/2025:03:35:44 +0200] "GET /item/15719614 HTTP/1.1" 200 26854 "-" "Y!J-ASR/1.0 crawler (https://support.yahoo-net.jp/PccSearch/s/article/H000007955)"
20.171.207.200 - - [12/Oct/2025:03:35:45 +0200] "GET /item/16582370 HTTP/1.1" 200 4420 "-" "Mozilla/5.0 AppleWebKit/537.36 (KHTML, like Gecko; compatible; GPTBot/1.2; +https://openai.com/gptbot)"
66.249.68.133 - - [12/Oct/2025:03:35:46 +0200] "GET / HTTP/1.1" 200 29718 "-" "Mozilla/5.0 (compatible; Googlebot/2.1; +http://www.google.com/bot.html)"
182.22.28.107 - - [12/Oct/2025:03:35:48 +0200] "GET /item/14777498 HTTP/1.1" 200 28396 "-" "Y!J-ASR/1.0 crawler (https://support.yahoo-net.jp/PccSearch/s/article/H000007955)"
20.171.207.200 - - [12/Oct/2025:03:35:48 +0200] "GET /item/20506974 HTTP/1.1" 200 4420 "-" "Mozilla/5.0 AppleWebKit/537.36 (KHTML, like Gecko; compatible; GPTBot/1.2; +https://openai.com/gptbot)"
207.46.13.18 - - [12/Oct/2025:03:35:50 +0200] "GET /me/scordium/product455848540.shtm HTTP/1.1" 200 29039 "-" "Mozilla/5.0 AppleWebKit/537.36 (KHTML, like Gecko; compatible; bingbot/2.0; +http://www.bing.com/bingbot.htm) Chrome/116.0.1938.76 Safari/537.36"
20.171.207.200 - - [12/Oct/2025:03:35:51 +0200] "GET /item/21056174 HTTP/1.1" 200 4420 "-" "Mozilla/5.0 AppleWebKit/537.36 (KHTML, like Gecko; compatible; GPTBot/1.2; +https://openai.com/gptbot)"
17.246.19.115 - - [12/Oct/2025:03:35:52 +0200] "GET /brauchen-maedchen-eigenes-spielzeug/ HTTP/1.1" 404 58243 "-" "Mozilla/5.0 (Macintosh; Intel Mac OS X 10_15_7) AppleWebKit/605.1.15 (KHTML, like Gecko) Version/17.4 Safari/605.1.15 (Applebot/0.1; +http://www.apple.com/go/applebot)"
20.171.207.200 - - [12/Oct/2025:03:35:54 +0200] "GET /item/22392078 HTTP/1.1" 200 4420 "-" "Mozilla/5.0 AppleWebKit/537.36 (KHTML, like Gecko; compatible; GPTBot/1.2; +https://openai.com/gptbot)"
20.171.207.200 - - [12/Oct/2025:03:35:58 +0200] "GET /item/16582370?path=/data/www HTTP/1.1" 200 3019 "-" "Mozilla/5.0 AppleWebKit/537.36 (KHTML, like Gecko; compatible; GPTBot/1.2; +https://openai.com/gptbot)"
20.171.207.200 - - [12/Oct/2025:03:36:01 +0200] "GET /item/16582370?path=/data/www/welovefamily.at HTTP/1.1" 200 3035 "-" "Mozilla/5.0 AppleWebKit/537.36 (KHTML, like Gecko; compatible; GPTBot/1.2; +https://openai.com/gptbot)"
20.171.207.200 - - [12/Oct/2025:03:36:04 +0200] "GET /item/21056174?path=/data/www HTTP/1.1" 200 3038 "-" "Mozilla/5.0 AppleWebKit/537.36 (KHTML, like Gecko; compatible; GPTBot/1.2; +https://openai.com/gptbot)"
20.171.207.200 - - [12/Oct/2025:03:36:07 +0200] "GET /item/20506974?path=/data/www HTTP/1.1" 200 6376 "-" "Mozilla/5.0 AppleWebKit/537.36 (KHTML, like Gecko; compatible; GPTBot/1.2; +https://openai.com/gptbot)"
20.171.207.200 - - [12/Oct/2025:03:36:10 +0200] "GET /item/19989054 HTTP/1.1" 200 4420 "-" "Mozilla/5.0 AppleWebKit/537.36 (KHTML, like Gecko; compatible; GPTBot/1.2; +https://openai.com/gptbot)"
20.171.207.200 - - [12/Oct/2025:03:36:13 +0200] "GET /item/22392078?path=/data/www HTTP/1.1" 200 3019 "-" "Mozilla/5.0 AppleWebKit/537.36 (KHTML, like Gecko; compatible; GPTBot/1.2; +https://openai.com/gptbot)"
20.171.207.200 - - [12/Oct/2025:03:36:16 +0200] "GET /item/21056174?path=/data/www/welovefamily.at HTTP/1.1" 200 3035 "-" "Mozilla/5.0 AppleWebKit/537.36 (KHTML, like Gecko; compatible; GPTBot/1.2; +https://openai.com/gptbot)"
182.22.28.103 - - [12/Oct/2025:03:35:52 +0200] "GET /item/17995502 HTTP/1.1" 200 27700 "-" "Y!J-ASR/1.0 crawler (https://support.yahoo-net.jp/PccSearch/s/article/H000007955)"
20.171.207.200 - - [12/Oct/2025:03:36:22 +0200] "GET /item/22392078?path=/data/www/welovefamily.at HTTP/1.1" 200 3035 "-" "Mozilla/5.0 AppleWebKit/537.36 (KHTML, like Gecko; compatible; GPTBot/1.2; +https://openai.com/gptbot)"
52.167.144.137 - - [12/Oct/2025:03:35:54 +0200] "GET /eky/225991998.shtm HTTP/1.1" 200 29281 "-" "Mozilla/5.0 AppleWebKit/537.36 (KHTML, like Gecko; compatible; bingbot/2.0; +http://www.bing.com/bingbot.htm) Chrome/116.0.1938.76 Safari/537.36"
114.119.153.11 - - [12/Oct/2025:03:36:22 +0200] "GET /schwangerschaftswoche/schwangerschaftswoche-26/ HTTP/1.1" 200 7781 "https://www.welove.family/schwangerschaftswoche/schwangerschaftswoche-17/" "Mozilla/5.0 (Linux; Android 7.0;) AppleWebKit/537.36 (KHTML, like Gecko) Mobile Safari/537.36 (compatible; PetalBot;+https://webmaster.petalsearch.com/site/petalbot)"
20.171.207.200 - - [12/Oct/2025:03:36:27 +0200] "GET /item/20506974?path=/data/www/welovefamily.at HTTP/1.1" 200 3035 "-" "Mozilla/5.0 AppleWebKit/537.36 (KHTML, like Gecko; compatible; GPTBot/1.2; +https://openai.com/gptbot)"
17.241.227.178 - - [12/Oct/2025:03:36:37 +0200] "GET /wp-content/uploads/2015/06/Milchreispudding_Horst_Somm-Kopie-324x160.jpg HTTP/1.1" 200 15387 "-" "Mozilla/5.0 (Macintosh; Intel Mac OS X 10_15_7) AppleWebKit/605.1.15 (KHTML, like Gecko) Version/17.4 Safari/605.1.15 (Applebot/0.1; +http://www.apple.com/go/applebot)"
20.171.207.200 - - [12/Oct/2025:03:36:33 +0200] "GET /item/22392078?path=/ HTTP/1.1" 200 3001 "-" "Mozilla/5.0 AppleWebKit/537.36 (KHTML, like Gecko; compatible; GPTBot/1.2; +https://openai.com/gptbot)"
20.171.207.200 - - [12/Oct/2025:03:36:41 +0200] "GET /item/19989054?path=/data/www/welovefamily.at HTTP/1.1" 200 3035 "-" "Mozilla/5.0 AppleWebKit/537.36 (KHTML, like Gecko; compatible; GPTBot/1.2; +https://openai.com/gptbot)"
51.89.129.148 - - [12/Oct/2025:03:36:43 +0200] "GET /der-gluehwuermchenbaum/ HTTP/1.1" 200 7777 "-" "Mozilla/5.0 (compatible; AhrefsBot/7.0; +http://ahrefs.com/robot/)"
8.219.10.116 - - [12/Oct/2025:03:36:55 +0200] "GET /wp-content/uploads/2019/06/soap-bubbles-668950_1920-324x235.jpg HTTP/1.1" 200 76125 "-" "Mozilla/5.0 (Windows NT 10.0; Win64; x64) AppleWebKit/537.36 (KHTML, like Gecko) Chrome/103.0.0.0 Safari/537.36"
182.22.28.108 - - [12/Oct/2025:03:36:26 +0200] "GET /item/22059034 HTTP/1.1" 200 29560 "-" "Y!J-ASR/1.0 crawler (https://support.yahoo-net.jp/PccSearch/s/article/H000007955)"
20.171.207.200 - - [12/Oct/2025:03:36:50 +0200] "GET /item/16582370?path=/ HTTP/1.1" 200 3001 "-" "Mozilla/5.0 AppleWebKit/537.36 (KHTML, like Gecko; compatible; GPTBot/1.2; +https://openai.com/gptbot)"
66.249.68.134 - - [12/Oct/2025:03:36:55 +0200] "GET /item/19002766 HTTP/1.1" 200 29462 "-" "Mozilla/5.0 (Linux; Android 6.0.1; Nexus 5X Build/MMB29P) AppleWebKit/537.36 (KHTML, like Gecko) Chrome/140.0.7339.207 Mobile Safari/537.36 (compatible; Googlebot/2.1; +http://www.google.com/bot.html)"
20.171.207.200 - - [12/Oct/2025:03:37:00 +0200] "GET /item/21056174?path=/ HTTP/1.1" 200 3001 "-" "Mozilla/5.0 AppleWebKit/537.36 (KHTML, like Gecko; compatible; GPTBot/1.2; +https://openai.com/gptbot)"
182.22.28.112 - - [12/Oct/2025:03:37:00 +0200] "GET /item/16514346 HTTP/1.1" 200 27199 "-" "Y!J-ASR/1.0 crawler (https://support.yahoo-net.jp/PccSearch/s/article/H000007955)"
20.171.207.200 - - [12/Oct/2025:03:37:17 +0200] "GET /item/19989054?path=/data/www HTTP/1.1" 200 3019 "-" "Mozilla/5.0 AppleWebKit/537.36 (KHTML, like Gecko; compatible; GPTBot/1.2; +https://openai.com/gptbot)"
182.22.28.106 - - [12/Oct/2025:03:37:17 +0200] "GET /item/17436566 HTTP/1.1" 200 28686 "-" "Y!J-ASR/1.0 crawler (https://support.yahoo-net.jp/PccSearch/s/article/H000007955)"
20.171.207.200 - - [12/Oct/2025:03:37:20 +0200] "GET /item/20770546 HTTP/1.1" 200 4420 "-" "Mozilla/5.0 AppleWebKit/537.36 (KHTML, like Gecko; compatible; GPTBot/1.2; +https://openai.com/gptbot)"
85.208.96.209 - - [12/Oct/2025:03:37:21 +0200] "GET /ort/kinder-abenteuer-spielplatz-regenbogenwelt/ HTTP/1.1" 404 58262 "-" "Mozilla/5.0 (compatible; SemrushBot/7~bl; +http://www.semrush.com/bot.html)"
182.22.28.81 - - [12/Oct/2025:03:37:23 +0200] "GET /item/14533338 HTTP/1.1" 200 28993 "-" "Y!J-ASR/1.0 crawler (https://support.yahoo-net.jp/PccSearch/s/article/H000007955)"
20.171.207.200 - - [12/Oct/2025:03:37:23 +0200] "GET /item/23373922 HTTP/1.1" 200 4420 "-" "Mozilla/5.0 AppleWebKit/537.36 (KHTML, like Gecko; compatible; GPTBot/1.2; +https://openai.com/gptbot)"
20.171.207.200 - - [12/Oct/2025:03:37:26 +0200] "GET /item/25912118?path=/data/www HTTP/1.1" 200 3019 "-" "Mozilla/5.0 AppleWebKit/537.36 (KHTML, like Gecko; compatible; GPTBot/1.2; +https://openai.com/gptbot)"
182.22.28.73 - - [12/Oct/2025:03:37:29 +0200] "GET /item/23207618 HTTP/1.1" 200 27233 "-" "Y!J-ASR/1.0 crawler (https://support.yahoo-net.jp/PccSearch/s/article/H000007955)"
20.171.207.200 - - [12/Oct/2025:03:37:30 +0200] "GET /item/19989054?path=/ HTTP/1.1" 200 3001 "-" "Mozilla/5.0 AppleWebKit/537.36 (KHTML, like Gecko; compatible; GPTBot/1.2; +https://openai.com/gptbot)"
116.179.32.240 - - [12/Oct/2025:03:37:30 +0200] "GET /sohn-15-monate-kann-sich-nicht-konzentrieren/ HTTP/1.1" 200 4417 "-" "Mozilla/5.0 (compatible; Baiduspider/2.0; +http://www.baidu.com/search/spider.html)"
20.171.207.200 - - [12/Oct/2025:03:37:33 +0200] "GET /item/15174290?path=/data/www HTTP/1.1" 200 3019 "-" "Mozilla/5.0 AppleWebKit/537.36 (KHTML, like Gecko; compatible; GPTBot/1.2; +https://openai.com/gptbot)"
182.22.28.102 - - [12/Oct/2025:03:37:33 +0200] "GET /item/23504202 HTTP/1.1" 200 30281 "-" "Y!J-ASR/1.0 crawler (https://support.yahoo-net.jp/PccSearch/s/article/H000007955)"
20.171.207.200 - - [12/Oct/2025:03:37:36 +0200] "GET /item/20506974?path=/ HTTP/1.1" 200 3001 "-" "Mozilla/5.0 AppleWebKit/537.36 (KHTML, like Gecko; compatible; GPTBot/1.2; +https://openai.com/gptbot)"
182.22.28.88 - - [12/Oct/2025:03:37:38 +0200] "GET /item/22607538 HTTP/1.1" 200 29212 "-" "Y!J-ASR/1.0 crawler (https://support.yahoo-net.jp/PccSearch/s/article/H000007955)"
20.171.207.200 - - [12/Oct/2025:03:37:39 +0200] "GET /item/25939442 HTTP/1.1" 200 4420 "-" "Mozilla/5.0 AppleWebKit/537.36 (KHTML, like Gecko; compatible; GPTBot/1.2; +https://openai.com/gptbot)"
182.22.28.71 - - [12/Oct/2025:03:37:42 +0200] "GET /item/23423290 HTTP/1.1" 200 25737 "-" "Y!J-ASR/1.0 crawler (https://support.yahoo-net.jp/PccSearch/s/article/H000007955)"
20.171.207.200 - - [12/Oct/2025:03:37:42 +0200] "GET /item/17023202?path=/data/www HTTP/1.1" 200 3019 "-" "Mozilla/5.0 AppleWebKit/537.36 (KHTML, like Gecko; compatible; GPTBot/1.2; +https://openai.com/gptbot)"
20.171.207.200 - - [12/Oct/2025:03:37:45 +0200] "GET /item/15601450 HTTP/1.1" 200 4420 "-" "Mozilla/5.0 AppleWebKit/537.36 (KHTML, like Gecko; compatible; GPTBot/1.2; +https://openai.com/gptbot)"
182.22.28.103 - - [12/Oct/2025:03:37:46 +0200] "GET /item/14878554 HTTP/1.1" 200 30463 "-" "Y!J-ASR/1.0 crawler (https://support.yahoo-net.jp/PccSearch/s/article/H000007955)"
114.119.153.11 - - [12/Oct/2025:03:37:46 +0200] "GET /ort/uhrenmuseum-karlstein/ HTTP/1.1" 200 7781 "https://www.welove.family/ort/page/518/" "Mozilla/5.0 (Linux; Android 7.0;) AppleWebKit/537.36 (KHTML, like Gecko) Mobile Safari/537.36 (compatible; PetalBot;+https://webmaster.petalsearch.com/site/petalbot)"
20.171.207.200 - - [12/Oct/2025:03:37:49 +0200] "GET /item/23872066 HTTP/1.1" 200 4420 "-" "Mozilla/5.0 AppleWebKit/537.36 (KHTML, like Gecko; compatible; GPTBot/1.2; +https://openai.com/gptbot)"
182.22.28.105 - - [12/Oct/2025:03:37:50 +0200] "GET /item/20434114 HTTP/1.1" 200 25889 "-" "Y!J-ASR/1.0 crawler (https://support.yahoo-net.jp/PccSearch/s/article/H000007955)"
20.171.207.200 - - [12/Oct/2025:03:37:52 +0200] "GET /item/20770546?path=/data/www/welovefamily.at HTTP/1.1" 200 3035 "-" "Mozilla/5.0 AppleWebKit/537.36 (KHTML, like Gecko; compatible; GPTBot/1.2; +https://openai.com/gptbot)"
182.22.28.118 - - [12/Oct/2025:03:37:54 +0200] "GET /item/23268114 HTTP/1.1" 200 26167 "-" "Y!J-ASR/1.0 crawler (https://support.yahoo-net.jp/PccSearch/s/article/H000007955)"
20.171.207.200 - - [12/Oct/2025:03:37:55 +0200] "GET /item/23373922?path=/data/www/welovefamily.at HTTP/1.1" 200 3035 "-" "Mozilla/5.0 AppleWebKit/537.36 (KHTML, like Gecko; compatible; GPTBot/1.2; +https://openai.com/gptbot)"
66.249.68.130 - - [12/Oct/2025:03:37:57 +0200] "GET /item/18667394 HTTP/1.1" 200 28821 "-" "Mozilla/5.0 (Linux; Android 6.0.1; Nexus 5X Build/MMB29P) AppleWebKit/537.36 (KHTML, like Gecko) Chrome/140.0.7339.207 Mobile Safari/537.36 (compatible; Googlebot/2.1; +http://www.google.com/bot.html)"
20.171.207.200 - - [12/Oct/2025:03:37:58 +0200] "GET /item/23373922?path=/ HTTP/1.1" 200 3001 "-" "Mozilla/5.0 AppleWebKit/537.36 (KHTML, like Gecko; compatible; GPTBot/1.2; +https://openai.com/gptbot)"
182.22.28.98 - - [12/Oct/2025:03:37:59 +0200] "GET /item/18900062 HTTP/1.1" 200 29187 "-" "Y!J-ASR/1.0 crawler (https://support.yahoo-net.jp/PccSearch/s/article/H000007955)"
20.171.207.200 - - [12/Oct/2025:03:38:01 +0200] "GET /item/20770546?path=/ HTTP/1.1" 200 3001 "-" "Mozilla/5.0 AppleWebKit/537.36 (KHTML, like Gecko; compatible; GPTBot/1.2; +https://openai.com/gptbot)"
182.22.28.76 - - [12/Oct/2025:03:38:02 +0200] "GET /item/25052218 HTTP/1.1" 200 25780 "-" "Y!J-ASR/1.0 crawler (https://support.yahoo-net.jp/PccSearch/s/article/H000007955)"
20.171.207.200 - - [12/Oct/2025:03:38:04 +0200] "GET /item/25939442?path=/data/www HTTP/1.1" 200 3019 "-" "Mozilla/5.0 AppleWebKit/537.36 (KHTML, like Gecko; compatible; GPTBot/1.2; +https://openai.com/gptbot)"
182.22.28.124 - - [12/Oct/2025:03:38:06 +0200] "GET /item/23815110 HTTP/1.1" 200 26147 "-" "Y!J-ASR/1.0 crawler (https://support.yahoo-net.jp/PccSearch/s/article/H000007955)"
20.171.207.200 - - [12/Oct/2025:03:38:07 +0200] "GET /item/23373922?path=/data/www HTTP/1.1" 200 3019 "-" "Mozilla/5.0 AppleWebKit/537.36 (KHTML, like Gecko; compatible; GPTBot/1.2; +https://openai.com/gptbot)"
20.171.207.200 - - [12/Oct/2025:03:38:11 +0200] "GET /item/15601450?path=/data/www/welovefamily.at HTTP/1.1" 200 3035 "-" "Mozilla/5.0 AppleWebKit/537.36 (KHTML, like Gecko; compatible; GPTBot/1.2; +https://openai.com/gptbot)"
182.22.28.111 - - [12/Oct/2025:03:38:11 +0200] "GET /item/24994354 HTTP/1.1" 200 25352 "-" "Y!J-ASR/1.0 crawler (https://support.yahoo-net.jp/PccSearch/s/article/H000007955)"
20.171.207.200 - - [12/Oct/2025:03:38:14 +0200] "GET /item/23872066?path=/data/www/welovefamily.at HTTP/1.1" 200 3035 "-" "Mozilla/5.0 AppleWebKit/537.36 (KHTML, like Gecko; compatible; GPTBot/1.2; +https://openai.com/gptbot)"
182.22.28.77 - - [12/Oct/2025:03:38:16 +0200] "GET /item/23024442 HTTP/1.1" 200 28920 "-" "Y!J-ASR/1.0 crawler (https://support.yahoo-net.jp/PccSearch/s/article/H000007955)"
20.171.207.200 - - [12/Oct/2025:03:38:17 +0200] "GET /item/25939442?path=/ HTTP/1.1" 200 3001 "-" "Mozilla/5.0 AppleWebKit/537.36 (KHTML, like Gecko; compatible; GPTBot/1.2; +https://openai.com/gptbot)"
20.171.207.200 - - [12/Oct/2025:03:38:20 +0200] "GET /item/23872066?path=/data/www/welovefamily.at/welovefamily.at/htdocs/wp-includes HTTP/1.1" 200 13301 "-" "Mozilla/5.0 AppleWebKit/537.36 (KHTML, like Gecko; compatible; GPTBot/1.2; +https://openai.com/gptbot)"
182.22.28.78 - - [12/Oct/2025:03:38:21 +0200] "GET /item/15679370 HTTP/1.1" 200 28529 "-" "Y!J-ASR/1.0 crawler (https://support.yahoo-net.jp/PccSearch/s/article/H000007955)"
20.171.207.200 - - [12/Oct/2025:03:38:23 +0200] "GET /item/23872066?path=/ HTTP/1.1" 200 3001 "-" "Mozilla/5.0 AppleWebKit/537.36 (KHTML, like Gecko; compatible; GPTBot/1.2; +https://openai.com/gptbot)"
182.22.28.82 - - [12/Oct/2025:03:38:26 +0200] "GET /item/19607962 HTTP/1.1" 200 32164 "-" "Y!J-ASR/1.0 crawler (https://support.yahoo-net.jp/PccSearch/s/article/H000007955)"
20.171.207.200 - - [12/Oct/2025:03:38:26 +0200] "GET /item/23872066?path=/data/www HTTP/1.1" 200 3019 "-" "Mozilla/5.0 AppleWebKit/537.36 (KHTML, like Gecko; compatible; GPTBot/1.2; +https://openai.com/gptbot)"
182.22.28.88 - - [12/Oct/2025:03:38:29 +0200] "GET /item/20882962 HTTP/1.1" 200 29222 "-" "Y!J-ASR/1.0 crawler (https://support.yahoo-net.jp/PccSearch/s/article/H000007955)"
20.171.207.200 - - [12/Oct/2025:03:38:30 +0200] "GET /item/20792734 HTTP/1.1" 200 4420 "-" "Mozilla/5.0 AppleWebKit/537.36 (KHTML, like Gecko; compatible; GPTBot/1.2; +https://openai.com/gptbot)"
20.171.207.200 - - [12/Oct/2025:03:38:33 +0200] "GET /item/15548946 HTTP/1.1" 200 4420 "-" "Mozilla/5.0 AppleWebKit/537.36 (KHTML, like Gecko; compatible; GPTBot/1.2; +https://openai.com/gptbot)"
182.22.28.80 - - [12/Oct/2025:03:38:33 +0200] "GET /item/14601722 HTTP/1.1" 200 28639 "-" "Y!J-ASR/1.0 crawler (https://support.yahoo-net.jp/PccSearch/s/article/H000007955)"
20.171.207.200 - - [12/Oct/2025:03:38:36 +0200] "GET /item/23872066?path=/data/www/welovefamily.at/welovefamily.at/htdocs/wp-includes/block-supports HTTP/1.1" 200 4219 "-" "Mozilla/5.0 AppleWebKit/537.36 (KHTML, like Gecko; compatible; GPTBot/1.2; +https://openai.com/gptbot)"
182.22.28.117 - - [12/Oct/2025:03:38:37 +0200] "GET /item/16111138 HTTP/1.1" 200 27402 "-" "Y!J-ASR/1.0 crawler (https://support.yahoo-net.jp/PccSearch/s/article/H000007955)"
20.171.207.200 - - [12/Oct/2025:03:38:39 +0200] "GET /item/23872066?path=/data/www/welovefamily.at/welovefamily.at/htdocs/wp-includes/pomo HTTP/1.1" 200 3623 "-" "Mozilla/5.0 AppleWebKit/537.36 (KHTML, like Gecko; compatible; GPTBot/1.2; +https://openai.com/gptbot)"
182.22.28.117 - - [12/Oct/2025:03:38:41 +0200] "GET /item/15821178 HTTP/1.1" 200 29546 "-" "Y!J-ASR/1.0 crawler (https://support.yahoo-net.jp/PccSearch/s/article/H000007955)"
20.171.207.200 - - [12/Oct/2025:03:38:42 +0200] "GET /item/23872066?fileloc=/data/www/welovefamily.at/welovefamily.at/htdocs/wp-includes/category.php&path=/data/www/welovefamily.at/welovefamily.at/htdocs/wp-includes HTTP/1.1" 200 6555 "-" "Mozilla/5.0 AppleWebKit/537.36 (KHTML, like Gecko; compatible; GPTBot/1.2; +https://openai.com/gptbot)"
66.249.68.128 - - [12/Oct/2025:03:38:43 +0200] "GET /m/505878050.shtm HTTP/1.1" 200 29562 "-" "Mozilla/5.0 (Linux; Android 6.0.1; Nexus 5X Build/MMB29P) AppleWebKit/537.36 (KHTML, like Gecko) Chrome/140.0.7339.207 Mobile Safari/537.36 (compatible; Googlebot/2.1; +http://www.google.com/bot.html)"
20.171.207.200 - - [12/Oct/2025:03:38:45 +0200] "GET /item/20792734?path=/data/www HTTP/1.1" 200 3019 "-" "Mozilla/5.0 AppleWebKit/537.36 (KHTML, like Gecko; compatible; GPTBot/1.2; +https://openai.com/gptbot)"
182.22.28.71 - - [12/Oct/2025:03:38:45 +0200] "GET /item/25409334 HTTP/1.1" 200 28455 "-" "Y!J-ASR/1.0 crawler (https://support.yahoo-net.jp/PccSearch/s/article/H000007955)"
20.171.207.200 - - [12/Oct/2025:03:38:49 +0200] "GET /item/20792734?path=/data/www/welovefamily.at HTTP/1.1" 200 3035 "-" "Mozilla/5.0 AppleWebKit/537.36 (KHTML, like Gecko; compatible; GPTBot/1.2; +https://openai.com/gptbot)"
182.22.28.88 - - [12/Oct/2025:03:38:50 +0200] "GET /item/23320462 HTTP/1.1" 200 29685 "-" "Y!J-ASR/1.0 crawler (https://support.yahoo-net.jp/PccSearch/s/article/H000007955)"
20.171.207.200 - - [12/Oct/2025:03:38:52 +0200] "GET /item/15548946?path=/data/www/welovefamily.at HTTP/1.1" 200 3035 "-" "Mozilla/5.0 AppleWebKit/537.36 (KHTML, like Gecko; compatible; GPTBot/1.2; +https://openai.com/gptbot)"
182.22.28.87 - - [12/Oct/2025:03:38:54 +0200] "GET /item/26182710 HTTP/1.1" 200 29467 "-" "Y!J-ASR/1.0 crawler (https://support.yahoo-net.jp/PccSearch/s/article/H000007955)"
20.171.207.200 - - [12/Oct/2025:03:38:55 +0200] "GET /item/15548946?path=/ HTTP/1.1" 200 3001 "-" "Mozilla/5.0 AppleWebKit/537.36 (KHTML, like Gecko; compatible; GPTBot/1.2; +https://openai.com/gptbot)"
182.22.28.108 - - [12/Oct/2025:03:38:58 +0200] "GET /item/19388350 HTTP/1.1" 200 28906 "-" "Y!J-ASR/1.0 crawler (https://support.yahoo-net.jp/PccSearch/s/article/H000007955)"
20.171.207.200 - - [12/Oct/2025:03:38:58 +0200] "GET /item/20792734?path=/ HTTP/1.1" 200 3001 "-" "Mozilla/5.0 AppleWebKit/537.36 (KHTML, like Gecko; compatible; GPTBot/1.2; +https://openai.com/gptbot)"
20.171.207.200 - - [12/Oct/2025:03:39:01 +0200] "GET /item/15548946?path=/data/www HTTP/1.1" 200 3019 "-" "Mozilla/5.0 AppleWebKit/537.36 (KHTML, like Gecko; compatible; GPTBot/1.2; +https://openai.com/gptbot)"
8.219.126.123 - - [12/Oct/2025:03:39:03 +0200] "GET /wp-content/uploads/2016/11/z%C3%A4hne-putzen-kind-324x235.jpg HTTP/1.1" 200 13505 "-" "Mozilla/5.0 (Windows NT 10.0; Win64; x64) AppleWebKit/537.36 (KHTML, like Gecko) Chrome/103.0.0.0 Safari/537.36"
182.22.28.78 - - [12/Oct/2025:03:39:02 +0200] "GET /item/14616406 HTTP/1.1" 200 29317 "-" "Y!J-ASR/1.0 crawler (https://support.yahoo-net.jp/PccSearch/s/article/H000007955)"
20.171.207.200 - - [12/Oct/2025:03:39:04 +0200] "GET /item/26462870 HTTP/1.1" 200 4420 "-" "Mozilla/5.0 AppleWebKit/537.36 (KHTML, like Gecko; compatible; GPTBot/1.2; +https://openai.com/gptbot)"
182.22.28.102 - - [12/Oct/2025:03:39:06 +0200] "GET /item/17721814 HTTP/1.1" 200 25603 "-" "Y!J-ASR/1.0 crawler (https://support.yahoo-net.jp/PccSearch/s/article/H000007955)"
20.171.207.200 - - [12/Oct/2025:03:39:07 +0200] "GET /item/24847798 HTTP/1.1" 200 4420 "-" "Mozilla/5.0 AppleWebKit/537.36 (KHTML, like Gecko; compatible; GPTBot/1.2; +https://openai.com/gptbot)"
182.22.28.113 - - [12/Oct/2025:03:39:10 +0200] "GET /item/18358330 HTTP/1.1" 200 28716 "-" "Y!J-ASR/1.0 crawler (https://support.yahoo-net.jp/PccSearch/s/article/H000007955)"
20.171.207.200 - - [12/Oct/2025:03:39:11 +0200] "GET /item/19460538 HTTP/1.1" 200 4420 "-" "Mozilla/5.0 AppleWebKit/537.36 (KHTML, like Gecko; compatible; GPTBot/1.2; +https://openai.com/gptbot)"
114.119.142.14 - - [12/Oct/2025:03:39:11 +0200] "GET /ort/traktorsafari-in-neudoerfl-leih-dir-einen-traktor/ HTTP/1.1" 200 7781 "https://www.welovefamily.at/ort-typ/sehenswuerdigkeit" "Mozilla/5.0 (Linux; Android 7.0;) AppleWebKit/537.36 (KHTML, like Gecko) Mobile Safari/537.36 (compatible; PetalBot;+https://webmaster.petalsearch.com/site/petalbot)"
20.171.207.200 - - [12/Oct/2025:03:39:14 +0200] "GET /item/22827646 HTTP/1.1" 200 4420 "-" "Mozilla/5.0 AppleWebKit/537.36 (KHTML, like Gecko; compatible; GPTBot/1.2; +https://openai.com/gptbot)"
182.22.28.104 - - [12/Oct/2025:03:39:15 +0200] "GET /item/25235350 HTTP/1.1" 200 25496 "-" "Y!J-ASR/1.0 crawler (https://support.yahoo-net.jp/PccSearch/s/article/H000007955)"
20.171.207.200 - - [12/Oct/2025:03:39:17 +0200] "GET /item/25732450 HTTP/1.1" 200 4420 "-" "Mozilla/5.0 AppleWebKit/537.36 (KHTML, like Gecko; compatible; GPTBot/1.2; +https://openai.com/gptbot)"
182.22.28.81 - - [12/Oct/2025:03:39:19 +0200] "GET /item/20340638 HTTP/1.1" 200 29166 "-" "Y!J-ASR/1.0 crawler (https://support.yahoo-net.jp/PccSearch/s/article/H000007955)"
20.171.207.200 - - [12/Oct/2025:03:39:20 +0200] "GET /item/26462870?path=/data HTTP/1.1" 200 3010 "-" "Mozilla/5.0 AppleWebKit/537.36 (KHTML, like Gecko; compatible; GPTBot/1.2; +https://openai.com/gptbot)"
17.246.19.15 - - [12/Oct/2025:03:39:23 +0200] "GET /urlaub-im-baumhaushotel-die-natur-ganz-nah/ HTTP/1.1" 404 58243 "-" "Mozilla/5.0 (Macintosh; Intel Mac OS X 10_15_7) AppleWebKit/605.1.15 (KHTML, like Gecko) Version/17.4 Safari/605.1.15 (Applebot/0.1; +http://www.apple.com/go/applebot)"
20.171.207.200 - - [12/Oct/2025:03:39:23 +0200] "GET /item/26462870?path=/data/www HTTP/1.1" 200 3019 "-" "Mozilla/5.0 AppleWebKit/537.36 (KHTML, like Gecko; compatible; GPTBot/1.2; +https://openai.com/gptbot)"
182.22.28.76 - - [12/Oct/2025:03:39:24 +0200] "GET /item/23196734 HTTP/1.1" 200 29298 "-" "Y!J-ASR/1.0 crawler (https://support.yahoo-net.jp/PccSearch/s/article/H000007955)"
20.171.207.200 - - [12/Oct/2025:03:39:27 +0200] "GET /item/19460538?fileloc=/data/www/welovefamily.at/welovefamily.at/htdocs/wp-trackback.php&path=/data/www/welovefamily.at/welovefamily.at/htdocs HTTP/1.1" 200 4825 "-" "Mozilla/5.0 AppleWebKit/537.36 (KHTML, like Gecko; compatible; GPTBot/1.2; +https://openai.com/gptbot)"
66.249.68.133 - - [12/Oct/2025:03:39:28 +0200] "GET /znv146986991.shtm HTTP/1.1" 200 28345 "-" "Mozilla/5.0 (Linux; Android 6.0.1; Nexus 5X Build/MMB29P) AppleWebKit/537.36 (KHTML, like Gecko) Chrome/140.0.7339.207 Mobile Safari/537.36 (compatible; Googlebot/2.1; +http://www.google.com/bot.html)"
20.171.207.200 - - [12/Oct/2025:03:39:30 +0200] "GET /item/19460538?path=/data/www HTTP/1.1" 200 3019 "-" "Mozilla/5.0 AppleWebKit/537.36 (KHTML, like Gecko; compatible; GPTBot/1.2; +https://openai.com/gptbot)"
46.84.118.18 - - [12/Oct/2025:03:39:31 +0200] "GET /apple-touch-icon-precomposed.png HTTP/1.1" 200 7833 "-" "NetworkingExtension/8622.1.22.10.11 Network/5569.2.3 iOS/26.0.1"
46.84.118.18 - - [12/Oct/2025:03:39:31 +0200] "GET /apple-touch-icon.png HTTP/1.1" 200 7833 "-" "NetworkingExtension/8622.1.22.10.11 Network/5569.2.3 iOS/26.0.1"
46.84.118.18 - - [12/Oct/2025:03:39:31 +0200] "GET /favicon.ico HTTP/1.1" 200 7833 "-" "NetworkingExtension/8622.1.22.10.11 Network/5569.2.3 iOS/26.0.1"
182.22.28.108 - - [12/Oct/2025:03:39:31 +0200] "GET /item/24182502 HTTP/1.1" 200 29093 "-" "Y!J-ASR/1.0 crawler (https://support.yahoo-net.jp/PccSearch/s/article/H000007955)"
46.84.118.18 - - [12/Oct/2025:03:39:31 +0200] "GET /die-sternenreise/ HTTP/1.1" 200 7833 "-" "Mozilla/5.0 (Macintosh; Intel Mac OS X 10_11_1) AppleWebKit/601.2.4 (KHTML, like Gecko) Version/9.0.1 Safari/601.2.4 facebookexternalhit/1.1 Facebot Twitterbot/1.0"
20.171.207.200 - - [12/Oct/2025:03:39:33 +0200] "GET /item/22827646?path=/data/www HTTP/1.1" 200 3019 "-" "Mozilla/5.0 AppleWebKit/537.36 (KHTML, like Gecko; compatible; GPTBot/1.2; +https://openai.com/gptbot)"
182.22.28.72 - - [12/Oct/2025:03:39:35 +0200] "GET /item/19733430 HTTP/1.1" 200 25529 "-" "Y!J-ASR/1.0 crawler (https://support.yahoo-net.jp/PccSearch/s/article/H000007955)"
20.171.207.200 - - [12/Oct/2025:03:39:36 +0200] "GET /item/25732450?path=/data/www HTTP/1.1" 200 3019 "-" "Mozilla/5.0 AppleWebKit/537.36 (KHTML, like Gecko; compatible; GPTBot/1.2; +https://openai.com/gptbot)"
157.55.39.200 - - [12/Oct/2025:03:39:36 +0200] "GET /ufi/shopping184737288.shtm HTTP/1.1" 200 28706 "-" "Mozilla/5.0 AppleWebKit/537.36 (KHTML, like Gecko; compatible; bingbot/2.0; +http://www.bing.com/bingbot.htm) Chrome/116.0.1938.76 Safari/537.36"
17.241.227.132 - - [12/Oct/2025:03:39:38 +0200] "GET /der-mutige-lukas/ HTTP/1.1" 200 7762 "-" "Mozilla/5.0 (Macintosh; Intel Mac OS X 10_15_7) AppleWebKit/605.1.15 (KHTML, like Gecko) Version/17.4 Safari/605.1.15 (Applebot/0.1; +http://www.apple.com/go/applebot)"
20.171.207.200 - - [12/Oct/2025:03:39:39 +0200] "GET /item/19460538?path=/data/www/welovefamily.at HTTP/1.1" 200 3035 "-" "Mozilla/5.0 AppleWebKit/537.36 (KHTML, like Gecko; compatible; GPTBot/1.2; +https://openai.com/gptbot)"
182.22.28.93 - - [12/Oct/2025:03:39:39 +0200] "GET /item/17113534 HTTP/1.1" 200 25722 "-" "Y!J-ASR/1.0 crawler (https://support.yahoo-net.jp/PccSearch/s/article/H000007955)"
17.241.219.124 - - [12/Oct/2025:03:39:39 +0200] "GET /ort/alpen-hotel-post/ HTTP/1.1" 200 4398 "-" "Mozilla/5.0 (Macintosh; Intel Mac OS X 10_15_7) AppleWebKit/605.1.15 (KHTML, like Gecko) Version/17.4 Safari/605.1.15 (Applebot/0.1; +http://www.apple.com/go/applebot)"
144.76.22.66 - - [12/Oct/2025:03:39:40 +0200] "GET /ort/alleebeisl/ HTTP/1.1" 200 7781 "-" "Mozilla/5.0 (Windows NT 10.0; Win64; x64; trendictionbot0.5.0; trendiction search; http://www.trendiction.de/bot; please let us know of any problems; web at trendiction.com) Gecko/20100101 Firefox/125.0"
20.171.207.200 - - [12/Oct/2025:03:39:42 +0200] "GET /item/26462870?path=/data/www/welovefamily.at HTTP/1.1" 200 3035 "-" "Mozilla/5.0 AppleWebKit/537.36 (KHTML, like Gecko; compatible; GPTBot/1.2; +https://openai.com/gptbot)"
182.22.28.83 - - [12/Oct/2025:03:39:43 +0200] "GET /item/20497570 HTTP/1.1" 200 26549 "-" "Y!J-ASR/1.0 crawler (https://support.yahoo-net.jp/PccSearch/s/article/H000007955)"
51.195.244.172 - - [12/Oct/2025:03:39:45 +0200] "GET /rezept/gemuesepfanne-mit-bulgur/?path=/data/www/welovefamily.at HTTP/1.1" 200 6392 "-" "Mozilla/5.0 (compatible; AhrefsBot/7.0; +http://ahrefs.com/robot/)"
20.171.207.200 - - [12/Oct/2025:03:39:45 +0200] "GET /item/25732450?path=/data/www/welovefamily.at HTTP/1.1" 200 3035 "-" "Mozilla/5.0 AppleWebKit/537.36 (KHTML, like Gecko; compatible; GPTBot/1.2; +https://openai.com/gptbot)"
182.22.28.96 - - [12/Oct/2025:03:39:47 +0200] "GET /item/16250502 HTTP/1.1" 200 27340 "-" "Y!J-ASR/1.0 crawler (https://support.yahoo-net.jp/PccSearch/s/article/H000007955)"
20.171.207.200 - - [12/Oct/2025:03:39:49 +0200] "GET /item/22827646?path=/data/www/welovefamily.at HTTP/1.1" 200 3035 "-" "Mozilla/5.0 AppleWebKit/537.36 (KHTML, like Gecko; compatible; GPTBot/1.2; +https://openai.com/gptbot)"
182.22.28.108 - - [12/Oct/2025:03:39:52 +0200] "GET /item/17893910 HTTP/1.1" 200 25519 "-" "Y!J-ASR/1.0 crawler (https://support.yahoo-net.jp/PccSearch/s/article/H000007955)"
20.171.207.200 - - [12/Oct/2025:03:39:52 +0200] "GET /item/24847798?path=/data/www/welovefamily.at HTTP/1.1" 200 3035 "-" "Mozilla/5.0 AppleWebKit/537.36 (KHTML, like Gecko; compatible; GPTBot/1.2; +https://openai.com/gptbot)"
20.171.207.200 - - [12/Oct/2025:03:39:55 +0200] "GET /item/22827646?path=/ HTTP/1.1" 200 3001 "-" "Mozilla/5.0 AppleWebKit/537.36 (KHTML, like Gecko; compatible; GPTBot/1.2; +https://openai.com/gptbot)"
182.22.28.119 - - [12/Oct/2025:03:39:56 +0200] "GET /item/20355162 HTTP/1.1" 200 29675 "-" "Y!J-ASR/1.0 crawler (https://support.yahoo-net.jp/PccSearch/s/article/H000007955)"
20.171.207.200 - - [12/Oct/2025:03:39:58 +0200] "GET /item/25732450?path=/ HTTP/1.1" 200 3001 "-" "Mozilla/5.0 AppleWebKit/537.36 (KHTML, like Gecko; compatible; GPTBot/1.2; +https://openai.com/gptbot)"
182.22.28.95 - - [12/Oct/2025:03:40:00 +0200] "GET /item/21610206 HTTP/1.1" 200 29459 "-" "Y!J-ASR/1.0 crawler (https://support.yahoo-net.jp/PccSearch/s/article/H000007955)"
20.171.207.200 - - [12/Oct/2025:03:40:01 +0200] "GET /item/24847798?path=/ HTTP/1.1" 200 3001 "-" "Mozilla/5.0 AppleWebKit/537.36 (KHTML, like Gecko; compatible; GPTBot/1.2; +https://openai.com/gptbot)"
20.171.207.200 - - [12/Oct/2025:03:40:05 +0200] "GET /item/19460538?path=/ HTTP/1.1" 200 3001 "-" "Mozilla/5.0 AppleWebKit/537.36 (KHTML, like Gecko; compatible; GPTBot/1.2; +https://openai.com/gptbot)"
182.22.28.101 - - [12/Oct/2025:03:40:06 +0200] "GET /item/24368210 HTTP/1.1" 200 28964 "-" "Y!J-ASR/1.0 crawler (https://support.yahoo-net.jp/PccSearch/s/article/H000007955)"
20.171.207.200 - - [12/Oct/2025:03:40:08 +0200] "GET /item/26462870?path=/ HTTP/1.1" 200 3001 "-" "Mozilla/5.0 AppleWebKit/537.36 (KHTML, like Gecko; compatible; GPTBot/1.2; +https://openai.com/gptbot)"
182.22.28.108 - - [12/Oct/2025:03:40:10 +0200] "GET /item/15313042 HTTP/1.1" 200 30045 "-" "Y!J-ASR/1.0 crawler (https://support.yahoo-net.jp/PccSearch/s/article/H000007955)"
20.171.207.200 - - [12/Oct/2025:03:40:11 +0200] "GET /item/16133054 HTTP/1.1" 200 4420 "-" "Mozilla/5.0 AppleWebKit/537.36 (KHTML, like Gecko; compatible; GPTBot/1.2; +https://openai.com/gptbot)"
85.208.96.212 - - [12/Oct/2025:03:40:13 +0200] "GET /ort/hebamme-anja-hoelzl/ HTTP/1.1" 200 7781 "-" "Mozilla/5.0 (compatible; SemrushBot/7~bl; +http://www.semrush.com/bot.html)"
66.249.68.133 - - [12/Oct/2025:03:40:13 +0200] "GET /item/18004038 HTTP/1.1" 200 29249 "-" "Mozilla/5.0 (Linux; Android 6.0.1; Nexus 5X Build/MMB29P) AppleWebKit/537.36 (KHTML, like Gecko) Chrome/140.0.7339.207 Mobile Safari/537.36 (compatible; Googlebot/2.1; +http://www.google.com/bot.html)"
20.171.207.200 - - [12/Oct/2025:03:40:14 +0200] "GET /item/17793594 HTTP/1.1" 200 4420 "-" "Mozilla/5.0 AppleWebKit/537.36 (KHTML, like Gecko; compatible; GPTBot/1.2; +https://openai.com/gptbot)"
182.22.28.97 - - [12/Oct/2025:03:40:14 +0200] "GET /item/16101958 HTTP/1.1" 200 28632 "-" "Y!J-ASR/1.0 crawler (https://support.yahoo-net.jp/PccSearch/s/article/H000007955)"
20.171.207.200 - - [12/Oct/2025:03:40:17 +0200] "GET /item/19756378 HTTP/1.1" 200 4420 "-" "Mozilla/5.0 AppleWebKit/537.36 (KHTML, like Gecko; compatible; GPTBot/1.2; +https://openai.com/gptbot)"
182.22.28.124 - - [12/Oct/2025:03:40:19 +0200] "GET /item/16190710 HTTP/1.1" 200 30258 "-" "Y!J-ASR/1.0 crawler (https://support.yahoo-net.jp/PccSearch/s/article/H000007955)"
20.171.207.200 - - [12/Oct/2025:03:40:20 +0200] "GET /item/24086118 HTTP/1.1" 200 4420 "-" "Mozilla/5.0 AppleWebKit/537.36 (KHTML, like Gecko; compatible; GPTBot/1.2; +https://openai.com/gptbot)"
182.22.28.102 - - [12/Oct/2025:03:40:23 +0200] "GET /item/23382062 HTTP/1.1" 200 26924 "-" "Y!J-ASR/1.0 crawler (https://support.yahoo-net.jp/PccSearch/s/article/H000007955)"
20.171.207.200 - - [12/Oct/2025:03:40:24 +0200] "GET /item/16133054?path=/data/www HTTP/1.1" 200 3019 "-" "Mozilla/5.0 AppleWebKit/537.36 (KHTML, like Gecko; compatible; GPTBot/1.2; +https://openai.com/gptbot)"
20.171.207.200 - - [12/Oct/2025:03:40:27 +0200] "GET /item/17793594?path=/data/www HTTP/1.1" 200 3019 "-" "Mozilla/5.0 AppleWebKit/537.36 (KHTML, like Gecko; compatible; GPTBot/1.2; +https://openai.com/gptbot)"
182.22.28.99 - - [12/Oct/2025:03:40:27 +0200] "GET /item/17150038 HTTP/1.1" 200 28752 "-" "Y!J-ASR/1.0 crawler (https://support.yahoo-net.jp/PccSearch/s/article/H000007955)"
20.171.207.200 - - [12/Oct/2025:03:40:30 +0200] "GET /item/19756378?path=/data/www HTTP/1.1" 200 3019 "-" "Mozilla/5.0 AppleWebKit/537.36 (KHTML, like Gecko; compatible; GPTBot/1.2; +https://openai.com/gptbot)"
182.22.28.99 - - [12/Oct/2025:03:40:31 +0200] "GET /item/25260146 HTTP/1.1" 200 27252 "-" "Y!J-ASR/1.0 crawler (https://support.yahoo-net.jp/PccSearch/s/article/H000007955)"
20.171.207.200 - - [12/Oct/2025:03:40:33 +0200] "GET /item/24847798?path=/data/www HTTP/1.1" 200 3019 "-" "Mozilla/5.0 AppleWebKit/537.36 (KHTML, like Gecko; compatible; GPTBot/1.2; +https://openai.com/gptbot)"
114.119.153.11 - - [12/Oct/2025:03:40:34 +0200] "GET /ort/starnberger-see/ HTTP/1.1" 200 7781 "https://www.welove.family/ort/starnberger-see/" "Mozilla/5.0 (Linux; Android 7.0;) AppleWebKit/537.36 (KHTML, like Gecko) Mobile Safari/537.36 (compatible; PetalBot;+https://webmaster.petalsearch.com/site/petalbot)"
182.22.28.100 - - [12/Oct/2025:03:40:35 +0200] "GET /item/15857902 HTTP/1.1" 200 26427 "-" "Y!J-ASR/1.0 crawler (https://support.yahoo-net.jp/PccSearch/s/article/H000007955)"
20.171.207.200 - - [12/Oct/2025:03:40:36 +0200] "GET /item/24086118?path=/data/www HTTP/1.1" 200 3019 "-" "Mozilla/5.0 AppleWebKit/537.36 (KHTML, like Gecko; compatible; GPTBot/1.2; +https://openai.com/gptbot)"
20.171.207.200 - - [12/Oct/2025:03:40:39 +0200] "GET /item/17793594?path=/data/www/welovefamily.at HTTP/1.1" 200 3035 "-" "Mozilla/5.0 AppleWebKit/537.36 (KHTML, like Gecko; compatible; GPTBot/1.2; +https://openai.com/gptbot)"
182.22.28.92 - - [12/Oct/2025:03:40:39 +0200] "GET /item/26483874 HTTP/1.1" 200 29074 "-" "Y!J-ASR/1.0 crawler (https://support.yahoo-net.jp/PccSearch/s/article/H000007955)"
20.171.207.200 - - [12/Oct/2025:03:40:42 +0200] "GET /item/24086118?path=/data/www/welovefamily.at HTTP/1.1" 200 3035 "-" "Mozilla/5.0 AppleWebKit/537.36 (KHTML, like Gecko; compatible; GPTBot/1.2; +https://openai.com/gptbot)"
182.22.28.112 - - [12/Oct/2025:03:40:44 +0200] "GET /item/25863098 HTTP/1.1" 200 26579 "-" "Y!J-ASR/1.0 crawler (https://support.yahoo-net.jp/PccSearch/s/article/H000007955)"
20.171.207.200 - - [12/Oct/2025:03:40:45 +0200] "GET /item/16133054?path=/data/www/welovefamily.at HTTP/1.1" 200 3035 "-" "Mozilla/5.0 AppleWebKit/537.36 (KHTML, like Gecko; compatible; GPTBot/1.2; +https://openai.com/gptbot)"
66.249.68.132 - - [12/Oct/2025:03:40:47 +0200] "GET / HTTP/1.1" 200 29777 "-" "Mozilla/5.0 (compatible; Googlebot/2.1; +http://www.google.com/bot.html)"
182.22.28.98 - - [12/Oct/2025:03:40:48 +0200] "GET /item/15843010 HTTP/1.1" 200 25605 "-" "Y!J-ASR/1.0 crawler (https://support.yahoo-net.jp/PccSearch/s/article/H000007955)"
20.171.207.200 - - [12/Oct/2025:03:40:48 +0200] "GET /item/19756378?path=/data/www/welovefamily.at HTTP/1.1" 200 3035 "-" "Mozilla/5.0 AppleWebKit/537.36 (KHTML, like Gecko; compatible; GPTBot/1.2; +https://openai.com/gptbot)"
20.171.207.200 - - [12/Oct/2025:03:40:52 +0200] "GET /item/17793594?path=/ HTTP/1.1" 200 3001 "-" "Mozilla/5.0 AppleWebKit/537.36 (KHTML, like Gecko; compatible; GPTBot/1.2; +https://openai.com/gptbot)"
182.22.28.79 - - [12/Oct/2025:03:40:52 +0200] "GET /item/18124398 HTTP/1.1" 200 27126 "-" "Y!J-ASR/1.0 crawler (https://support.yahoo-net.jp/PccSearch/s/article/H000007955)"
20.171.207.200 - - [12/Oct/2025:03:40:55 +0200] "GET /item/16133054?path=/ HTTP/1.1" 200 3001 "-" "Mozilla/5.0 AppleWebKit/537.36 (KHTML, like Gecko; compatible; GPTBot/1.2; +https://openai.com/gptbot)"
182.22.28.124 - - [12/Oct/2025:03:40:56 +0200] "GET /item/16845458 HTTP/1.1" 200 26451 "-" "Y!J-ASR/1.0 crawler (https://support.yahoo-net.jp/PccSearch/s/article/H000007955)"
20.171.207.200 - - [12/Oct/2025:03:40:58 +0200] "GET /item/19756378?path=/ HTTP/1.1" 200 3001 "-" "Mozilla/5.0 AppleWebKit/537.36 (KHTML, like Gecko; compatible; GPTBot/1.2; +https://openai.com/gptbot)"
66.249.68.132 - - [12/Oct/2025:03:40:58 +0200] "GET /item/20132750 HTTP/1.1" 200 29186 "-" "Mozilla/5.0 (Linux; Android 6.0.1; Nexus 5X Build/MMB29P) AppleWebKit/537.36 (KHTML, like Gecko) Chrome/140.0.7339.207 Mobile Safari/537.36 (compatible; Googlebot/2.1; +http://www.google.com/bot.html)"
66.249.68.132 - - [12/Oct/2025:03:40:59 +0200] "GET /item/19315658 HTTP/1.1" 200 25526 "-" "Mozilla/5.0 (Linux; Android 6.0.1; Nexus 5X Build/MMB29P) AppleWebKit/537.36 (KHTML, like Gecko) Chrome/140.0.7339.207 Mobile Safari/537.36 (compatible; Googlebot/2.1; +http://www.google.com/bot.html)"
20.171.207.200 - - [12/Oct/2025:03:41:01 +0200] "GET /item/24086118?path=/ HTTP/1.1" 200 3001 "-" "Mozilla/5.0 AppleWebKit/537.36 (KHTML, like Gecko; compatible; GPTBot/1.2; +https://openai.com/gptbot)"
182.22.28.78 - - [12/Oct/2025:03:41:01 +0200] "GET /item/25385410 HTTP/1.1" 200 28925 "-" "Y!J-ASR/1.0 crawler (https://support.yahoo-net.jp/PccSearch/s/article/H000007955)"
20.171.207.200 - - [12/Oct/2025:03:41:04 +0200] "GET /item/15985478 HTTP/1.1" 200 4420 "-" "Mozilla/5.0 AppleWebKit/537.36 (KHTML, like Gecko; compatible; GPTBot/1.2; +https://openai.com/gptbot)"
185.191.171.10 - - [12/Oct/2025:03:41:04 +0200] "GET /feriencheckliste-urlaub/ HTTP/1.1" 404 58262 "-" "Mozilla/5.0 (compatible; SemrushBot/7~bl; +http://www.semrush.com/bot.html)"
182.22.28.113 - - [12/Oct/2025:03:41:05 +0200] "GET /item/17056486 HTTP/1.1" 200 25578 "-" "Y!J-ASR/1.0 crawler (https://support.yahoo-net.jp/PccSearch/s/article/H000007955)"
20.171.207.200 - - [12/Oct/2025:03:41:07 +0200] "GET /item/14987370 HTTP/1.1" 200 4420 "-" "Mozilla/5.0 AppleWebKit/537.36 (KHTML, like Gecko; compatible; GPTBot/1.2; +https://openai.com/gptbot)"
182.22.28.76 - - [12/Oct/2025:03:41:09 +0200] "GET /item/16222922 HTTP/1.1" 200 30723 "-" "Y!J-ASR/1.0 crawler (https://support.yahoo-net.jp/PccSearch/s/article/H000007955)"
20.171.207.200 - - [12/Oct/2025:03:41:10 +0200] "GET /item/22756814 HTTP/1.1" 200 4420 "-" "Mozilla/5.0 AppleWebKit/537.36 (KHTML, like Gecko; compatible; GPTBot/1.2; +https://openai.com/gptbot)"
182.22.28.121 - - [12/Oct/2025:03:41:13 +0200] "GET /item/17628210 HTTP/1.1" 200 25955 "-" "Y!J-ASR/1.0 crawler (https://support.yahoo-net.jp/PccSearch/s/article/H000007955)"
20.171.207.200 - - [12/Oct/2025:03:41:14 +0200] "GET /item/17612490 HTTP/1.1" 200 4420 "-" "Mozilla/5.0 AppleWebKit/537.36 (KHTML, like Gecko; compatible; GPTBot/1.2; +https://openai.com/gptbot)"
80.77.122.119 - - [12/Oct/2025:03:41:17 +0200] "GET / HTTP/1.1" 404 58299 "-" "Neticle Crawler v1.0 ( https://neticle.com/bot/en/ )"
